{"id":167,"date":"2019-02-17T11:40:37","date_gmt":"2019-02-17T11:40:37","guid":{"rendered":"http:\/\/uni.hi.is\/annahulda\/?page_id=167"},"modified":"2019-02-18T11:37:08","modified_gmt":"2019-02-18T11:37:08","slug":"teaching","status":"publish","type":"page","link":"https:\/\/uni.hi.is\/annahulda\/teaching\/","title":{"rendered":"Teaching"},"content":{"rendered":"<p><a href=\"http:\/\/uni.hi.is\/annahulda\/teaching\/haskolinn-i-reykjavik\/\">H\u00e1sk\u00f3linn \u00ed Reykjav\u00edk \/ University of Reykjavik<\/a><\/p>\n<p><a href=\"http:\/\/uni.hi.is\/annahulda\/teaching\/university-of-iceland-2\/\">H\u00e1sk\u00f3li \u00cdslands \/ University of Iceland<\/a><\/p>\n<p><a href=\"http:\/\/uni.hi.is\/annahulda\/teaching\/university-of-iceland\/\">Endurmenntun<\/a><\/p>\n","protected":false},"excerpt":{"rendered":"<p>H\u00e1sk\u00f3linn \u00ed Reykjav\u00edk \/ University of Reykjavik H\u00e1sk\u00f3li \u00cdslands \/ University of Iceland Endurmenntun<\/p>\n","protected":false},"author":1493,"featured_media":0,"parent":0,"menu_order":0,"comment_status":"closed","ping_status":"closed","template":"","meta":{"footnotes":""},"class_list":["post-167","page","type-page","status-publish","hentry"],"_links":{"self":[{"href":"https:\/\/uni.hi.is\/annahulda\/wp-json\/wp\/v2\/pages\/167","targetHints":{"allow":["GET"]}}],"collection":[{"href":"https:\/\/uni.hi.is\/annahulda\/wp-json\/wp\/v2\/pages"}],"about":[{"href":"https:\/\/uni.hi.is\/annahulda\/wp-json\/wp\/v2\/types\/page"}],"author":[{"embeddable":true,"href":"https:\/\/uni.hi.is\/annahulda\/wp-json\/wp\/v2\/users\/1493"}],"replies":[{"embeddable":true,"href":"https:\/\/uni.hi.is\/annahulda\/wp-json\/wp\/v2\/comments?post=167"}],"version-history":[{"count":4,"href":"https:\/\/uni.hi.is\/annahulda\/wp-json\/wp\/v2\/pages\/167\/revisions"}],"predecessor-version":[{"id":192,"href":"https:\/\/uni.hi.is\/annahulda\/wp-json\/wp\/v2\/pages\/167\/revisions\/192"}],"wp:attachment":[{"href":"https:\/\/uni.hi.is\/annahulda\/wp-json\/wp\/v2\/media?parent=167"}],"curies":[{"name":"wp","href":"https:\/\/api.w.org\/{rel}","templated":true}]}}