{"id":81,"date":"2010-08-24T20:39:19","date_gmt":"2010-08-24T20:39:19","guid":{"rendered":"http:\/\/uni.hi.is\/armannja\/?page_id=81"},"modified":"2022-11-10T09:47:53","modified_gmt":"2022-11-10T09:47:53","slug":"kennsla","status":"publish","type":"page","link":"https:\/\/uni.hi.is\/armannja\/kennsla\/","title":{"rendered":"Kennsla"},"content":{"rendered":"<p><strong>I. <em>Doktorsnemar<\/em><\/strong><\/p>\n<p>\u00c9g lei\u00f0beini n\u00fa fj\u00f3rum doktorsnemum og sit \u00ed fj\u00f3rum doktorsnefndum.<\/p>\n<p>Andrew McGillivray var\u00f0i doktorsritger\u00f0 s\u00edna fr\u00e1 H\u00e1sk\u00f3la \u00cdslands 23. n\u00f3v. 2015. Sean Lawing var\u00f0i doktorsritger\u00f0 s\u00edna 25. apr\u00edl 2016. Christopher Crocker var\u00f0i doktorsritger\u00f0 s\u00edna 7. okt\u00f3ber 2016.\u00a0\u00de\u00f3rd\u00eds Edda J\u00f3hannesd\u00f3ttir var\u00f0i doktorsritger\u00f0 s\u00edna 7. n\u00f3v. 2016. Arngr\u00edmur V\u00eddal\u00edn var\u00f0i doktorsritger\u00f0 s\u00edna 2. n\u00f3vember 2017. Yoav Tirosh var\u00f0i doktorsritger\u00f0 s\u00edna 29. okt\u00f3ber 2019.<\/p>\n<p>T\u00edu doktorsverkefni sem \u00e9g hef haft umsj\u00f3n me\u00f0 hafa hloti\u00f0 styrki fr\u00e1 Rann\u00eds, H\u00e1sk\u00f3la \u00cdslands e\u00f0a \u00f6\u00f0rum.<\/p>\n<p>&nbsp;<\/p>\n<p><strong>II. <em>BA- og meistarapr\u00f3fsritger\u00f0ir<\/em><\/strong><\/p>\n<p>\u00c9g hef alls lei\u00f0beinti 74 meistarapr\u00f3fsritger\u00f0um og BA-ritger\u00f0um. Unni\u00f0 er a\u00f0 \u00feremur lokaritger\u00f0um undir minni lei\u00f0s\u00f6gn. Einkum lei\u00f0beini \u00e9g ritger\u00f0um um mi\u00f0aldab\u00f3kmenntir en einnig \u00ed ritlist, \u00edslenskukennslu og um barnab\u00f3kmenntir.<\/p>\n<p>&nbsp;<\/p>\n<p><strong style=\"line-height: 1.5em\">III.<em>\u00a0<\/em><\/strong><strong><em>\u00a0N\u00e1mskei\u00f0<\/em><\/strong><\/p>\n<p><span style=\"line-height: 1.5\">\u00c9g kenni reglulega<\/span>\u00a0inngangsn\u00e1mskei\u00f0in \u00cdslensk b\u00f3kmenntasaga (fyrri hluti) og Mi\u00f0aldab\u00f3kmenntir \u00e1 fyrsta \u00e1ri \u00ed \u00edslensku.<\/p>\n<p>N\u00e6sta haust (2022) kenni \u00e9g n\u00e1mskei\u00f0i\u00f0 Nj\u00e1ls saga (\u00cdSL 510G).<\/p>\n<p>\u00de\u00e1 hef \u00e9g kennt \u00ed Viking and Medieval Norse og lei\u00f0beini nemendum \u00fear og \u00ed ritlist, auk nemenda \u00ed \u00edslenskum b\u00f3kmenntum.<\/p>\n<p>\u00c9g hef kennt \u00e1tta fj\u00f6ls\u00f3tt n\u00e1mskei\u00f0 vi\u00f0 Endurmenntun H\u00e1sk\u00f3la \u00cdslands, hi\u00f0 seinasta vori\u00f0 2022.<\/p>\n<p>&nbsp;<\/p>\n","protected":false},"excerpt":{"rendered":"<p>I. Doktorsnemar \u00c9g lei\u00f0beini n\u00fa fj\u00f3rum doktorsnemum og sit \u00ed fj\u00f3rum doktorsnefndum. Andrew McGillivray var\u00f0i doktorsritger\u00f0 s\u00edna fr\u00e1 H\u00e1sk\u00f3la \u00cdslands 23. n\u00f3v. 2015. Sean Lawing var\u00f0i doktorsritger\u00f0 s\u00edna 25. apr\u00edl 2016. Christopher Crocker var\u00f0i doktorsritger\u00f0 s\u00edna 7. okt\u00f3ber 2016.\u00a0\u00de\u00f3rd\u00eds Edda &hellip; <a href=\"https:\/\/uni.hi.is\/armannja\/kennsla\/\">Halda \u00e1fram a\u00f0 lesa <span class=\"meta-nav\">&rarr;<\/span><\/a><\/p>\n","protected":false},"author":125,"featured_media":0,"parent":0,"menu_order":3,"comment_status":"closed","ping_status":"closed","template":"","meta":{"footnotes":""},"class_list":["post-81","page","type-page","status-publish","hentry"],"_links":{"self":[{"href":"https:\/\/uni.hi.is\/armannja\/wp-json\/wp\/v2\/pages\/81","targetHints":{"allow":["GET"]}}],"collection":[{"href":"https:\/\/uni.hi.is\/armannja\/wp-json\/wp\/v2\/pages"}],"about":[{"href":"https:\/\/uni.hi.is\/armannja\/wp-json\/wp\/v2\/types\/page"}],"author":[{"embeddable":true,"href":"https:\/\/uni.hi.is\/armannja\/wp-json\/wp\/v2\/users\/125"}],"replies":[{"embeddable":true,"href":"https:\/\/uni.hi.is\/armannja\/wp-json\/wp\/v2\/comments?post=81"}],"version-history":[{"count":61,"href":"https:\/\/uni.hi.is\/armannja\/wp-json\/wp\/v2\/pages\/81\/revisions"}],"predecessor-version":[{"id":550,"href":"https:\/\/uni.hi.is\/armannja\/wp-json\/wp\/v2\/pages\/81\/revisions\/550"}],"wp:attachment":[{"href":"https:\/\/uni.hi.is\/armannja\/wp-json\/wp\/v2\/media?parent=81"}],"curies":[{"name":"wp","href":"https:\/\/api.w.org\/{rel}","templated":true}]}}