{"id":41,"date":"2011-02-09T20:07:51","date_gmt":"2011-02-09T20:07:51","guid":{"rendered":"http:\/\/uni.hi.is\/astahj\/?page_id=41"},"modified":"2011-02-20T21:20:44","modified_gmt":"2011-02-20T21:20:44","slug":"eldgos2","status":"publish","type":"page","link":"https:\/\/uni.hi.is\/astahj\/myndir\/eldgos2\/","title":{"rendered":"Eruption in Eyjafjallaj\u00f6kull"},"content":{"rendered":"<p><figure id=\"attachment_42\" aria-describedby=\"caption-attachment-42\" style=\"width: 150px\" class=\"wp-caption alignleft\"><a href=\"https:\/\/picasaweb.google.com\/112694929848961757573\/VinnuferAFimmvorUhals7April2010#\" target=\"_blank\"><img loading=\"lazy\" decoding=\"async\" class=\"size-thumbnail wp-image-42\" title=\"Fimmv\u00f6r\u00f0uh\u00e1ls\" src=\"http:\/\/uni.hi.is\/astahj\/files\/2011\/02\/Fimmv\u00f6r\u00f0uh\u00e1ls2-150x150.jpg\" alt=\"\" width=\"150\" height=\"150\" \/><\/a><figcaption id=\"caption-attachment-42\" class=\"wp-caption-text\">Fimmv\u00f6r\u00f0uh\u00e1ls April 7 2010<\/figcaption><\/figure><\/p>\n<figure id=\"attachment_43\" aria-describedby=\"caption-attachment-43\" style=\"width: 150px\" class=\"wp-caption alignleft\"><a href=\"http:\/\/uni.hi.is\/astahj\/files\/2011\/02\/Fimmvorduh\u00e1ls31mars1.jpg\"><img loading=\"lazy\" decoding=\"async\" class=\"size-thumbnail wp-image-43\" title=\"Fimmvorduh\u00e1ls31mars\" src=\"http:\/\/uni.hi.is\/astahj\/files\/2011\/02\/Fimmvorduh\u00e1ls31mars1-150x150.jpg\" alt=\"Eldgos \u00e1 Fimmv\u00f6r\u00f0uh\u00e1lsi 31. mars 2010\" width=\"150\" height=\"150\" \/><\/a><figcaption id=\"caption-attachment-43\" class=\"wp-caption-text\">Fimmv\u00f6r\u00f0uh\u00e1ls March 31 2010<\/figcaption><\/figure>\n<p><figure id=\"attachment_44\" aria-describedby=\"caption-attachment-44\" style=\"width: 150px\" class=\"wp-caption alignleft\"><a href=\"https:\/\/picasaweb.google.com\/112694929848961757573\/LandhelgisgSluflug31Mars2010#\" target=\"_blank\"><img loading=\"lazy\" decoding=\"async\" class=\"size-thumbnail wp-image-44\" title=\"Fimmv\u00f6rduh\u00e1lsFlug\" src=\"http:\/\/uni.hi.is\/astahj\/files\/2011\/02\/Fimmv\u00f6rduh\u00e1lsFlug1-150x150.jpg\" alt=\"Flug me\u00f0 Landhelgisg\u00e6slunni yfir Fimmv\u00f6r\u00f0uh\u00e1ls 31. mars 2010\" width=\"150\" height=\"150\" \/><\/a><figcaption id=\"caption-attachment-44\" class=\"wp-caption-text\">Fimmv\u00f6r\u00f0uh\u00e1ls flight March 31 2010<\/figcaption><\/figure><\/p>","protected":false},"excerpt":{"rendered":"","protected":false},"author":616,"featured_media":0,"parent":28,"menu_order":0,"comment_status":"closed","ping_status":"closed","template":"","meta":{"footnotes":""},"class_list":["post-41","page","type-page","status-publish","hentry"],"_links":{"self":[{"href":"https:\/\/uni.hi.is\/astahj\/wp-json\/wp\/v2\/pages\/41","targetHints":{"allow":["GET"]}}],"collection":[{"href":"https:\/\/uni.hi.is\/astahj\/wp-json\/wp\/v2\/pages"}],"about":[{"href":"https:\/\/uni.hi.is\/astahj\/wp-json\/wp\/v2\/types\/page"}],"author":[{"embeddable":true,"href":"https:\/\/uni.hi.is\/astahj\/wp-json\/wp\/v2\/users\/616"}],"replies":[{"embeddable":true,"href":"https:\/\/uni.hi.is\/astahj\/wp-json\/wp\/v2\/comments?post=41"}],"version-history":[{"count":9,"href":"https:\/\/uni.hi.is\/astahj\/wp-json\/wp\/v2\/pages\/41\/revisions"}],"predecessor-version":[{"id":89,"href":"https:\/\/uni.hi.is\/astahj\/wp-json\/wp\/v2\/pages\/41\/revisions\/89"}],"up":[{"embeddable":true,"href":"https:\/\/uni.hi.is\/astahj\/wp-json\/wp\/v2\/pages\/28"}],"wp:attachment":[{"href":"https:\/\/uni.hi.is\/astahj\/wp-json\/wp\/v2\/media?parent=41"}],"curies":[{"name":"wp","href":"https:\/\/api.w.org\/{rel}","templated":true}]}}