{"id":153,"date":"2010-10-16T15:24:44","date_gmt":"2010-10-16T15:24:44","guid":{"rendered":"http:\/\/uni.hi.is\/astra\/?page_id=153"},"modified":"2025-05-20T10:05:19","modified_gmt":"2025-05-20T10:05:19","slug":"b%c3%a6kur-og-ritstjorn","status":"publish","type":"page","link":"https:\/\/uni.hi.is\/astra\/ritaskra\/b%c3%a6kur-og-ritstjorn\/","title":{"rendered":"B\u00e6kur og ritstj\u00f3rn"},"content":{"rendered":"<p><strong>B\u00e6kur:<br \/>\n<\/strong><\/p>\n<p><em>The Concept of Modernism<\/em>. Ithaca og London: Cornell University Press 1990 (265 bls.). Kilju\u00fatg\u00e1fa birtist hj\u00e1 sama forlagi 1992.<\/p>\n<p><em>Tv\u00edm\u00e6li. \u00de\u00fd\u00f0ingar og b\u00f3kmenntir.<\/em> Reykjav\u00edk: B\u00f3kmenntafr\u00e6\u00f0istofnun og H\u00e1sk\u00f3la\u00fatg\u00e1fan 1996 (307 bls.).<\/p>\n<p><em>Umbrot. B\u00f3kmenntir og n\u00fat\u00edmi.<\/em> Reykjav\u00edk: H\u00e1sk\u00f3la\u00fatg\u00e1fan 1999 (485 bls.).<\/p>\n<p><em>Heimur sk\u00e1lds\u00f6gunnar.<\/em> Ritstj\u00f3ri \u00c1str\u00e1\u00f0ur Eysteinsson. Reykjav\u00edk: B\u00f3kmenntafr\u00e6\u00f0istofnun H\u00e1sk\u00f3la \u00cdslands 2001 (342 bls.).<\/p>\n<p><em>Heimur lj\u00f3\u00f0sins.<\/em> Ritstj\u00f3rar \u00c1str\u00e1\u00f0ur Eysteinsson, Dagn\u00fd Kristj\u00e1nsd\u00f3ttir og Sveinn Yngvi Egilsson. Reykjav\u00edk: B\u00f3kmenntafr\u00e6\u00f0istofnun H\u00e1sk\u00f3la \u00cdslands 2005 (350 bls.).<\/p>\n<p><em>Translation \u2014 Theory and Practice: A Historical Reader.<\/em> Ritstj\u00f3rar \u00c1str\u00e1\u00f0ur Eysteinsson og Daniel Weissbort. Oxford: Oxford University Press 2006 (649 bls.).<\/p>\n<p><em>The Cultural Reconstruction of Places. <\/em>Ritstj\u00f3ri \u00c1str\u00e1\u00f0ur Eysteinsson. Reykjav\u00edk: University of Iceland Press 2006 (224 bls.).<\/p>\n<p><em>Modernism. <\/em>Ritstj\u00f3rar \u00c1str\u00e1\u00f0ur Eysteinsson og Vivian Liska. International Comparative Literature Association, Amsterdam\/Philadelphia: John Benjamins 2007 (tv\u00f6 bindi, 1043 bls.).<\/p>\n<p><em>Nordic Responses. Translation, History, Literary Culture<\/em>. Ritstj\u00f3rar Jakob Lothe, \u00c1str\u00e1\u00f0ur Eysteinsson og Mats Jansson. Oslo: Novus Press 2014 (245 bls.).<\/p>\n<p><em>Or\u00f0askil. \u00cd heimi \u00fe\u00fd\u00f0inga<\/em>.\u00a0B\u00f3kmennta- og listfr\u00e6\u00f0astofnun H\u00e1sk\u00f3la \u00cdslands og H\u00e1sk\u00f3la\u00fatg\u00e1fan 2017 (406 bls.).<\/p>\n<p>Einar Bragi: <em>Lj\u00f3\u00f0asafn<\/em> I. <em>Frumort lj\u00f3\u00f0<\/em> og <em>Lj\u00f3\u00f0asafn<\/em> II. <em>Lj\u00f3\u00f0a\u00fe\u00fd\u00f0ingar<\/em>. \u00c1str\u00e1\u00f0ur Eysteinsson valdi lj\u00f3\u00f0in og rita\u00f0i inngang. Ritstj\u00f3rar A\u00f0alsteinn \u00c1sberg Sigur\u00f0sson og \u00c1str\u00e1\u00f0ur Eysteinsson. Reykjav\u00edk: Dimma 2021 (249+264 bls.).<\/p>\n<p>Edgar Allan Poe: <em>Kv\u00e6\u00f0i og s\u00f6gur<\/em>. Ritstj\u00f3rar A\u00f0alsteinn \u00c1sberg Sigur\u00f0sson og \u00c1str\u00e1\u00f0ur Eysteinsson. Reykjav\u00edk: Dimma 2023 (498 bls.).<\/p>\n<p><em>Fararefni. \u00deing um \u00deorstein fr\u00e1 Hamri <\/em>[t\u00f3lf greinar eftir jafnmarga h\u00f6funda]. Ritstj\u00f3ri \u00c1str\u00e1\u00f0ur Eysteinsson. Reykjav\u00edk: M\u00e1l og menning 2024 (192 bls.).<\/p>\n<p>&nbsp;<\/p>\n<p>Auk \u00feess \u00fe\u00fdddar b\u00e6kur (sj\u00e1\u00a0\u201e<a href=\"https:\/\/uni.hi.is\/astra\/thydingar\/\">\u00de\u00fd\u00f0ingar<\/a>\u201c).<\/p>\n<p>&nbsp;<\/p>\n<p><strong>\u00d6nnur fr\u00e6\u00f0ileg ritstj\u00f3rn t\u00edmarita og stakra b\u00f3ka<\/strong>:<\/p>\n<p>Ritstj\u00f3ri <em>Sk\u00edrnis. T\u00edmarits hins \u00edslenska b\u00f3kmenntaf\u00e9lags<\/em> (\u00e1samt Vilhj\u00e1lmi \u00c1rnasyni) 1989-1994 (sex \u00e1rgangar; t\u00f3lf hefti).<\/p>\n<p>Ritstj\u00f3ri <em>Nordisk litteratur<\/em> (einn af fimm ritstj.) 1994-1997 (\u00e1rsrit, fj\u00f3rir \u00e1rgangar).<\/p>\n<p>Ritstj\u00f3ri <em>J\u00f3ns \u00e1 B\u00e6gis\u00e1. T\u00edmarits um \u00fe\u00fd\u00f0ingar<\/em> (\u00e1samt Gauta Kristmannssyni), 15. hefti 2016 og 16. hefti 2019.<\/p>\n<p>Ritstj\u00f3ri <em>Ritsins. T\u00edmarits Hugv\u00edsindastofnunar<\/em>, 1. hefti 2025. S\u00e9rhefti: <em>Heimur sm\u00e1s\u00f6gunnar. <\/em>Ritstj\u00f3rar: \u00c1sd\u00eds R\u00f3sa Magn\u00fasd\u00f3ttir, \u00c1str\u00e1\u00f0ur Eysteinsson, Krist\u00edn Gu\u00f0r\u00fan J\u00f3nsd\u00f3ttir og R\u00fanar Helgi Vignisson; fastaritstj\u00f3ri t\u00edmaritsins: Gu\u00f0r\u00fan Stein\u00fe\u00f3rsd\u00f3ttir).<\/p>\n<p>&nbsp;<\/p>\n<p>Hulda: <em>Lj\u00f3\u00f0 og laust m\u00e1l. \u00darval<\/em>. Gu\u00f0r\u00fan Bjartmarsd\u00f3ttir valdi efni\u00f0; inngangur e. Gu\u00f0r\u00fanu Bjartmarsd\u00f3ttur og Ragnhildi Richter. \u00cdslensk rit 9 (ritstj\u00f3rn: Dav\u00ed\u00f0 Erlingsson, Nj\u00f6r\u00f0ur P. Njar\u00f0v\u00edk og \u00c1str\u00e1\u00f0ur Eysteinsson). Reykjav\u00edk: B\u00f3kmenntafr\u00e6\u00f0istofnun H\u00e1sk\u00f3la \u00cdslands og Menningarsj\u00f3\u00f0ur 1990.<\/p>\n<p><em>Spor \u00ed b\u00f3kmenntafr\u00e6\u00f0i 20. aldar. Fr\u00e1 Shklovsk\u00edj til Foucault<\/em>. Ritstj\u00f3rn: Gar\u00f0ar Baldvinsson, Krist\u00edn Birgisd\u00f3ttir og Krist\u00edn Vi\u00f0arsd\u00f3ttir. Umsj\u00f3n me\u00f0 \u00fatg\u00e1fu: \u00c1str\u00e1\u00f0ur Eysteinsson. (B\u00f3k 7 \u00ed ritr\u00f6\u00f0inni <em>Fr\u00e6\u00f0irit<\/em>, ritstj. \u00c1str\u00e1\u00f0ur Eysteinsson og Matth\u00edas Vi\u00f0ar S\u00e6mundsson.) Reykjav\u00edk: B\u00f3kmenntafr\u00e6\u00f0istofnun H\u00e1sk\u00f3la \u00cdslands 1991.<\/p>\n<p><em><em>Yfirl\u00fdsingar<\/em>. Evr\u00f3pska fram\u00farstefnan. <\/em>Benedikt Hjartarson valdi efni og rita\u00f0i inngang. \u00de\u00fd\u00f0endur \u00c1ki G. Karlsson, \u00c1rni Bergmann og Benedikt Hjartarson. Umsj\u00f3n me\u00f0 \u00fatg\u00e1fu: \u00c1str\u00e1\u00f0ur Eysteinsson. Reykjav\u00edk: Hi\u00f0 \u00edslenska b\u00f3kmenntaf\u00e9lag (L\u00e6rd\u00f3msrit B\u00f3kmenntaf\u00e9lagsins) 2001.<\/p>\n<p>Roland Barthes: <em>Skrifa\u00f0 vi\u00f0 n\u00fallpunkt<\/em>. \u00de\u00fd\u00f0endur Gauti Kristmannsson og Gunnar Har\u00f0arson. Ritstj\u00f3ri \u00c1str\u00e1\u00f0ur Eysteinsson. Reykjav\u00edk: B\u00f3kmenntafr\u00e6\u00f0istofnun H\u00e1sk\u00f3la \u00cdslands 2003.<\/p>\n<p>Ezra Pound: <em>S\u00f6ngvarnir fr\u00e1 P\u00edsa<\/em>. \u00de\u00fd\u00f0andi Magn\u00fas Sigur\u00f0sson. Ritstj\u00f3ri \u00c1str\u00e1\u00f0ur Eysteinsson. Reykjav\u00edk: B\u00f3kmenntafr\u00e6\u00f0istofnun H\u00e1sk\u00f3la \u00cdslands \/ H\u00e1sk\u00f3la\u00fatg\u00e1fan 2007.<\/p>\n<p>Walter Benjamin: <em>Fagurfr\u00e6\u00f0i og mi\u00f0lun. \u00darval greina og b\u00f3kakafla<\/em>. \u00ddmsir \u00fe\u00fd\u00f0endur. Ritstj\u00f3ri \u00c1str\u00e1\u00f0ur Eysteinsson.\u00a0 Reykjav\u00edk: University of Iceland Press 2008.<\/p>\n<p>Matth\u00edas Johannessen: <em>Vegur minn til \u00fe\u00edn<\/em>. \u00c1str\u00e1\u00f0ur Eysteinsson anna\u00f0ist \u00fatg\u00e1funa og rita\u00f0i eftirm\u00e1la. Reykjav\u00edk: H\u00e1sk\u00f3la\u00fatg\u00e1fan 2009.<\/p>\n<p>Manfred Peter Hein: <em>A\u00f0 ja\u00f0ri heims. Lj\u00f3\u00f0 2008-2010<\/em>. \u00de\u00fd\u00f0andi Gauti Kristmannsson. Ritstj\u00f3ri \u00c1str\u00e1\u00f0ur Eysteinsson. Reykjav\u00edk: \u00de\u00fd\u00f0ingasetur H\u00e1sk\u00f3la \u00cdslands 2015.<\/p>\n<p>Matth\u00edas Johannessen: <em>Vi\u00f0 landam\u00e6ri<\/em>. \u00c1str\u00e1\u00f0ur Eysteinsson anna\u00f0ist \u00fatg\u00e1funa og rita\u00f0i eftirm\u00e1la. Selfoss: S\u00e6mundur 2015.<\/p>\n<p>Max Frisch: <em>Loftslag<\/em> [\u00fe\u00fd. <em>Der Mensch erscheint im Holoz\u00e4n<\/em>].\u00a0\u00de\u00fd\u00f0andi J\u00f3n Bjarni Atlason. Ritstj\u00f3ri \u00c1str\u00e1\u00f0ur Eysteinsson. Reykjav\u00edk: \u00de\u00fd\u00f0ingasetur H\u00e1sk\u00f3la \u00cdslands 2017.<\/p>\n<p>Lavinia Greenlaw: <em>Kennsl<\/em>. \u00de\u00fd\u00f0andi Magn\u00fas Sigur\u00f0sson. Ritstj\u00f3rar \u00c1str\u00e1\u00f0ur Eysteinsson og A\u00f0alsteinn \u00c1sberg Sigur\u00f0sson. Reykjav\u00edk: Dimma 2019.<\/p>\n<p>Paul Muldoon: <em>Sj\u00f6 lj\u00f3\u00f0<\/em>. \u00de\u00fd\u00f0andi Sj\u00f3n. Ritstj\u00f3rar \u00c1str\u00e1\u00f0ur Eysteinsson og A\u00f0alsteinn \u00c1sberg Sigur\u00f0sson. Reykjav\u00edk: Dimma 2019.<\/p>\n<p>Simon Armitage: <em>\u00dea\u00f0an sem vi\u00f0 horfum<\/em>. \u00de\u00fd\u00f0andi Sigurbj\u00f6rg \u00derastard\u00f3ttir. Ritstj\u00f3rar \u00c1str\u00e1\u00f0ur Eysteinsson og A\u00f0alsteinn \u00c1sberg Sigur\u00f0sson. Reykjav\u00edk: Dimma 2019.<\/p>\n<p>&nbsp;<\/p>\n<p>&nbsp;<\/p>\n<p>&nbsp;<\/p>\n","protected":false},"excerpt":{"rendered":"<p>B\u00e6kur: The Concept of Modernism. Ithaca og London: Cornell University Press 1990 (265 bls.). Kilju\u00fatg\u00e1fa birtist hj\u00e1 sama forlagi 1992. Tv\u00edm\u00e6li. \u00de\u00fd\u00f0ingar og b\u00f3kmenntir. Reykjav\u00edk: B\u00f3kmenntafr\u00e6\u00f0istofnun og H\u00e1sk\u00f3la\u00fatg\u00e1fan 1996 (307 bls.). Umbrot. B\u00f3kmenntir og n\u00fat\u00edmi. Reykjav\u00edk: H\u00e1sk\u00f3la\u00fatg\u00e1fan 1999 (485 bls.). Heimur sk\u00e1lds\u00f6gunnar. Ritstj\u00f3ri \u00c1str\u00e1\u00f0ur Eysteinsson. Reykjav\u00edk: B\u00f3kmenntafr\u00e6\u00f0istofnun H\u00e1sk\u00f3la \u00cdslands 2001 (342 bls.). Heimur lj\u00f3\u00f0sins. Ritstj\u00f3rar [&hellip;]<\/p>\n","protected":false},"author":156,"featured_media":0,"parent":8,"menu_order":0,"comment_status":"closed","ping_status":"closed","template":"","meta":{"footnotes":""},"class_list":["post-153","page","type-page","status-publish","hentry"],"_links":{"self":[{"href":"https:\/\/uni.hi.is\/astra\/wp-json\/wp\/v2\/pages\/153","targetHints":{"allow":["GET"]}}],"collection":[{"href":"https:\/\/uni.hi.is\/astra\/wp-json\/wp\/v2\/pages"}],"about":[{"href":"https:\/\/uni.hi.is\/astra\/wp-json\/wp\/v2\/types\/page"}],"author":[{"embeddable":true,"href":"https:\/\/uni.hi.is\/astra\/wp-json\/wp\/v2\/users\/156"}],"replies":[{"embeddable":true,"href":"https:\/\/uni.hi.is\/astra\/wp-json\/wp\/v2\/comments?post=153"}],"version-history":[{"count":54,"href":"https:\/\/uni.hi.is\/astra\/wp-json\/wp\/v2\/pages\/153\/revisions"}],"predecessor-version":[{"id":1264,"href":"https:\/\/uni.hi.is\/astra\/wp-json\/wp\/v2\/pages\/153\/revisions\/1264"}],"up":[{"embeddable":true,"href":"https:\/\/uni.hi.is\/astra\/wp-json\/wp\/v2\/pages\/8"}],"wp:attachment":[{"href":"https:\/\/uni.hi.is\/astra\/wp-json\/wp\/v2\/media?parent=153"}],"curies":[{"name":"wp","href":"https:\/\/api.w.org\/{rel}","templated":true}]}}