{"id":44,"date":"2011-07-06T12:18:32","date_gmt":"2011-07-06T12:18:32","guid":{"rendered":"http:\/\/uni.hi.is\/audurp\/?page_id=44"},"modified":"2011-07-11T12:56:29","modified_gmt":"2011-07-11T12:56:29","slug":"skyrslur","status":"publish","type":"page","link":"https:\/\/uni.hi.is\/audurp\/ritaskra\/skyrslur\/","title":{"rendered":"Sk\u00fdrslur"},"content":{"rendered":"<h4><strong>Sk\u00fdrslur (Reports)<\/strong><\/h4>\n<p><strong><span style=\"color: #990000\">2008 <\/span><\/strong><\/p>\n<p><em>Teikn um sj\u00e1lfb\u00e6rni - menntun bygg\u00f0 \u00e1 reynslu sk\u00f3la og samf\u00e9lags<\/em>. Sk\u00fdrsla 2. Reykjav\u00edk, S\u00edmenntun, ranns\u00f3knir og r\u00e1\u00f0gj\u00f6f.<\/p>\n<p><a href=\"http:\/\/skrif.hi.is\/geta\/files\/2009\/02\/teikn_um_sjalfbaerni1.pdf\">http:\/\/skrif.hi.is\/geta\/files\/2009\/02\/teikn_um_sjalfbaerni1.pdf<\/a><\/p>\n<p><span style=\"text-decoration: underline\">Editors: Au\u00f0ur P\u00e1lsd\u00f3ttir &amp; Stef\u00e1n Bergmann.<\/span><\/p>\n<p><span style=\"text-decoration: underline\">Authors: Stef\u00e1n Bergmann, Au\u00f0ur P\u00e1lsd\u00f3ttir, Erla Kristj\u00e1nsd\u00f3ttir, Eygl\u00f3 Bj\u00f6rnsd\u00f3ttir, Gunnhildur \u00d3skarsd\u00f3ttir, Krist\u00edn Nor\u00f0dahl, Svanborg Rannveig J\u00f3nsd\u00f3ttir and \u00de\u00f3runn Reykdal. <\/span><\/p>\n<p><em>Andi sj\u00e1lfb\u00e6rrar \u00fer\u00f3unar \u00ed n\u00e1mskr\u00e1m og menntastefnu \u2013 n\u00e1um honum til jar\u00f0ar<\/em>. GETA til sj\u00e1lfb\u00e6rni \u2013 menntun til a\u00f0ger\u00f0a. Sk\u00fdrsla 1. Reykjav\u00edk, S\u00edmenntun, ranns\u00f3knir, r\u00e1\u00f0gj\u00f6f.<\/p>\n<p><a href=\"http:\/\/skrif.hi.is\/geta\/files\/2009\/02\/p4_300408.pdf\">http:\/\/skrif.hi.is\/geta\/files\/2009\/02\/p4_300408.pdf<\/a><\/p>\n<p><span style=\"text-decoration: underline\">Authors: Ing\u00f3lfur \u00c1sgeir J\u00f3hannesson, Krist\u00edn Nor\u00f0dahl, Au\u00f0ur P\u00e1lsd\u00f3ttir, Bj\u00f6rg P\u00e9tursd\u00f3ttir, Eygl\u00f3 Bj\u00f6rnsd\u00f3ttir, Gunnhildur \u00d3skarsd\u00f3ttir og \u00de\u00f3runn Reykdal.<br \/>\nEditor: Ing\u00f3lfur \u00c1sgeir J\u00f3hannesson.<\/span><\/p>\n<p>N\u00e1tt\u00farufr\u00e6\u00f0imenntun \u00e1 Sn\u00e6fellsnesi: samantektarsk\u00fdrsla. Ranns\u00f3knarverkefni\u00f0 <em>Vilji og veruleiki, <\/em>Menntav\u00edsindasvi\u00f0, H\u00e1sk\u00f3li \u00cdslands. 28 bls.<\/p>\n<p><span style=\"text-decoration: underline\">Authors: Au\u00f0ur P\u00e1lsd\u00f3ttir &amp; Allyson Macdonald.<\/span><\/p>\n<p><strong><span style=\"color: #990000\">2007<\/span><\/strong><\/p>\n<p>Evaluation of local educational office for South-Iceland, May-October 2007. Done by request of the board of the office. 45. bls. ISBN - 978-9979-793-58-8<\/p>\n<p><span style=\"text-decoration: underline\">Authors: Au\u00f0ur P\u00e1lsdottir, &amp; Eir\u00edks\u00edna Kr. \u00c1sgr\u00edmsd\u00f3ttir <\/span><\/p>\n<p>N\u00e1tt\u00farufr\u00e6\u00f0imenntun \u00e1 Sn\u00e6fellsnesi.\u00a0 Vor 2007.\u00a0 Sk\u00fdrsla 2: Grunnsk\u00f3li Grundarfjar\u00f0ar.\u00a027. bls. ISBN - 978-9979-793-72-4<\/p>\n<p><span style=\"text-decoration: underline\">Authors: Au\u00f0ur P\u00e1lsdottir, Allyson Macdonald &amp; Hrefna Sigurj\u00f3nsd\u00f3ttir <\/span><\/p>\n<p>N\u00e1tt\u00farufr\u00e6\u00f0imenntun \u00e1 Sn\u00e6fellsnesi. Vor 2007.\u00a0 Sk\u00fdrsla 3: Grunnsk\u00f3linn \u00e1 Stykkish\u00f3lmi (Sk\u00fdrsla, desember 2007). 29 bls. ISBN - 978-9979-793-73-1<\/p>\n<p><span style=\"text-decoration: underline\">Authors: Au\u00f0ur P\u00e1lsd\u00f3ttir, Allyson Macdonald &amp; Hrefna Sigurj\u00f3nsd\u00f3ttir <\/span><\/p>\n<p><span style=\"text-decoration: underline\"> <\/span><\/p>\n<p>N\u00e1tt\u00farufr\u00e6\u00f0imenntun \u00ed Reykjav\u00edk. Vor 2007. Sk\u00fdrsla 2: Fellask\u00f3li. 28 bls. ISBN - 978-9979-793-74-8.<\/p>\n<p><span style=\"text-decoration: underline\">Authors: Allyson Macdonald, Au\u00f0ur P\u00e1lsd\u00f3ttir og Svanborg R. J\u00f3nsd\u00f3ttir<\/span>.<\/p>\n<p>Vilji og veruleiki: N\u00e1tt\u00farufr\u00e6\u00f0i- og t\u00e6knimenntun \u00e1 \u00cdslandi.\u00a0 Nokkrar ni\u00f0urst\u00f6\u00f0ur, desember 2007. 12 pages.<\/p>\n<p>Project manager: Allyson Macdonald<\/p>\n<p><span style=\"text-decoration: underline\">Editors: Allyson Macdonald, Au\u00f0ur P\u00e1lsd\u00f3ttir, Bj\u00f6rg P\u00e9tursd\u00f3ttir<\/span><\/p>\n<p>N\u00e1tt\u00farufr\u00e6\u00f0imenntun \u00ed Gar\u00f0ab\u00e6. Haust 2006. Samantekt og till\u00f6gur.\u00a0 22 bls. ISBN - 978-9979-793-54-0.<\/p>\n<p><span style=\"text-decoration: underline\">Author: Au\u00f0ur P\u00e1lsd\u00f3ttir<\/span><\/p>\n<p>N\u00e1tt\u00farufr\u00e6\u00f0imenntun \u00e1 Austurlandi. Haust 2006. Sk\u00fdrsla um framahaldssk\u00f3la: Menntask\u00f3linn \u00e1 Egilsst\u00f6\u00f0u.. 28 bls. ISBN - 978-9979-793-71-7.<\/p>\n<p><span style=\"text-decoration: underline\">Author: Au\u00f0ur P\u00e1lsd\u00f3ttir, Bj\u00f6rg P\u00e9tursd\u00f3ttir og Meyvant \u00de\u00f3r\u00f3lfsson<\/span>.<\/p>\n<p><strong><span style=\"color: #990000\">2006<\/span><\/strong><\/p>\n<p>N\u00e1tt\u00farufr\u00e6\u00f0imenntun \u00ed Gar\u00f0ab\u00e6; sk\u00fdrsla 3: Sj\u00e1landssk\u00f3li (2006)<\/p>\n<p><span style=\"text-decoration: underline\">Authors: Au\u00f0ur P\u00e1lsd\u00f3ttir &amp; Stef\u00e1n Bergmann<\/span><\/p>\n<p>N\u00e1tt\u00farufr\u00e6\u00f0imenntun \u00e1 Austurlandi; sk\u00fdrsla 4:Br\u00faar\u00e1ssk\u00f3li (2006)<\/p>\n<p><span style=\"text-decoration: underline\">Authors: Allyson Macdonald &amp; Au\u00f0ur P\u00e1lsd\u00f3ttir<\/span><\/p>\n<p>N\u00e1tt\u00farufr\u00e6\u00f0imenntun \u00e1 Austurlandi; sk\u00fdrsla 7: Grunnsk\u00f3li Rey\u00f0arfjar\u00f0ar (2006)<\/p>\n<p><span style=\"text-decoration: underline\">H\u00f6fundar: Au\u00f0ur P\u00e1lsd\u00f3ttir og Haf\u00fe\u00f3r Gu\u00f0j\u00f3nsson<\/span><\/p>\n","protected":false},"excerpt":{"rendered":"<p>Sk\u00fdrslur (Reports) 2008 Teikn um sj\u00e1lfb\u00e6rni - menntun bygg\u00f0 \u00e1 reynslu sk\u00f3la og samf\u00e9lags. Sk\u00fdrsla 2. Reykjav\u00edk, S\u00edmenntun, ranns\u00f3knir og r\u00e1\u00f0gj\u00f6f. http:\/\/skrif.hi.is\/geta\/files\/2009\/02\/teikn_um_sjalfbaerni1.pdf Editors: Au\u00f0ur P\u00e1lsd\u00f3ttir &amp; Stef\u00e1n Bergmann. Authors: Stef\u00e1n Bergmann, Au\u00f0ur P\u00e1lsd\u00f3ttir, Erla Kristj\u00e1nsd\u00f3ttir, Eygl\u00f3 Bj\u00f6rnsd\u00f3ttir, Gunnhildur \u00d3skarsd\u00f3ttir, Krist\u00edn Nor\u00f0dahl, Svanborg Rannveig J\u00f3nsd\u00f3ttir and \u00de\u00f3runn Reykdal. Andi sj\u00e1lfb\u00e6rrar \u00fer\u00f3unar \u00ed n\u00e1mskr\u00e1m og menntastefnu \u2013 [&hellip;]<\/p>\n","protected":false},"author":67,"featured_media":0,"parent":33,"menu_order":0,"comment_status":"closed","ping_status":"closed","template":"","meta":{"footnotes":""},"class_list":["post-44","page","type-page","status-publish","hentry"],"_links":{"self":[{"href":"https:\/\/uni.hi.is\/audurp\/wp-json\/wp\/v2\/pages\/44","targetHints":{"allow":["GET"]}}],"collection":[{"href":"https:\/\/uni.hi.is\/audurp\/wp-json\/wp\/v2\/pages"}],"about":[{"href":"https:\/\/uni.hi.is\/audurp\/wp-json\/wp\/v2\/types\/page"}],"author":[{"embeddable":true,"href":"https:\/\/uni.hi.is\/audurp\/wp-json\/wp\/v2\/users\/67"}],"replies":[{"embeddable":true,"href":"https:\/\/uni.hi.is\/audurp\/wp-json\/wp\/v2\/comments?post=44"}],"version-history":[{"count":5,"href":"https:\/\/uni.hi.is\/audurp\/wp-json\/wp\/v2\/pages\/44\/revisions"}],"predecessor-version":[{"id":71,"href":"https:\/\/uni.hi.is\/audurp\/wp-json\/wp\/v2\/pages\/44\/revisions\/71"}],"up":[{"embeddable":true,"href":"https:\/\/uni.hi.is\/audurp\/wp-json\/wp\/v2\/pages\/33"}],"wp:attachment":[{"href":"https:\/\/uni.hi.is\/audurp\/wp-json\/wp\/v2\/media?parent=44"}],"curies":[{"name":"wp","href":"https:\/\/api.w.org\/{rel}","templated":true}]}}