{"id":47,"date":"2011-07-06T12:19:18","date_gmt":"2011-07-06T12:19:18","guid":{"rendered":"http:\/\/uni.hi.is\/audurp\/?page_id=47"},"modified":"2011-07-11T12:53:43","modified_gmt":"2011-07-11T12:53:43","slug":"ritdomar","status":"publish","type":"page","link":"https:\/\/uni.hi.is\/audurp\/ritaskra\/ritdomar\/","title":{"rendered":"Ritd\u00f3mar"},"content":{"rendered":"<p><strong>Ritd\u00f3mar (Book review)<\/strong><\/p>\n<p><strong><span style=\"color: #990000\">2008<\/span><\/strong><\/p>\n<p>Ritd\u00f3mur um b\u00f3kina <em>Mat \u00e1 sk\u00f3lastarfi: Handb\u00f3k um matsfr\u00e6\u00f0i<\/em> (H\u00f6fundur: Sigurl\u00edna Dav\u00ed\u00f0sd\u00f3ttir). <em>Uppeldi og menntun<\/em>, 17. \u00e1rgangur 2. hefti 2008.<\/p>\n","protected":false},"excerpt":{"rendered":"<p>Ritd\u00f3mar (Book review) 2008 Ritd\u00f3mur um b\u00f3kina Mat \u00e1 sk\u00f3lastarfi: Handb\u00f3k um matsfr\u00e6\u00f0i (H\u00f6fundur: Sigurl\u00edna Dav\u00ed\u00f0sd\u00f3ttir). Uppeldi og menntun, 17. \u00e1rgangur 2. hefti 2008.<\/p>\n","protected":false},"author":67,"featured_media":0,"parent":33,"menu_order":0,"comment_status":"closed","ping_status":"closed","template":"","meta":{"footnotes":""},"class_list":["post-47","page","type-page","status-publish","hentry"],"_links":{"self":[{"href":"https:\/\/uni.hi.is\/audurp\/wp-json\/wp\/v2\/pages\/47","targetHints":{"allow":["GET"]}}],"collection":[{"href":"https:\/\/uni.hi.is\/audurp\/wp-json\/wp\/v2\/pages"}],"about":[{"href":"https:\/\/uni.hi.is\/audurp\/wp-json\/wp\/v2\/types\/page"}],"author":[{"embeddable":true,"href":"https:\/\/uni.hi.is\/audurp\/wp-json\/wp\/v2\/users\/67"}],"replies":[{"embeddable":true,"href":"https:\/\/uni.hi.is\/audurp\/wp-json\/wp\/v2\/comments?post=47"}],"version-history":[{"count":3,"href":"https:\/\/uni.hi.is\/audurp\/wp-json\/wp\/v2\/pages\/47\/revisions"}],"predecessor-version":[{"id":70,"href":"https:\/\/uni.hi.is\/audurp\/wp-json\/wp\/v2\/pages\/47\/revisions\/70"}],"up":[{"embeddable":true,"href":"https:\/\/uni.hi.is\/audurp\/wp-json\/wp\/v2\/pages\/33"}],"wp:attachment":[{"href":"https:\/\/uni.hi.is\/audurp\/wp-json\/wp\/v2\/media?parent=47"}],"curies":[{"name":"wp","href":"https:\/\/api.w.org\/{rel}","templated":true}]}}