{"id":124,"date":"2012-08-03T09:11:36","date_gmt":"2012-08-03T09:11:36","guid":{"rendered":"http:\/\/uni.hi.is\/baldurt\/?page_id=124"},"modified":"2022-03-24T20:44:14","modified_gmt":"2022-03-24T20:44:14","slug":"newspaper-articles","status":"publish","type":"page","link":"https:\/\/uni.hi.is\/baldurt\/publications\/newspaper-articles\/","title":{"rendered":"Newspaper articles"},"content":{"rendered":"<table style=\"width: 100%\" border=\"1\" width=\"639\" cellspacing=\"0\" cellpadding=\"0\">\n<tbody>\n<tr>\n<td style=\"width: 26.677316293929714%\" valign=\"top\"><b>Newspaper<\/b><\/td>\n<td style=\"width: 73.1629392971246%\" valign=\"top\">&nbsp;<\/p>\n<p><a href=\"https:\/\/www.mbl.is\/mogginn\/bladid\/innskraning\/?redirect=%2Fmogginn%2Fbladid%2Fgrein%2F1804867%2F%3Ft%3D361901506&amp;page_name=grein&amp;grein_id=1804867\">\u00c1hugavert \u00e1kall til fj\u00f6gurra \u00cdslendinga<\/a>, Morgunbla\u00f0i\u00f0 2022, 22. mars 2022<\/p>\n<p><img loading=\"lazy\" decoding=\"async\" class=\"alignnone size-medium wp-image-4206\" src=\"https:\/\/uni.hi.is\/baldurt\/files\/2022\/03\/a\u0301kall-155x300.png\" alt=\"\" width=\"155\" height=\"300\" srcset=\"https:\/\/uni.hi.is\/baldurt\/files\/2022\/03\/a\u0301kall-155x300.png 155w, https:\/\/uni.hi.is\/baldurt\/files\/2022\/03\/a\u0301kall.png 222w\" sizes=\"auto, (max-width: 155px) 100vw, 155px\" \/><\/p>\n<p><a href=\"https:\/\/uni.hi.is\/baldurt\/files\/2020\/12\/Fullveldisblad-Morgunbladsins-2018.pdf\">Fullveldisbla\u00f0 Morgunbla\u00f0sins 2018<\/a>, 1. desember 2018, bls. 42-43.<\/p>\n<p><img loading=\"lazy\" decoding=\"async\" class=\"alignnone size-medium wp-image-4093\" src=\"https:\/\/uni.hi.is\/baldurt\/files\/2021\/12\/Screen-Shot-2018-12-01-at-10.59.47-223x300.png\" alt=\"\" width=\"223\" height=\"300\" srcset=\"https:\/\/uni.hi.is\/baldurt\/files\/2021\/12\/Screen-Shot-2018-12-01-at-10.59.47-223x300.png 223w, https:\/\/uni.hi.is\/baldurt\/files\/2021\/12\/Screen-Shot-2018-12-01-at-10.59.47-762x1024.png 762w, https:\/\/uni.hi.is\/baldurt\/files\/2021\/12\/Screen-Shot-2018-12-01-at-10.59.47-768x1032.png 768w, https:\/\/uni.hi.is\/baldurt\/files\/2021\/12\/Screen-Shot-2018-12-01-at-10.59.47-1143x1536.png 1143w, https:\/\/uni.hi.is\/baldurt\/files\/2021\/12\/Screen-Shot-2018-12-01-at-10.59.47.png 1210w\" sizes=\"auto, (max-width: 223px) 100vw, 223px\" \/><\/p>\n<p><img loading=\"lazy\" decoding=\"async\" class=\"alignnone size-medium wp-image-4092\" src=\"https:\/\/uni.hi.is\/baldurt\/files\/2021\/12\/Screen-Shot-2018-12-01-at-11.00.50-217x300.png\" alt=\"\" width=\"217\" height=\"300\" srcset=\"https:\/\/uni.hi.is\/baldurt\/files\/2021\/12\/Screen-Shot-2018-12-01-at-11.00.50-217x300.png 217w, https:\/\/uni.hi.is\/baldurt\/files\/2021\/12\/Screen-Shot-2018-12-01-at-11.00.50-739x1024.png 739w, https:\/\/uni.hi.is\/baldurt\/files\/2021\/12\/Screen-Shot-2018-12-01-at-11.00.50-768x1064.png 768w, https:\/\/uni.hi.is\/baldurt\/files\/2021\/12\/Screen-Shot-2018-12-01-at-11.00.50-1109x1536.png 1109w, https:\/\/uni.hi.is\/baldurt\/files\/2021\/12\/Screen-Shot-2018-12-01-at-11.00.50.png 1178w\" sizes=\"auto, (max-width: 217px) 100vw, 217px\" \/><\/p>\n<p><a href=\"https:\/\/issuu.com\/svinastian\/docs\/il_umbrot-190218-final_web\"><em>\u00de\u00e1tttaka \u00cdsland \u00ed vi\u00f0skipta\u00fevingunum gegn R\u00fasslandi<\/em><\/a>, \u00cdslenska lei\u00f0in - t\u00edmarit stj\u00f3rnm\u00e1lafr\u00e6\u00f0inema, 17. \u00e1rg., 1. t\u00f6lubl. 2018, bls. 10-11.<\/p>\n<p><a href=\"http:\/\/issuu.com\/islenskaleidin2015\/docs\/islenska_leidin_2015\" target=\"_blank\" rel=\"noopener noreferrer\"><em>Utanr\u00edkisstefna \u00e1 \u00eds<\/em><\/a>, \u00cdslenska lei\u00f0in - t\u00edmarit stj\u00f3rnm\u00e1lafr\u00e6\u00f0inema, 14. \u00e1rg. 2015.<\/p>\n<p><em><a href=\"http:\/\/www.visir.is\/evropa-\/article\/2015701149919\" target=\"_blank\" rel=\"noopener noreferrer\">Evr\u00f3pa<\/a>,\u00a0<\/em>Fr\u00e9ttabla\u00f0i\u00f0, 14. jan\u00faar 2015.<\/p>\n<p><em><a href=\"http:\/\/www.visir.is\/hvada-thydingu-hefur-sjalfstaett-skotland-fyrir-island-\/article\/2014709129981\" target=\"_blank\" rel=\"noopener noreferrer\">Hva\u00f0a \u00fe\u00fd\u00f0ingu hefur sj\u00e1lfst\u00e6tt Skotland fyrir \u00cdsland<\/a>,<\/em> Fr\u00e9ttabla\u00f0i\u00f0, 12. september 2014.<\/p>\n<p><a href=\"http:\/\/uni.hi.is\/baldurt\/files\/2014\/04\/V%C3%ADsir-M%C3%A1-l%C3%A6ra-af-s%C3%B6gunni_.pdf\" target=\"_blank\" rel=\"noopener noreferrer\"><i>M\u00e1 l\u00e6ra af s\u00f6gunni?<\/i><\/a>, Fr\u00e9ttabla\u00f0i\u00f0, 27 February 2014.<\/p>\n<p><i><a href=\"http:\/\/uni.hi.is\/baldurt\/files\/2013\/07\/Fors%C3%AD%C3%B0an-%C3%AD-H.png\" target=\"_blank\" rel=\"noopener noreferrer\">Fors\u00ed\u00f0an \u00ed H\u00e1degism\u00f3um<\/a><\/i>, Fr\u00e9ttabla\u00f0i\u00f0, 22 July 2013.<\/p>\n<p><a href=\"http:\/\/www.visir.is\/forgangsrodun-i-utanrikismalum\/article\/2013706249995\" target=\"_blank\" rel=\"noopener noreferrer\"><i>Forgangsr\u00f6\u00f0un \u00ed utanr\u00edkism\u00e1lum,\u00a0<\/i><\/a>Fr\u00e9ttabla\u00f0i\u00f0, 24 June 2013.<\/p>\n<p><a href=\"http:\/\/visir.is\/kina,-indland-og-russland-\/article\/2013706189991\" target=\"_blank\" rel=\"noopener noreferrer\"><i>K\u00edna, Indland og R\u00fassland?<\/i><\/a>, Fr\u00e9ttabla\u00f0i\u00f0, 18 June 2013.<\/p>\n<p><a href=\"http:\/\/www.visir.is\/er-esb-betra-en-ees-\/article\/2011707199977\" target=\"_blank\" rel=\"noopener noreferrer\"><i>Er ESB betra en EES?<\/i><\/a>,\u00a0Fr\u00e9ttabla\u00f0i\u00f0, 19 July 2011.<\/p>\n<p><i><a href=\"http:\/\/www.visir.is\/tveir-oflugir-haskolar\/article\/2011110709707\" target=\"_blank\" rel=\"noopener noreferrer\">Tveir \u00f6flugir h\u00e1sk\u00f3lar<\/a><\/i>,\u00a0Fr\u00e9ttabla\u00f0i\u00f0, 4 July 2011.<\/p>\n<p><a href=\"http:\/\/www.visir.is\/getum-vid-nad-godum-samningi-vid-esb-\/article\/2011706299997\" target=\"_blank\" rel=\"noopener noreferrer\"><i>Getum vi\u00f0 n\u00e1\u00f0 g\u00f3\u00f0um samningi vi\u00f0 ESB?<\/i><\/a>, Fr\u00e9ttabla\u00f0i\u00f0, 29 June 2011.<\/p>\n<p><i><a href=\"http:\/\/vefblod.visir.is\/index.php?s=5141&amp;p=114190\" target=\"_blank\" rel=\"noopener noreferrer\">Sundrung e\u00f0a sameining<\/a><\/i>, Fr\u00e9ttabla\u00f0i\u00f0, 17 June 2011.<\/p>\n<p><a href=\"http:\/\/www.visir.is\/landnam-esb-\/article\/201052789840\" target=\"_blank\" rel=\"noopener noreferrer\"><i>Landn\u00e1m ESB?<\/i><\/a><i>,\u00a0<\/i>Fr\u00e9ttabla\u00f0i\u00f0, 18 August 2010.<\/p>\n<p><a href=\"http:\/\/www.visir.is\/hugmyndafraedi-hitlers-\/article\/2010250219469\" target=\"_blank\" rel=\"noopener noreferrer\"><i>Hugmyndafr\u00e6\u00f0i Hitlers?<\/i><\/a>, Fr\u00e9ttabla\u00f0i\u00f0, 11 August 2010.<\/p>\n<p><a href=\"http:\/\/vefblod.visir.is\/index.php?alias=IS-FRT&amp;s=4275&amp;p=97038&amp;a=240285\" target=\"_blank\" rel=\"noopener noreferrer\"><i>St\u00f6ndum saman og tryggjum \u00fej\u00f3\u00f0arhag<\/i><\/a><i>,\u00a0<\/i>Fr\u00e9ttabla\u00f0i\u00f0, 5 August 2010.<\/p>\n<p><a href=\"http:\/\/www.visir.is\/esb-eflir-islenska-menningu\/article\/2010569555182\" target=\"_blank\" rel=\"noopener noreferrer\"><i>ESB eflir \u00edslenska menningu<\/i><\/a><i>,<\/i>\u00a0Fr\u00e9ttabla\u00f0i\u00f0, 29 July 2010.<\/p>\n<p><a href=\"http:\/\/www.visir.is\/nidurrifsstarfsemi-eda-nutima-lydraedi\/article\/201050114916\" target=\"_blank\" rel=\"noopener noreferrer\"><i>Ni\u00f0urrifsstarfsemi e\u00f0a n\u00fat\u00edmal\u00fd\u00f0r\u00e6\u00f0i<\/i><\/a>, Fr\u00e9ttabla\u00f0i\u00f0, 16 July 2010.<\/p>\n<p><a href=\"http:\/\/www.visir.is\/hvad-vard-um-vestraena-samvinnu-\/article\/2010746253665\" target=\"_blank\" rel=\"noopener noreferrer\"><i>Hva\u00f0 um vestr\u00e6na samvinnu?<\/i><\/a>, Fr\u00e9ttabla\u00f0i\u00f0, 6 July 2010.<\/p>\n<p>&nbsp;<\/td>\n<\/tr>\n<tr>\n<td style=\"width: 26.677316293929714%\" valign=\"top\"><b>Morgunbladid Newspaper<\/b><\/p>\n<p>&nbsp;<\/p>\n<p>&nbsp;<\/p>\n<p>&nbsp;<\/p>\n<p>&nbsp;<\/p>\n<p>&nbsp;<\/p>\n<p>&nbsp;<\/p>\n<p>&nbsp;<\/p>\n<p>&nbsp;<\/p>\n<p>&nbsp;<\/p>\n<p>&nbsp;<\/p>\n<p>&nbsp;<\/p>\n<p>&nbsp;<\/p>\n<p>&nbsp;<\/p>\n<p>&nbsp;<\/p>\n<p>&nbsp;<\/p>\n<p>&nbsp;<\/p>\n<p>&nbsp;<\/p>\n<p>&nbsp;<\/td>\n<td style=\"width: 73.1629392971246%\" valign=\"top\"><a href=\"https:\/\/www.mbl.is\/mogginn\/bladid\/innskraning\/?redirect=%2Fmogginn%2Fbladid%2Fgrein%2F1679474%2F%3Ft%3D983448675&amp;page_name=grein&amp;grein_id=1679474\">\u00deegar f\u00edllinn fer \u00far postul\u00ednsb\u00fa\u00f0inni<\/a>, Morgunbla\u00f0i\u00f0, 14 April 2018.<\/p>\n<p><a href=\"http:\/\/www.mbl.is\/greinasafn\/grein\/1383105\/?t=1350344035.42\" target=\"_blank\" rel=\"noopener noreferrer\"><i>Skipa\u00f0 sk\u00f6r l\u00e6gra<\/i>,<\/a>\u00a0Morgunbla\u00f0i\u00f0, 24 June 2011.<\/p>\n<p><a href=\"http:\/\/www.mbl.is\/greinasafn\/grein\/780965\/\" target=\"_blank\" rel=\"noopener noreferrer\"><i>Misskilningur stj\u00f3rnm\u00e1lamanna<\/i><\/a>, Morgunbla\u00f0i\u00f0, 14 February 2004.<\/p>\n<p><a href=\"http:\/\/www.mbl.is\/greinasafn\/grein\/801021\/\" target=\"_blank\" rel=\"noopener noreferrer\"><i>Svipmyndir fr\u00e1 Washington<\/i><\/a>, Morgunbla\u00f0i\u00f0, 29 May 2004.<\/p>\n<p><a href=\"http:\/\/www.mbl.is\/greinasafn\/grein\/769512\/\" target=\"_blank\" rel=\"noopener noreferrer\"><i>Hverjir stj\u00f3rna Bandar\u00edkjunum?<\/i><\/a>, Morgunbla\u00f0i\u00f0, 13 December 2003.<\/p>\n<p><a href=\"http:\/\/www.mbl.is\/greinasafn\/grein\/759566\/\" target=\"_blank\" rel=\"noopener noreferrer\"><i>\u00c1 p\u00e1finn a\u00f0 f\u00e1 fri\u00f0arver\u00f0laun N\u00f3bels?<\/i><\/a>, Morgunbla\u00f0i\u00f0, 25 Oktober 2003.<\/p>\n<p><a href=\"http:\/\/www.mbl.is\/greinasafn\/grein\/745540\/\" target=\"_blank\" rel=\"noopener noreferrer\"><i>P\u00f3lit\u00edsk skilabo\u00f0 hinsegin daga<\/i><\/a>, Morgunbla\u00f0i\u00f0, 9 August 2003.<\/p>\n<p><a href=\"http:\/\/mbl.is\/mm\/gagnasafn\/grein.html?grein_id=722312\" target=\"_blank\" rel=\"noopener noreferrer\"><i>\u00cdraksdeilan og al\u00fej\u00f3\u00f0astofnanir<\/i><\/a>, Morgunbla\u00f0i\u00f0, 29 March 2003.<\/p>\n<p><a href=\"http:\/\/www.mbl.is\/greinasafn\/grein\/715843\/\" target=\"_blank\" rel=\"noopener noreferrer\"><i>Hverjum stafar mest h\u00e6tta af Saddam Hussein?<\/i><\/a>, Morgunbla\u00f0i\u00f0, 22 February 2003.<\/p>\n<p><i>Jafnr\u00e9ttisstefna H\u00e1sk\u00f3la \u00cdslands<\/i>, Morgunbla\u00f0i\u00f0 30 November 2002.<\/p>\n<p><i>Sj\u00f6unda lota Evr\u00f3puumr\u00e6\u00f0unnar,\u00a0<\/i>Morgunbla\u00f0i\u00f0 10 August 2002.<\/p>\n<p><i>P\u00f3lit\u00edskt si\u00f0fer\u00f0i \u00ed kj\u00f6lfar kosninga,<\/i>\u00a0Morgunbla\u00f0i\u00f0 8 June 2002.<\/p>\n<p><i>H\u00e6ttulegir ford\u00f3mar<\/i>, Morgunbla\u00f0i\u00f0 22 September 2001.<\/p>\n<p><i>Stj\u00f3rnm\u00e1laflokkar og a\u00f0ild a\u00f0 ESB<\/i>, Morgunbla\u00f0i\u00f0, 30 June 2001.<\/p>\n<p><i>EES og al\u00fej\u00f3\u00f0av\u00e6\u00f0ing \u00cdslands<\/i>, Morgunbla\u00f0i\u00f0, 28 April 2001.<\/p>\n<p><i>Vegur n\u00fd stj\u00f3rn Bandar\u00edkjanna a\u00f0 mannr\u00e9ttindum<\/i>, Morgunbla\u00f0i\u00f0, 17 February 2001.<\/p>\n<p><i>Ungt f\u00f3lk og marka\u00f0ssetning v\u00edsinda<\/i>, Morgunbla\u00f0i\u00f0, February 1998.<\/p>\n<p><i>200 n\u00e1msmenn vinna a\u00f0 n\u00fdsk\u00f6pun<\/i>, Morgunbla\u00f0i\u00f0, January 1998.<\/p>\n<p><i>Hver hl\u00fdtur N\u00fdsk\u00f6punarver\u00f0laun forseta \u00cdslands<\/i>, Morgunbla\u00f0i\u00f0, February 1997.<\/p>\n<p><i>\u00c1 sl\u00f3\u00f0um kaldastr\u00ed\u00f0sins: Vi\u00f0 landam\u00e6ri Nor\u00f0ur- og Su\u00f0ur-K\u00f3rea<\/i>\u00a0(<i>The legacy of the Cold War.\u00a0At the border of North- and South- Korea<\/i>) Morgunbla\u00f0i\u00f0, October 1997<\/td>\n<\/tr>\n<tr>\n<td style=\"width: 26.677316293929714%\" valign=\"top\"><b>Other articles<\/b><\/td>\n<td style=\"width: 73.1629392971246%\" valign=\"top\"><a href=\"http:\/\/web.archive.org\/web\/20180705070643\/https:\/\/kvennabladid.is\/2014\/08\/06\/kugun-og-kossaflens-fra-fordomum-til-frelsis\/\" target=\"_blank\" rel=\"noopener noreferrer\">K\u00fagun og kossaflens: Fr\u00e1 ford\u00f3mum til frelsis<\/a>, Kvennabla\u00f0i\u00f0 6 August, 2014<\/p>\n<p><a href=\"http:\/\/uni.hi.is\/baldurt\/files\/2013\/04\/Thatcher-%C3%B3l-okkur-upp.pdf\" target=\"_blank\" rel=\"noopener noreferrer\"><i>Thatcher \u00f3l okkur upp<\/i><\/a>, Smugan 11 April, 2013.<\/p>\n<p><a href=\"http:\/\/uni.hi.is\/baldurt\/files\/2018\/08\/Mytur-i-stjornm\u00e1lum4964.pdf\" target=\"_blank\" rel=\"noopener noreferrer\"><i>M\u00fdtur \u00ed stj\u00f3rnm\u00e1lum<\/i><\/a>, V\u00edsbending, 50 tbl., 22. \u00e1rgangur, December 2004.<\/p>\n<p><a href=\"http:\/\/uni.hi.is\/baldurt\/files\/2018\/08\/Yngsti-kennarinn4965.pdf\" target=\"_blank\" rel=\"noopener noreferrer\">Yngsti kennarinn<\/a> (Interview), Politica - m\u00e1lgagn stj\u00f3rnm\u00e1lafr\u00e6\u00f0inga, 30 Novermber 1999, no. 3.<\/p>\n<p><i>\u00c1t\u00f6kin \u00ed breska \u00cdhaldsflokknum: Deilt um m\u00e1lefni jafnt sem menn<\/i>\u00a0(<i>The crisis of the Conservative Party in Britain: Disagreement over policies and people<\/i>).\u00a0 Stefnir, Vol. 42, 1998.<\/p>\n<p><a href=\"http:\/\/uni.hi.is\/baldurt\/files\/2018\/08\/Hvert-stefnir-Tony-Blair4963.pdf\" target=\"_blank\" rel=\"noopener noreferrer\"><i>Bresk stj\u00f3rnm\u00e1l \u00ed brennidepli: Hvert stefnir Tony Blair<\/i>?<\/a> (<i>Politics in Britain: Where is Tony Blair heading<\/i>?) \u00a0Stefnir, Vol. 38, No. 1, 1994.<\/td>\n<\/tr>\n<\/tbody>\n<\/table>\n","protected":false},"excerpt":{"rendered":"<p>Newspaper &nbsp; \u00c1hugavert \u00e1kall til fj\u00f6gurra \u00cdslendinga, Morgunbla\u00f0i\u00f0 2022, 22. mars 2022 Fullveldisbla\u00f0 Morgunbla\u00f0sins 2018, 1. desember 2018, bls. 42-43. \u00de\u00e1tttaka \u00cdsland \u00ed vi\u00f0skipta\u00fevingunum gegn R\u00fasslandi, \u00cdslenska lei\u00f0in - t\u00edmarit stj\u00f3rnm\u00e1lafr\u00e6\u00f0inema, 17. \u00e1rg., 1. t\u00f6lubl. 2018, bls. 10-11. Utanr\u00edkisstefna \u00e1 &hellip; <a href=\"https:\/\/uni.hi.is\/baldurt\/publications\/newspaper-articles\/\">Continue reading <span class=\"meta-nav\">&rarr;<\/span><\/a><\/p>\n","protected":false},"author":360,"featured_media":0,"parent":8,"menu_order":0,"comment_status":"closed","ping_status":"closed","template":"","meta":{"footnotes":""},"class_list":["post-124","page","type-page","status-publish","hentry"],"_links":{"self":[{"href":"https:\/\/uni.hi.is\/baldurt\/wp-json\/wp\/v2\/pages\/124","targetHints":{"allow":["GET"]}}],"collection":[{"href":"https:\/\/uni.hi.is\/baldurt\/wp-json\/wp\/v2\/pages"}],"about":[{"href":"https:\/\/uni.hi.is\/baldurt\/wp-json\/wp\/v2\/types\/page"}],"author":[{"embeddable":true,"href":"https:\/\/uni.hi.is\/baldurt\/wp-json\/wp\/v2\/users\/360"}],"replies":[{"embeddable":true,"href":"https:\/\/uni.hi.is\/baldurt\/wp-json\/wp\/v2\/comments?post=124"}],"version-history":[{"count":65,"href":"https:\/\/uni.hi.is\/baldurt\/wp-json\/wp\/v2\/pages\/124\/revisions"}],"predecessor-version":[{"id":4207,"href":"https:\/\/uni.hi.is\/baldurt\/wp-json\/wp\/v2\/pages\/124\/revisions\/4207"}],"up":[{"embeddable":true,"href":"https:\/\/uni.hi.is\/baldurt\/wp-json\/wp\/v2\/pages\/8"}],"wp:attachment":[{"href":"https:\/\/uni.hi.is\/baldurt\/wp-json\/wp\/v2\/media?parent=124"}],"curies":[{"name":"wp","href":"https:\/\/api.w.org\/{rel}","templated":true}]}}