{"id":3422,"date":"2018-07-19T10:00:11","date_gmt":"2018-07-19T10:00:11","guid":{"rendered":"http:\/\/uni.hi.is\/baldurt\/?page_id=3422"},"modified":"2019-01-28T11:19:51","modified_gmt":"2019-01-28T11:19:51","slug":"2018-2","status":"publish","type":"page","link":"https:\/\/uni.hi.is\/baldurt\/presentations\/2018-2\/","title":{"rendered":"2018"},"content":{"rendered":"<p><em>Icelandic Independence 100 years: The Foreign Policy of a\u00a0Very\u00a0Small<\/em> State. Presentation at the Department of Political Science, University of Copenhagen, 4 December 2018.<\/p>\n<p>\u00cd<em> skj\u00f3li voldugra n\u00e1granna: Utanr\u00edkisstefna<\/em> <em>\u00cdslands (Shelter provided by powerful\u00a0neighbouring states: Iceland's foreign policy)<\/em>. Presentation at the Rotaryclub of Reykjav\u00edk, Hotel Saga, 7 November 2018.<\/p>\n<p>The<em> Importance of Shelter for Small States.\u00a0<\/em>Presentation at a conference on Iceland's External Affairs: Which world actors have and will provide Iceland with shelter?, The Institute of International Affairs, The Centre for Small State Studies, Faculty of Political Science, The Icelandic Political Science Association at the University of Iceland, 23 October 2018.<\/p>\n<p><em>Iceland's Participation in the European Project: Shelter or Trap?\u00a0<\/em>Presentation at a conference on Iceland's External Affairs: Which world actors have and will provide Iceland with shelter?, The Institute of International Affairs, The Centre for Small State Studies, Faculty of Political Science, The Icelandic Political Science Association at the University of Iceland, 23 October 2018,<\/p>\n<p><em>Iceland and its Arctic Policy.\u00a0<\/em>Presentation at the seminar Lessons from home: Building Arctic identities in the international system at the Arctic Circle, Reykjavik, 20 October 2018.<\/p>\n<p><em>Review \u2013 Democracy in Small states: Persisting Against All Odds.\u00a0<\/em>Presentation at a book launch of Democracy in Small States: Persisting Against All Odds by Jack Corbett and Wouter Veenendaal, at the Centre for Small States, Queen Mary University of London, 18 October 2018.<\/p>\n<p><em>Small states' campaigns to get a seat in the United Nations Security Council: Austria and Iceland<\/em>, at a workshop on Small States in the UNSC, G\u00f6teborgs Universitet, Sweden, 6 December 2018.<\/p>\n<p><em>Small States in Europe: Towards a Cross-Disciplinary Approach<\/em>. Presentation at a seminar on Cross-Disciplinary Approach in Small State Studies, at the University of Malta, 28 September 2018.<\/p>\n<p><em>Iceland's Foreign Policy in a New Era<\/em>, with Pia Hansson. Presentation at a seminar on Nordic power repertories in a changing geopolitical landscape at the 12th Pan-European Conference on International Relations in Prague, 13 September 2018.<\/p>\n<p><em>Small States in Turbulent Times: Domestic Buffer and External Shelter<\/em>, opening presentation at an international conference,\u00a0Small States and the New Security Environment (SSANSE), hosted by the Centre for Small State Studies at the University of Iceland and the NATO Science for Peace and Security Programme, 26 June 2018.<\/p>\n<p><em>The Quest for Power in International Politics: The Campaign by Iceland to the United Nations Security Council for the period of 2009-2010<\/em>, with J\u00f3na S\u00f3lveig El\u00ednard\u00f3ttir. Presentation in a Seminar on International Affairs, at a conference hosted by the\u00a0Icelandic Political Science Association (IPSA), 15 June 2018.<\/p>\n<p><em>Iceland: A Nordic\/Arctic Small State Building its Foreign Policy<\/em>, with\u00a0Pia Hansson and Au\u00f0ur Birna Stef\u00e1nsd\u00f3ttir. Presentation in a Seminar on International Affairs, at a conference hosted by the\u00a0Icelandic Political Science Association (IPSA), 15 June 2018.<\/p>\n<p><em>Small states and the new Trump era: Do the Nordic and Baltic states need a new shelter provider?<\/em>, lecture at an open workshop, co-funded by the EU's Erasmus+ programme, Small States and the Changing Security Environment in Europe: The Return of Great Power Politics, hosted by the\u00a0 Institute of International Relations and Political Science at Vilnius University and University of Iceland's Institute of International Affairs\u00a0 - Centre for Small State Sudies, in Vilnius, 1 June 2018.<\/p>\n<p>&nbsp;<\/p>\n<p>&nbsp;<\/p>\n","protected":false},"excerpt":{"rendered":"<p>Icelandic Independence 100 years: The Foreign Policy of a\u00a0Very\u00a0Small State. Presentation at the Department of Political Science, University of Copenhagen, 4 December 2018. \u00cd skj\u00f3li voldugra n\u00e1granna: Utanr\u00edkisstefna \u00cdslands (Shelter provided by powerful\u00a0neighbouring states: Iceland's foreign policy). Presentation at the &hellip; <a href=\"https:\/\/uni.hi.is\/baldurt\/presentations\/2018-2\/\">Continue reading <span class=\"meta-nav\">&rarr;<\/span><\/a><\/p>\n","protected":false},"author":360,"featured_media":0,"parent":40,"menu_order":1,"comment_status":"closed","ping_status":"closed","template":"","meta":{"footnotes":""},"class_list":["post-3422","page","type-page","status-publish","hentry"],"_links":{"self":[{"href":"https:\/\/uni.hi.is\/baldurt\/wp-json\/wp\/v2\/pages\/3422","targetHints":{"allow":["GET"]}}],"collection":[{"href":"https:\/\/uni.hi.is\/baldurt\/wp-json\/wp\/v2\/pages"}],"about":[{"href":"https:\/\/uni.hi.is\/baldurt\/wp-json\/wp\/v2\/types\/page"}],"author":[{"embeddable":true,"href":"https:\/\/uni.hi.is\/baldurt\/wp-json\/wp\/v2\/users\/360"}],"replies":[{"embeddable":true,"href":"https:\/\/uni.hi.is\/baldurt\/wp-json\/wp\/v2\/comments?post=3422"}],"version-history":[{"count":12,"href":"https:\/\/uni.hi.is\/baldurt\/wp-json\/wp\/v2\/pages\/3422\/revisions"}],"predecessor-version":[{"id":3617,"href":"https:\/\/uni.hi.is\/baldurt\/wp-json\/wp\/v2\/pages\/3422\/revisions\/3617"}],"up":[{"embeddable":true,"href":"https:\/\/uni.hi.is\/baldurt\/wp-json\/wp\/v2\/pages\/40"}],"wp:attachment":[{"href":"https:\/\/uni.hi.is\/baldurt\/wp-json\/wp\/v2\/media?parent=3422"}],"curies":[{"name":"wp","href":"https:\/\/api.w.org\/{rel}","templated":true}]}}