{"id":3619,"date":"2019-01-28T11:15:31","date_gmt":"2019-01-28T11:15:31","guid":{"rendered":"http:\/\/uni.hi.is\/baldurt\/?page_id=3619"},"modified":"2022-03-24T09:41:42","modified_gmt":"2022-03-24T09:41:42","slug":"2019-2","status":"publish","type":"page","link":"https:\/\/uni.hi.is\/baldurt\/presentations\/2019-2\/","title":{"rendered":"2019-2022"},"content":{"rendered":"<p>2022<\/p>\n<p><em>Mikilv\u00e6gi f\u00e6lingar sem t\u00e6ki til varna<\/em>. Fyrirlestur hj\u00e1 M\u00e1lfundaf\u00e9laginu Endurreisn, Reykjav\u00edk, 22. mars 2022.<\/p>\n<p><em>Samskipti \u00cdslands vi\u00f0 Nor\u00f0url\u00f6ndin: Er \u00cdsland \u00ed skj\u00f3li Nor\u00f0urlandanna?<\/em> Fyrirlestur fyrir \u00cdslandsdeild Nor\u00f0urlandar\u00e1\u00f0s, \u00feingmenn \u00ed Nor\u00f0urlandar\u00e1\u00f0i. Al\u00feingi, 21. jan\u00faar 2022.<\/p>\n<p>2021<\/p>\n<p><a href=\"https:\/\/ams.hi.is\/en\/publication\/94\/\">Aukin samskipti \u00cdslands vi\u00f0 K\u00edna: Skj\u00f3l e\u00f0a gildra?<\/a>\u00a0Presentation following the publication of a report on the relationship between Iceland and China. Seminar at U3A,\u00a0Reykjav\u00edk, Iceland, 9 November 2021. A recording of the presentation can be found <a href=\"https:\/\/www.youtube.com\/watch?v=uYKCqA1BVlw\">here<\/a>.<\/p>\n<p><em>Samskipti \u00cdsland vi\u00f0 umheiminn: G\u00f3\u00f0ir \u00cdslensingar og varasamir \u00fatlendingar. <\/em>Presentation following the publications of the book\u00a0Iceland's Shelter-Seeking Behavior: From Settlement to the Republic. The Rotary Club in Gar\u00f0ab\u00e6r, Gar\u00f0ab\u00e6r, Iceland, 4 November 2021.<\/p>\n<p><em>A Reluctant European: Iceland and European integratio<\/em>n. Presentation at the seminar Small states and big powers: Portugal and Iceland's foreign relations. University of Lisbon, Instituo da Defesa Nacional, 29 October 2021.<\/p>\n<p><em>Iceland's Shelter-Seeking Behavior: From Settlement to the Republi<\/em>c. Presentation at a seminar following the publication of the book <a href=\"https:\/\/www.cornellpress.cornell.edu\/book\/9780935995268\/icelands-shelter-seeking-behavior\/#bookTabs=1\"><em>Iceland's Shelter-Seeking Behavior: From Settlement to the Republi<\/em>c<\/a>. Centre for Small State Studies at the National Museum of Iceland, Reykjav\u00edk, 21 October 2021. A recording of the seminar can be found <a href=\"https:\/\/livestream.com\/hi\/islandumheimurinn\/videos\/226769318\">here.<\/a><\/p>\n<p><em>Shelter-seeking behaviour of small states: The case of Sino-Icelandic relations<\/em>. Presentation at the seminar What's the catch? National security issues and large-scale foreign investments at the international conference Arctic Circle, Reykjavik, 15 October 2021.<\/p>\n<p><a href=\"https:\/\/www.hi.is\/vidburdir\/aukin_samskipti_islands_vid_kina_skjol_eda_gildra\"><em>Aukin samskipti \u00cdslands og K\u00edna, skj\u00f3l e\u00f0a gildra?<\/em>\u00a0<\/a>\u00a0Presentation at a seminar following the publication of a report on the relationship between Iceland and China. Centre for Small State Studies at the\u00a0National Museum in Iceland, Reykjav\u00edk, 1 October 2021. A video recording of the seminar can be found <a href=\"https:\/\/livestream.com\/hi\/islandkina\/videos\/226260655\">here<\/a>.<\/p>\n<p><em>Domestic incentives behind small states' shelter-seeking behaviour<\/em>. Presentation at the international conference Why Lilliput is all but one (theoretical) island: Knowledge, security &amp; governance of (and in) small states. University of Luxembourg, 24 September 2021.<\/p>\n<p><em>The European Project and Shelter-Seeking Behaviour of Small States<\/em>. Presentation at the international conference Small States in EU Policy-Making: Strategies, Challenges, Opportunities. University of Luxembourg 18 June 2021.<\/p>\n<p><em>Research Methodology for Increased Meaningful Participation of the Baltics in the EU-Africa relations.<\/em> Presentation at the 2nd kick-off with Centre for Small State Studies 'Baltics-EU-Africa trialogue' at AlfiKo research centre, Vilnius, Lithuania, 11 March 2021.<\/p>\n<p><em>The Socrates Teaching Method<\/em>. Presentation at a the seminar\u00a0The Nuts and Bolts of Active Teaching &amp; Learning for PhD Students, University of Iceland, 11 March 2011.<\/p>\n<p><em>Utanr\u00edkisstefna \u00cdslands: Leit \u00cdslands a\u00f0 skj\u00f3li \u00ed \u00f3lguskj\u00f3 al\u00fej\u00f3\u00f0am\u00e1la<\/em>. Presentation at Round Table, Reykjavik, 2 March 2021.<\/p>\n<p><em>Hvernig forseti ver\u00f0ur Biden?\u00a0 L\u00fd\u00f0r\u00e6\u00f0is\u00fer\u00f3un og \u00e1t\u00f6k \u00ed Bandar\u00edkjunum<\/em>. Presentation at Rotary, Reykjavik 1 February 2021.<\/p>\n<p><i>Trump gegn Biden: Bylting\u00a0e\u00f0a bj\u00f6run?\u00a0<\/i>Presentation at the MPA Aluminium Association, University of Iceland, Reykjavik 20 January 2021.<\/p>\n<p>2020<\/p>\n<p><em>From Oppression to Rainbow Revolution: LGBTQ Social Progress and Legislative Victories in Iceland<\/em>. Presentation at the second anniversary meeting of the group Friends of Gender Equality Plus in the OECD, 9 March 2020.<\/p>\n<p><em>Strategies of small states in International Organizations<\/em>. Presentation at a meeting of ambassadors of small countries in the OECD, 10 March 2020.<\/p>\n<p>2019<\/p>\n<p><a href=\"http:\/\/www.ysu.am\/news\/en\/Online-lecture-for-students?fbclid=IwAR2vm-W5YWceWFYn6RTQJi7yWzC4A7mFHRFtZgtHVJ_q4DZmEMkVpTkc57s\"><em>Foreign Policy of Small States and the Shelter Theory<\/em><\/a>. Presentation at the Faculty of International Relations, Yerevan State University, Armenia, 18 December 2019.<\/p>\n<p><em>Small States's Shelter-Seeking Behaviour: The Case of Iceland<\/em>. Presentation in the panel 'International Relations After A Political Upheaval: Continuity or Rupture?' at the Inaugural AUA Political Science and International Affairs Conference - Armenia's Transformation in a Comparative Context: Restarting Democratisation? American University of Armenia, Yerevan 13-14 November 2019.<\/p>\n<p><em>The oral history of the origin of the 200 man-made caves in south Iceland: Do the caves date back to a Celtic Settlement?<\/em>, Presentation at a public event in the cave, Hl\u00f6\u00f0uhellir, in \u00c6giss\u00ed\u00f0a, Hella, 26 October 2019.<\/p>\n<p class=\"paragraph\"><em><span class=\"normaltextrun\">Smallness constructs foreign policy:\u00a0<\/span><span class=\"normaltextrun\">Iceland\u2019s\u00a0<\/span><span class=\"normaltextrun\">shelter-seeking behaviour since the US<\/span><\/em><span class=\"normaltextrun\"> desertion. Presentation at an international workshop 'Size Matters! Small States in Europe, 1814-today' organised by the Centre for Small State Studies, University of Iceland and the University of Amsterdam, Reykjavik 25-26 September 2019.<\/span><\/p>\n<p><em>Celtic Settlement before the Norse Settlement in Iceland? The History of the Caves of Hella<\/em>. Presentation before a concert in the cave, Hl\u00f6\u00f0uhellir, in \u00c6giss\u00ed\u00f0a, Hella, 13 August 2019.<\/p>\n<p><em>The History of the Caves of Hella.\u00a0<\/em>Presentation about the history of the caves in \u00c6giss\u00ed\u00f0a near Hella, 27 July 2019.<\/p>\n<p><em>Stonewall and Political Activism Today<\/em>, Participation in a panel on the Stonewall uprising and its aftermath, Reykjavik Pride, 19 August, 2019<\/p>\n<p><a href=\"https:\/\/www.svet.lu.se\/en\/internal\/event\/baldur-thorhallson-on-small-states-and-shelter-theory-icelands-external-affairs\"><em>Small States and Shelter Theory: Iceland's External Affai<\/em>rs<\/a>. Presentation at a seminar at the Department of Political Science, Lund University, Sweden, 22 May 2019.<\/p>\n<p><i><a href=\"https:\/\/mau.se\/en\/calendar\/gps-breakfast-seminar-small-states-and-shelter-theory-icelands-shelter-seeking-behaviour\/\">Small States and Shelter Theory: Iceland's Shelter-Seeking Behaviour<\/a>. <\/i>Presentation at a seminar at the Department of Global Political Studies, Malm\u00f6 University, Sweden, 22 May 2019.<\/p>\n<p>Framt\u00ed\u00f0in: Ve\u00f0ja\u00f0 \u00e1 voldu\u00f0 r\u00edki e\u00f0a al\u00fej\u00f3\u00f0astofnanir? (Should Iceland seek shelter provided by larger states or international organizations?) Presentation at <a href=\"https:\/\/ams.hi.is\/2019\/04\/12\/althjodasamvinna-a-krossgotum\/\">The Annual Conference on Iceland's Foreign Policy<\/a>\u00a0(watch) organised by the Institute of International Affairs at the University of Iceland, Reykjavik, 24 April 2019.<\/p>\n<p>Iceland's Engagements with China and Russia. Presentation at a <a href=\"https:\/\/www.wilsoncenter.org\/event\/ssanse-project-symposium-russia-and-chinas-political-interference-activities-nato-small-states\">Symposium on Russia and China's Political Interference Activities in NATO Small States<\/a> at the Woodrow Wilson Center. Event Co-sponsors: Kissinger Institute and Kennan Institute. The symposium is part of the Small States and the New Security Environment (SSANSE) Project funded by NATO-SPS, Washington DC, 8 April 2019.<\/p>\n<p><em><a href=\"https:\/\/www.youtube.com\/watch?v=tJyAMYWXiyk\">Shelter Theory and Iceland's Shelter-Seeking behaviour<\/a>. <\/em>Presentation at the seminar Sheltering, security and small states: Nordic responses to a changing geopolitical context\u00a0at\u00a0the Norwegian Institute of International Affairs (NUPI), Oslo, Norway, 7 March 2019.<\/p>\n<p><a href=\"https:\/\/www.facebook.com\/photo.php?fbid=10158437686309478&amp;set=pcb.10158437694899478&amp;type=3&amp;theater\"><em>Nordicness as a shelter: the case of Iceland<\/em><\/a>. Presentation at the seminar '<a href=\"https:\/\/www.facebook.com\/photo.php?fbid=10158437683904478&amp;set=pcb.10158437694899478&amp;type=3&amp;theater\">From Nordic Exceptionalism to a third order priority - variations of ''Nordicness'' in foreign and security policy<\/a>', Ministry for Foreign Affairs of Finland and the Finnish Institute of International Affairs at Hanaholmen, Helsinki, 5 March 2019.<\/p>\n<p><em>Small States in the International System: The case of Iceland<\/em>. Presentation and discussion with students at <a href=\"https:\/\/www.williams.edu\">Williams College<\/a>, USA, 28 February 2019.<\/p>\n<p><em>Small States and Shelter Theory: Iceland's External Affairs<\/em>. Presentation at the conference <a href=\"https:\/\/mei.nus.edu.sg\/wp-content\/uploads\/2019\/01\/27-Feb-Conference-Program-as-at-22-Feb-for-WEB-USE.pdf\">The Statecraft of Small States: Foreign Policy and Survival Strategies<\/a>, organised by the National University of Singapore (NUS), Singapore 27 February 2019.<\/p>\n<p><em><a href=\"http:\/\/uni.hi.is\/baldurt\/files\/2019\/01\/KATSE_FISA-2019-handout.pdf\">Small States and Shelter Theory<\/a><\/em>. Presentation at the conference New Security Challenges and Policies, organized by the Finnish International Studies Association and held in Majvik, Finland, 18 January 2019.<\/p>\n<p><em><a href=\"http:\/\/uni.hi.is\/baldurt\/files\/2019\/01\/2019_01_21_rt_programme.pdf\">Small States and Shelter Theory: Iceland's External Affairs<\/a><\/em>. Presentation at the\u00a0Finnish Institute of International Affairs, Helsinki, Finland, 21 January 2019.<\/p>\n<p><em><a href=\"http:\/\/uni.hi.is\/baldurt\/files\/2019\/01\/RSIS-Seminar-Series-on-Multilateralism-Studies.pdf\">How do Small States Flourish? Small States\u2019 Relationships with Larger Powers viewed through the Icelandic Case<\/a><\/em>. Presentation in the seminar\u00a0<em>Small States and Alliance Strategies\u00a0<\/em>held at the\u00a0S. Rajaratnam School of International Studies, Singapore, 10 January 2019.<\/p>\n<p>&nbsp;<\/p>\n","protected":false},"excerpt":{"rendered":"<p>2022 Mikilv\u00e6gi f\u00e6lingar sem t\u00e6ki til varna. Fyrirlestur hj\u00e1 M\u00e1lfundaf\u00e9laginu Endurreisn, Reykjav\u00edk, 22. mars 2022. Samskipti \u00cdslands vi\u00f0 Nor\u00f0url\u00f6ndin: Er \u00cdsland \u00ed skj\u00f3li Nor\u00f0urlandanna? Fyrirlestur fyrir \u00cdslandsdeild Nor\u00f0urlandar\u00e1\u00f0s, \u00feingmenn \u00ed Nor\u00f0urlandar\u00e1\u00f0i. Al\u00feingi, 21. jan\u00faar 2022. 2021 Aukin samskipti \u00cdslands vi\u00f0 &hellip; <a href=\"https:\/\/uni.hi.is\/baldurt\/presentations\/2019-2\/\">Continue reading <span class=\"meta-nav\">&rarr;<\/span><\/a><\/p>\n","protected":false},"author":360,"featured_media":0,"parent":40,"menu_order":0,"comment_status":"closed","ping_status":"closed","template":"","meta":{"footnotes":""},"class_list":["post-3619","page","type-page","status-publish","hentry"],"_links":{"self":[{"href":"https:\/\/uni.hi.is\/baldurt\/wp-json\/wp\/v2\/pages\/3619","targetHints":{"allow":["GET"]}}],"collection":[{"href":"https:\/\/uni.hi.is\/baldurt\/wp-json\/wp\/v2\/pages"}],"about":[{"href":"https:\/\/uni.hi.is\/baldurt\/wp-json\/wp\/v2\/types\/page"}],"author":[{"embeddable":true,"href":"https:\/\/uni.hi.is\/baldurt\/wp-json\/wp\/v2\/users\/360"}],"replies":[{"embeddable":true,"href":"https:\/\/uni.hi.is\/baldurt\/wp-json\/wp\/v2\/comments?post=3619"}],"version-history":[{"count":49,"href":"https:\/\/uni.hi.is\/baldurt\/wp-json\/wp\/v2\/pages\/3619\/revisions"}],"predecessor-version":[{"id":4201,"href":"https:\/\/uni.hi.is\/baldurt\/wp-json\/wp\/v2\/pages\/3619\/revisions\/4201"}],"up":[{"embeddable":true,"href":"https:\/\/uni.hi.is\/baldurt\/wp-json\/wp\/v2\/pages\/40"}],"wp:attachment":[{"href":"https:\/\/uni.hi.is\/baldurt\/wp-json\/wp\/v2\/media?parent=3619"}],"curies":[{"name":"wp","href":"https:\/\/api.w.org\/{rel}","templated":true}]}}