{"id":48,"date":"2014-05-27T09:46:29","date_gmt":"2014-05-27T09:46:29","guid":{"rendered":"http:\/\/uni.hi.is\/davidth\/?page_id=48"},"modified":"2014-06-02T07:09:13","modified_gmt":"2014-06-02T07:09:13","slug":"fyrirlestrar","status":"publish","type":"page","link":"https:\/\/uni.hi.is\/davidth\/fyrirlestrar\/","title":{"rendered":"Fyrirlestrar"},"content":{"rendered":"<p><span style=\"color: #333333\"><a title=\"Hrun, lagahyggja og si\u00f0fer\u00f0i\" href=\"http:\/\/www.ru.is\/media\/skjol-lagadeildar\/David-Thor-Bjorgvinsson-Lagahyggja-2-nov.-2011.pdf\">Hrun, lagahyggja og si\u00f0fer\u00f0i<\/a>. <\/span><span style=\"color: #333333\">Erindi flutt \u00e1 h\u00e1t\u00ed\u00f0arm\u00e1l\u00feingi \u00dalflj\u00f3ts, t\u00edmarits laganema, um l\u00f6g og r\u00e9ttarheimspeki \u00ed L\u00f6gbergi, H\u00e1sk\u00f3la \u00cdslands 27. ok\u00f3tober\u00a02011. <\/span><\/p>\n<p><a title=\"Lawyer - Client Confidentality. Case Law of the ECHR.\" href=\"http:\/\/www.baroul-cluj.ro\/Document_Files\/pacomunicari\/00000202\/vg0c6_David%20Thor%20-%20Confidentialitatea%20avocat-client.PDF\">Lawyer - Client confidentiality. Case law of the ECHR.<\/a> Erindi flutt \u00e1 fundi Evr\u00f3psku l\u00f6gmannasamtakanna (F\u00e9d\u00e9ration des Barreaux) \u00ed Madrid 24. september 2010.<\/p>\n","protected":false},"excerpt":{"rendered":"<p>Hrun, lagahyggja og si\u00f0fer\u00f0i. Erindi flutt \u00e1 h\u00e1t\u00ed\u00f0arm\u00e1l\u00feingi \u00dalflj\u00f3ts, t\u00edmarits laganema, um l\u00f6g og r\u00e9ttarheimspeki \u00ed L\u00f6gbergi, H\u00e1sk\u00f3la \u00cdslands 27. ok\u00f3tober\u00a02011. Lawyer - Client confidentiality. Case law of the ECHR. Erindi flutt \u00e1 fundi Evr\u00f3psku l\u00f6gmannasamtakanna (F\u00e9d\u00e9ration des Barreaux) \u00ed &hellip; <a href=\"https:\/\/uni.hi.is\/davidth\/fyrirlestrar\/\">Continue reading <span class=\"meta-nav\">&rarr;<\/span><\/a><\/p>\n","protected":false},"author":1298,"featured_media":0,"parent":0,"menu_order":0,"comment_status":"closed","ping_status":"closed","template":"","meta":{"footnotes":""},"class_list":["post-48","page","type-page","status-publish","hentry"],"_links":{"self":[{"href":"https:\/\/uni.hi.is\/davidth\/wp-json\/wp\/v2\/pages\/48","targetHints":{"allow":["GET"]}}],"collection":[{"href":"https:\/\/uni.hi.is\/davidth\/wp-json\/wp\/v2\/pages"}],"about":[{"href":"https:\/\/uni.hi.is\/davidth\/wp-json\/wp\/v2\/types\/page"}],"author":[{"embeddable":true,"href":"https:\/\/uni.hi.is\/davidth\/wp-json\/wp\/v2\/users\/1298"}],"replies":[{"embeddable":true,"href":"https:\/\/uni.hi.is\/davidth\/wp-json\/wp\/v2\/comments?post=48"}],"version-history":[{"count":12,"href":"https:\/\/uni.hi.is\/davidth\/wp-json\/wp\/v2\/pages\/48\/revisions"}],"predecessor-version":[{"id":59,"href":"https:\/\/uni.hi.is\/davidth\/wp-json\/wp\/v2\/pages\/48\/revisions\/59"}],"wp:attachment":[{"href":"https:\/\/uni.hi.is\/davidth\/wp-json\/wp\/v2\/media?parent=48"}],"curies":[{"name":"wp","href":"https:\/\/api.w.org\/{rel}","templated":true}]}}