{"id":11,"date":"2022-01-13T10:03:32","date_gmt":"2022-01-13T10:03:32","guid":{"rendered":"https:\/\/uni.hi.is\/disah\/?page_id=11"},"modified":"2022-01-13T12:28:58","modified_gmt":"2022-01-13T12:28:58","slug":"cv","status":"publish","type":"page","link":"https:\/\/uni.hi.is\/disah\/cv\/","title":{"rendered":"CV"},"content":{"rendered":"<p><span style=\"font-family: georgia, palatino, serif;font-size: 12pt\"><strong>Menntun<\/strong><\/span><br \/>\n<span style=\"font-family: georgia, palatino, serif;font-size: 12pt\">1994 BS \u00ed jar\u00f0fr\u00e6\u00f0i fr\u00e1 H\u00e1sk\u00f3la \u00cdslands<\/span><\/p>\n<p><span style=\"font-family: georgia, palatino, serif;font-size: 12pt\"><strong>Starfsferill<\/strong><\/span><br \/>\n<span style=\"font-family: georgia, palatino, serif;font-size: 12pt\">2004- Jar\u00f0v\u00edsindastofnun H\u00e1sk\u00f3lans.<br \/>\n-\u00a0 \u00a0 \u00a0Verkefnar\u00e1\u00f0inn s\u00e9rfr\u00e6\u00f0ingur hj\u00e1 Magn\u00fasi Tuma Gu\u00f0mundssyni.<\/span><br \/>\n<span style=\"font-family: georgia, palatino, serif;font-size: 12pt\">1996-2004 Raunv\u00edsindastofnun H\u00e1sk\u00f3lans - jar\u00f0e\u00f0lisfr\u00e6\u00f0istofa.<br \/>\n-\u00a0 \u00a0 \u00a0Verkefnar\u00e1\u00f0inn s\u00e9rfr. hj\u00e1 Magn\u00fasi Tuma.<\/span><br \/>\n<span style=\"font-family: georgia, palatino, serif;font-size: 12pt\">1995-1996 Raunv\u00edsindastofnun H\u00e1sk\u00f3lans - jar\u00f0e\u00f0lisfr\u00e6\u00f0istofa.<br \/>\n-\u00a0 \u00a0 \u00a0Verkefnar\u00e1\u00f0inn s\u00e9rfr. hj\u00e1 Helga Bj\u00f6rnssyni.<\/span><br \/>\n<span style=\"font-family: georgia, palatino, serif;font-size: 12pt\">1993-1994 Raunv\u00edsindastofnun H\u00e1sk\u00f3lans - jar\u00f0e\u00f0lisfr\u00e6\u00f0istofa.<br \/>\n-\u00a0 \u00a0 \u00a0Lausr\u00e1\u00f0in hj\u00e1 Le\u00f3 Kristj\u00e1nssyni og Helga.<\/span><\/p>\n<p><span style=\"font-family: georgia, palatino, serif;font-size: 12pt\">* * * * * * * * * * * * * *<\/span><\/p>\n<p><span style=\"font-family: georgia, palatino, serif;font-size: 12pt\"><strong>Curriculum Vitae<\/strong><\/span><br \/>\n<span style=\"font-family: georgia, palatino, serif;font-size: 12pt\">1994 BS in geology, University of Iceland<\/span><\/p>\n<p><span style=\"font-family: georgia, palatino, serif;font-size: 12pt\">2004- Institute of Earth Sciences.<br \/>\n-\u00a0 \u00a0 \u00a0Research associate working with Magn\u00fas Tumi Gu\u00f0mundsson.<\/span><br \/>\n<span style=\"font-family: georgia, palatino, serif;font-size: 12pt\">1996-2004 Science Institute - Division of geophysics.<br \/>\n-\u00a0 \u00a0 \u00a0Research associate working with Magn\u00fas Tumi.<\/span><br \/>\n<span style=\"font-family: georgia, palatino, serif;font-size: 12pt\">1995-1996 Science Institute - Division of geophysics.<br \/>\n-\u00a0 \u00a0 \u00a0Research associate working with Helgi Bj\u00f6rnsson.<\/span><br \/>\n<span style=\"font-family: georgia, palatino, serif;font-size: 12pt\">1993-1994 Science Institute - Division of geophysics.<br \/>\n-\u00a0 \u00a0 \u00a0Working with Le\u00f3 Kristj\u00e1nsson and Helgi Bj\u00f6rnsson.<\/span><\/p>\n","protected":false},"excerpt":{"rendered":"<p>Menntun 1994 BS \u00ed jar\u00f0fr\u00e6\u00f0i fr\u00e1 H\u00e1sk\u00f3la \u00cdslands Starfsferill 2004- Jar\u00f0v\u00edsindastofnun H\u00e1sk\u00f3lans. -\u00a0 \u00a0 \u00a0Verkefnar\u00e1\u00f0inn s\u00e9rfr\u00e6\u00f0ingur hj\u00e1 Magn\u00fasi Tuma Gu\u00f0mundssyni. 1996-2004 Raunv\u00edsindastofnun H\u00e1sk\u00f3lans - jar\u00f0e\u00f0lisfr\u00e6\u00f0istofa. -\u00a0 \u00a0 \u00a0Verkefnar\u00e1\u00f0inn s\u00e9rfr. hj\u00e1 Magn\u00fasi Tuma. 1995-1996 Raunv\u00edsindastofnun H\u00e1sk\u00f3lans - jar\u00f0e\u00f0lisfr\u00e6\u00f0istofa. -\u00a0 \u00a0 \u00a0Verkefnar\u00e1\u00f0inn s\u00e9rfr. hj\u00e1 Helga Bj\u00f6rnssyni. 1993-1994 Raunv\u00edsindastofnun H\u00e1sk\u00f3lans - jar\u00f0e\u00f0lisfr\u00e6\u00f0istofa. -\u00a0 \u00a0 \u00a0Lausr\u00e1\u00f0in hj\u00e1 Le\u00f3 Kristj\u00e1nssyni [&hellip;]<\/p>\n","protected":false},"author":1181,"featured_media":0,"parent":0,"menu_order":0,"comment_status":"closed","ping_status":"closed","template":"","meta":{"footnotes":""},"class_list":["post-11","page","type-page","status-publish","hentry"],"_links":{"self":[{"href":"https:\/\/uni.hi.is\/disah\/wp-json\/wp\/v2\/pages\/11","targetHints":{"allow":["GET"]}}],"collection":[{"href":"https:\/\/uni.hi.is\/disah\/wp-json\/wp\/v2\/pages"}],"about":[{"href":"https:\/\/uni.hi.is\/disah\/wp-json\/wp\/v2\/types\/page"}],"author":[{"embeddable":true,"href":"https:\/\/uni.hi.is\/disah\/wp-json\/wp\/v2\/users\/1181"}],"replies":[{"embeddable":true,"href":"https:\/\/uni.hi.is\/disah\/wp-json\/wp\/v2\/comments?post=11"}],"version-history":[{"count":5,"href":"https:\/\/uni.hi.is\/disah\/wp-json\/wp\/v2\/pages\/11\/revisions"}],"predecessor-version":[{"id":99,"href":"https:\/\/uni.hi.is\/disah\/wp-json\/wp\/v2\/pages\/11\/revisions\/99"}],"wp:attachment":[{"href":"https:\/\/uni.hi.is\/disah\/wp-json\/wp\/v2\/media?parent=11"}],"curies":[{"name":"wp","href":"https:\/\/api.w.org\/{rel}","templated":true}]}}