{"id":42,"date":"2019-06-23T11:52:26","date_gmt":"2019-06-23T11:52:26","guid":{"rendered":"http:\/\/uni.hi.is\/dln\/?page_id=42"},"modified":"2023-05-26T13:21:19","modified_gmt":"2023-05-26T13:21:19","slug":"publications","status":"publish","type":"page","link":"https:\/\/uni.hi.is\/dln\/english\/publications\/","title":{"rendered":"Publications"},"content":{"rendered":"<p>&nbsp;<\/p>\n<p><span style=\"font-size: 14pt\"><strong>Books:<\/strong>\u00a0<\/span><\/p>\n<p><em>Icelandic. An Essential Grammar. <\/em>London\/New York: Routledge 2021.<\/p>\n<p><em>Colloquial Icelandic: The Complete Course for Beginners<\/em> (book and audio). Revised Edition. London\/New York: Routledge 2013. 398 bls. ISBN 978-0-415-52746-0 (<em>Colloquial Icelandic: A Complete Course for Beginners<\/em> (book and CD\/cassettes). London\/New York: Routledge 2001. ISBN 0-415-20708-8.)<\/p>\n<p><em>The Icelandic Voice in Canadian Letters<\/em>. Ottawa: Carleton University Press, 1997. ISBN 0-88629-317-0.<\/p>\n<p>&nbsp;<\/p>\n<p><strong><span style=\"font-size: 14pt\">Editions<\/span>:<\/strong><\/p>\n<p>Ed. and intro. with Gunn\u00fe\u00f3runn Gu\u00f0mundsd\u00f3ttir. <em>Minni og gleymska<\/em> [Memory and Forgetting]. <em>Riti<\/em><em>\u00f0<\/em> Special Issue Vol. 13. No. 1 (2013). 226 pp. ISSN 1670-0139.<\/p>\n<p>Ed. and intro.\u00a0 <em>A History of Icelandic Literature<\/em>.\u00a0 Vol. 5 in <em>Histories of Icelandic Literature<\/em>.\u00a0 Ed. Sven Rossel. Lincoln: University of Nebraska Press, 2006.\u00a0 ISBN-13 978-0-8032-3346-1.<\/p>\n<p>Ed.\u00a0 <em>Perkensian Rambles: A Collection of Essays in Honour of Richard Perkins<\/em>.\u00a0 London: Department of Scandinavian Studies\/UCL, 2005.<\/p>\n<p>Ed. and intro. with Gunn\u00fe\u00f3runn Gu\u00f0mundsd\u00f3ttir. \u00a0<em>The Silent Music of the Clouds: 100 Years with Halld<\/em><em>\u00f3<\/em><em>r Laxness.\u00a0 Scandinavica <\/em>Special Issue\u00a0 Vol. 42. No. 1 (May 2003). 204 pp.\u00a0 ISSN 0036-5653.<\/p>\n<p>&nbsp;<\/p>\n<p><span style=\"font-size: 14pt\"><strong>Articles:<\/strong><\/span><\/p>\n<p>\u201cIslands and War: Remembering the Allied Occupation in Iceland.\u201d In <em>Iceland \u2013 Ireland and the TransAtlantic Peripheral: Memory, Literature, Culture<\/em>.\u00a0 Eds. Fionuala Dilland and Gunn\u00fe\u00f3runn Gu\u00f0mundsd\u00f3ttir. Leiden: Brill, 2022. Pp. 108-34.<\/p>\n<p>\u201cThe Allied Occupation of Iceland: Indri\u00f0i G. \u00deorsteinsson\u2019s <em>North of War<\/em>.\u201d In <em>Nordic War Stories: World War II as History, Fiction, Media, and Memory<\/em>.\u00a0 Ed. Marianne Stecher-Hansen. New York \/ Oxford: Berghahn, 2021. Pp. 287-307.<\/p>\n<p>\u201cComplex Nostalgias: North, Pastness and Community Survival in Arnaldur Indri\u00f0ason\u2019s <em>Strange Shores<\/em> and Ann Cleeves\u2019 <em>Blue Lightning<\/em>.\u201d In <em>Noir in the North: Genre, Politics and Place<\/em>.\u00a0 Eds. Stacy Gillis and Gunn\u00fe\u00f3runn Gu\u00f0mundsd\u00f3ttir. London: Bloomsbury, 2019. Pp. 85-99.<\/p>\n<p>\u201cStr\u00ed\u00f0 og gl\u00e6pir \u00ed sk\u00e1lds\u00f6gum Arnaldar Indri\u00f0asonar.\u201d Tr. \u00dalfhildur Dagsd\u00f3ttir. <em>T\u00edmarit M\u00e1ls og menningar<\/em> 81.3 (Sept. 2020): 5-30.<\/p>\n<p>\u201cNorse Mythology in Icelandic Fiction on the Second World War.\u201d In <em>Northern Myths, Modern Identities: <\/em><em>The Nationalisation of Northern Mythologies since 1800<\/em>.\u00a0 Ed. Simon Halink.\u00a0 Leiden\/Boston: Brill, 2019. Pp. 115-126.<\/p>\n<p>\u201cM\u00e1l til samskipta e\u00f0a tengsla? Gildi \u00edslenskunnar \u00ed Vesturheimi.\u201d In <em>Sigurtunga. Vestur-\u00edslenskt m\u00e1l og menning<\/em>. Eds. H\u00f6skuldur \u00der\u00e1insson, Birna Arnbj\u00f6rnsd\u00f3ttir and \u00dalfar Bragason. University of Iceland Press, 2018. Pp. 279-302.<\/p>\n<p>with Gunn\u00fe\u00f3runn Gu\u00f0mundsd\u00f3ttir. \u00a0\u201eLiterary Mediation and Reception of Memories of War: Hallgr\u00edmur Hallgr\u00edmsson\u2019s \u2018Under the Republic\u2019s Flag\u2019.\u201d In <em>The Twentieth Century in European Memory: Transcultural Mediation and Reception<\/em>. Eds. Barbara T\u00f6rnquist-Plewa and Tea Sindb\u00e6k Andersen. Brill, 2017. Pp. 220-239.<\/p>\n<p>\u201cWar and Crime in the Work of Arnaldur Indri\u00f0ason.\u201c <em>Tijdschrift voor Skandinavistiek<\/em> 35.1 (2017): 4-25.\u00a0 &lt;<a href=\"http:\/\/ugp.rug.nl\/tvs\/article\/view\/29433\/26761\">ugp.rug.nl\/tvs\/article\/view\/29433\/26761<\/a>&gt;<\/p>\n<p>\u201cSoldiers and Other Monsters: the Allied Occupation in Icelandic Fiction<em>.<\/em>\u201d\u00a0 <em>Scandinavian-Canadian Studies<\/em> 23 (2016): 96-120.\u00a0 &lt;<a href=\"http:\/\/www.scancan.net\/pdf\/neijmann_1_23.pdf&gt;\">www.scancan.net\/pdf\/neijmann_1_23.pdf&gt;<\/a><\/p>\n<p>\u201e\u2019\u00c1 landam\u00e6rahafinu\u2019: Huglei\u00f0ingar um s\u00f6gur Sv\u00f6vu Jakobsd\u00f3ttur.\u201c <em>T\u00edmarit M\u00e1ls og menningar<\/em> 77.2 (June 2016): 66-74.<\/p>\n<p>\u201c\u2019Foreign\u2019 Immigrants Write Back: The Publication of Laura Goodman Salverson\u2019s <em>The Viking Heart.<\/em>\u201d \u00a0<em>Translation Effects: The Shaping of Modern Canadian Culture<\/em>.\u00a0 Eds. Kathy Mezei, Sherry Simon, og Luise von Flotow. Montreal\/Kingston: McGill-Queen\u2019s University Press, 2014. Pp. 163-73. ISBN 978-0-7735-4316-4.<\/p>\n<p>\u201c\u2019... sem allur \u00feungi heimsstyrjaldar l\u00e6gi \u00ed skauti hennar\u2019: \u00e1standskonur \u00ed \u00edslenskum hern\u00e1mss\u00f6gum eftir karla.\u201d <em>Fl\u00e9ttur III: Jafnr\u00e9tti, menning, samf\u00e9lag<\/em>. Eds. Annad\u00eds Gr\u00e9ta R\u00fad\u00f3lfsd\u00f3ttir, Gu\u00f0ni El\u00edsson, Ing\u00f3lfur \u00c1sgeir J\u00f3hannesson and Irma Erlendsd\u00f3ttir. Reykjav\u00edk: RIKK\/H\u00e1sk\u00f3la\u00fatg\u00e1fan, 2014.\u00a0 PP. 196-213. ISBN 978-9935-23-017-1.<\/p>\n<p>\u201c\u2019A Fabulous Potency\u2019: Masculinity in Icelandic War Literature.\u201d <em>Men after War<\/em>. Eds. S.P. McVeigh og N. Cooper. Routledge Research in Gender and History. London\/New York: Routledge, 2013. Pp. 152-69. ISBN13: 978-0-415-82565-8.<\/p>\n<p>\u201c\u2019Hrings\u00f3l um dulinn kjarna.\u2019 Minni og gleymska \u00ed \u00fer\u00edleik \u00d3lafs J\u00f3hanns Sigur\u00f0ssonar. \u201d <em>Riti\u00f0<\/em> 12.1 (2012): 115-39.<\/p>\n<p>\u201cForeign Fictions of Iceland.\u201d <em>Iceland<\/em><em> and Images of the North<\/em>. Eds. Daniel Chartier og Sumarli\u00f0i \u00cdsleifsson. Montr\u00e9al: Presses de l\u00b4Universit\u00e9 de Qu\u00e9bec, 2011. Pp. 481-584.<\/p>\n<p>With Cristina Ros i Sole and Jelena Calic. \u201eA social and self-reflective approach to MALL [Mobile Assisted Language Learning].\u201c \u00a0<em>ReCALL<\/em> 22.1 (Jan. 2010): 39-52.<\/p>\n<p>\u201cThe Image of Iceland in UK Fiction\u201d. <em>Scandinavica<\/em> 48.2 (2009): 26-58.<\/p>\n<p>\u201c\u2019Girl Interrupting\u2019: History and Art as Clairvoyance in the Fiction of Vigd\u00eds Gr\u00edmsd\u00f3ttir.\u201d <em>Scandinavian-Canadian Studies<\/em> 17 (2007): 1-16.\u00a0 ISSN 0823-1796 (<a href=\"http:\/\/lettuce.tapor.uvic.ca\/cocoon\/journals\/scancan\/article.pdf?id=neijmann_1_17\">lettuce.tapor.uvic.ca\/cocoon\/journals\/scancan\/article.pdf?id=neijmann_1_17<\/a>)<\/p>\n<p>\u201c\u2019A\u00f0 skrifa \u00cdsland inn \u00ed umheiminn\u2019: \u00fe\u00fd\u00f0ingar \u00e1 \u00cdslandi \u00ed menningarkennslu og b\u00f3kmenntas\u00f6gu erlendis.\u201d <em>Riti\u00f0<\/em> 7.2-3 (2007): 241-53.\u00a0 ISSN 1670-0139<\/p>\n<p>\u201c\u2019New\u2019 Icelandic Literature: Icelandic-Canadian Challenges to Icelandic Cultural Identity.\u201d\u00a0 <em>Centring on the Peripheries: Studies in Scandinavian, Scottish, Gaelic and Greenlandic Literature<\/em>.\u00a0 Ed. Bjarne Thomsen.\u00a0 Norwich: Norvik Press, 2007.\u00a0 Pp. 185-99.\u00a0 ISBN 978-1-870041-66-9.<\/p>\n<p>\u201cIcelandic Canadian Literature.\u201d\u00a0 <em>A History of Icelandic Literature<\/em>.\u00a0 Ed. Daisy Neijmann.\u00a0 Lincoln, Nebraska: University of Nebraska Press, 2006.\u00a0 Pp. 608-642.<\/p>\n<p>\u201cIn Search of an Icelandic Literature: The History and Practice of Early Icelandic Literary Historiography.\u201d\u00a0 <em>Scandinavica<\/em> 45.1 (May 2006): 43-73.\u00a0 ISSN 0036-5653.<\/p>\n<p>\u201cLaura Goodman Salverson\u201d. <em>The Literary Encyclopedia: Literature in English around the World<\/em>.\u00a0 Ed. Robert Clark.\u00a0 &lt;<a href=\"https:\/\/www.litencyc.com\/php\/speople.php?rec=true&amp;UID=3923\">www.litencyc.com\/php\/speople.php?rec=true&amp;UID=3923<\/a>&gt;.<\/p>\n<p>\u201c\u2019Many Masks Merge in an Island Face\u2019: Re-imagining an Orcadian Past.\u201d\u00a0 In <em>Words in their Places: A Festschrift for J. Lachlan Mackenzie<\/em>.\u00a0 Eds. Henk Aertsen, Mike Hannay and Rod Lyall.\u00a0 Amsterdam: VU Press, 2004.\u00a0 Pp. 111-122.\u00a0 ISBN 90-9018747-2.<\/p>\n<p>\u201c\u2018Cracking the Boundaries\u2019: Icelandic-Canadian Challenges to Canadian Literature.\u201d\u00a0 In <em>Adjacencies: Minority Writing in Canada<\/em>.\u00a0 Eds. Lianne Moyes, Licia Canton and Domenic A. Beneventi.\u00a0 Essay Series 49.\u00a0 Toronto\/Lancaster: Guernica, 2004.\u00a0 Pp. 56-77.\u00a0 ISBN 1-55071-167-9.<\/p>\n<p>\u201cLaura \u2019L\u00e1rusd\u00f3ttir\u2019 Salverson: Walking in the Narrative Ways of the Father.\u201d In <em>Rediscovering Canadian Difference<\/em>. Ed. Gudrun Bj\u00f6rk Gudsteins. The Nordic Association for Canadian Studies Text Series 17. Reykjav\u00edk: University of Iceland Press, 2001.\u00a0 Pp. 153-164.\u00a0 ISBN 9979-54-4791.<\/p>\n<p>\u201c\u2018Beyond Icelandic\u2019: Teaching in a Heritage Language and Literature Department.\u201d <em>Scandinavian-Canadian Studies<\/em> 13 (2000-2001): 62-73. ISSN 0823-1796<\/p>\n<p>\u201cDamned with Faint Praise: The Reception of Laura Goodman Salverson\u2019s Works by the Icelandic Canadian Community.\u201d<em> Scandinavian-Canadian Studies<\/em> 12 (1999): 40-62. ISSN 0823-1796<\/p>\n<p>\u201cFighting with Blunt Swords: Laura Goodman Salverson and the Beginnings of a Canadian Literary Canon.\u201d <em>Essays on Canadian Writing<\/em> 67 (Summer 1999): 138-73.\u00a0 ISSN 0313-0301<\/p>\n<p>\u201cIcelandic-Canadian Literature And Anglophone Minority Writing In Canada.\u201d\u00a0 <em>World Literature Today<\/em>, special issue on contemporary literatures in Canada 73.2 (Spring 1999): 245-55.\u00a0 ISSN 060-680<\/p>\n<p>\u201cLaura Goodman Salverson and the Marginalization of Ethnic-Canadian Female Identity in Early Twentieth-Century Canadian Literature.\u201d <em>Canada<\/em><em> and the Nordic Countries in Times of Reorientation: Literature &amp; Criticism<\/em>.\u00a0 Ed. J\u00f8rn Carlsen.\u00a0 The Nordic Association for Canadian Studies Text Series 12.\u00a0 Aarhus, Denmark: University of Aarhus, 1998.\u00a0 Pp. 163-82.<\/p>\n<p>\u201cCommunity and Identity in Icelandic-Canadian Literature.\u201d\u00a0 <em>Scandinavian-Canadian Studies<\/em> 10 (1997): 53-75.<\/p>\n<p>\u201cIn Search of the Canadian Icelander: Writing an Icelandic-Canadian Identity into Canadian Literature.\u201d <em>Canadian Ethnic Studies<\/em> 29.3 (1997): 64-74.<\/p>\n<p>With David G. Delafenetre. \u201cThe Netherlandic and Scandinavian Transition in Canada: A Sociological and Literary Perspective.\u201d <em>International Journal for Canadian Studies<\/em> 15 (Spring 1997): 209-30.<\/p>\n<p>\u201cA Failure of Imagination? Icelandic-Canadian Literary Culture in the \u2018Canadian Mosaic\u2019.\u201d In <em>Chicago\/Amsterdam, A Man of Two Cities: Essays in Memoriam of August J. Fry<\/em>.\u00a0 Eds. Henk Aertsen and Richard Todd.\u00a0 Amsterdam: VU Press 1996.\u00a0 Pp. 73-91.\u00a0 ISBN 90-5383-474 5.<\/p>\n<p>\u201cIslenska r\u00f6ddin \u00ed kanad\u00edskum b\u00f3kmenntum.\u201d <em>Sk\u00edrnir<\/em> (Spring 1996): 145-71.<\/p>\n<p>\u201cLaura Goodman Salverson, Guttormur J. Guttormsson, and the Dual World of Second-Generation Canadian Authors.\u201d <em>Scandinavian-Canadian Studies<\/em> 8 (1995): 19-36.<\/p>\n<p>&nbsp;<\/p>\n<p><span style=\"font-size: 14pt\"><strong>Reviews:<\/strong><\/span><\/p>\n<p>\u201cRanns\u00f3knir \u00e1 str\u00ed\u00f0s\u00e1rum. Arnaldur Indri\u00f0ason: <em>\u00de\u00fdska h\u00fasi\u00f0<\/em>.\u201d <em>B\u00f3kmenntavefurinn<\/em>, Dec. 2015. &lt;http:\/\/bokmenntir.is\/desktopdefault.aspx\/tabid-3409\/5648_read-39724\/6711_view-6399\/&gt;.<\/p>\n<p>Frans J. Schryer.\u00a0 <em>The Netherlandic Presence in Ontario: Pillars, Class and Dutch Ethnicity<\/em>.\u00a0 <em>Canadian Ethnic Studies<\/em> 31.2 (1999): 154-56.<\/p>\n<p>Joan Clark. <em>Eir\u00edksd\u00f3ttir<\/em>. <em>The Icelandic Canadian<\/em> 53.2 (winter 1994): 108-10.<\/p>\n<p>Magn\u00fas Einarsson. <em>Icelandic-Canadian Oral Narratives<\/em> and <em>Icelandic-Canadian Memory Lore<\/em>. <em>Canadian Ethnic Studies<\/em> 27.2 (1995): 215-17.<\/p>\n<p>&nbsp;<\/p>\n<p><span style=\"font-size: 14pt\"><strong>Other:<\/strong><\/span><\/p>\n<p>with J\u00f3n Karl Helgason and Olga Holownia. <em>Icelandic Online V<\/em>: for advanced students, focussing on the student\u2019s development in cultural literacy \u2013 13 chapters, of which I developed and wrote four. Reykjav\u00edk: The University of Iceland, 11 December 2013. &lt;<a href=\"http:\/\/icelandiconline.is\/index.html\">icelandiconline.is\/index.html<\/a>&gt;.<\/p>\n<p>with Birna Arnbj\u00f6rnsd\u00f3ttir et al. <em>Icelandic Online<\/em>: an interactive educational website in Icelandic as a second language, including 600 exercises in total (grammar, vocabulary, comprehension, listening, reading and writing). Reykjav\u00edk: The University of Iceland, 27 August 2004. <em>Icelandic Online II<\/em>, 28 June 2005. \u00a0&lt;<a href=\"http:\/\/www.icelandiconline.com\">www.icelandiconline.com<\/a>&gt;.<\/p>\n","protected":false},"excerpt":{"rendered":"<p>&nbsp; Books:\u00a0 Icelandic. An Essential Grammar. London\/New York: Routledge 2021. Colloquial Icelandic: The Complete Course for Beginners (book and audio). Revised Edition. London\/New York: Routledge 2013. 398 bls. ISBN 978-0-415-52746-0 (Colloquial Icelandic: A Complete Course for Beginners (book and CD\/cassettes). London\/New York: Routledge 2001. ISBN 0-415-20708-8.) The Icelandic Voice in Canadian Letters. Ottawa: Carleton University [&hellip;]<\/p>\n","protected":false},"author":1512,"featured_media":0,"parent":11,"menu_order":3,"comment_status":"closed","ping_status":"closed","template":"","meta":{"footnotes":""},"class_list":["post-42","page","type-page","status-publish","hentry"],"_links":{"self":[{"href":"https:\/\/uni.hi.is\/dln\/wp-json\/wp\/v2\/pages\/42","targetHints":{"allow":["GET"]}}],"collection":[{"href":"https:\/\/uni.hi.is\/dln\/wp-json\/wp\/v2\/pages"}],"about":[{"href":"https:\/\/uni.hi.is\/dln\/wp-json\/wp\/v2\/types\/page"}],"author":[{"embeddable":true,"href":"https:\/\/uni.hi.is\/dln\/wp-json\/wp\/v2\/users\/1512"}],"replies":[{"embeddable":true,"href":"https:\/\/uni.hi.is\/dln\/wp-json\/wp\/v2\/comments?post=42"}],"version-history":[{"count":9,"href":"https:\/\/uni.hi.is\/dln\/wp-json\/wp\/v2\/pages\/42\/revisions"}],"predecessor-version":[{"id":156,"href":"https:\/\/uni.hi.is\/dln\/wp-json\/wp\/v2\/pages\/42\/revisions\/156"}],"up":[{"embeddable":true,"href":"https:\/\/uni.hi.is\/dln\/wp-json\/wp\/v2\/pages\/11"}],"wp:attachment":[{"href":"https:\/\/uni.hi.is\/dln\/wp-json\/wp\/v2\/media?parent=42"}],"curies":[{"name":"wp","href":"https:\/\/api.w.org\/{rel}","templated":true}]}}