{"id":1183,"date":"2015-04-02T13:36:54","date_gmt":"2015-04-02T13:36:54","guid":{"rendered":"http:\/\/uni.hi.is\/eirikur\/?page_id=1183"},"modified":"2019-01-30T14:51:40","modified_gmt":"2019-01-30T14:51:40","slug":"thjonusta","status":"publish","type":"page","link":"https:\/\/uni.hi.is\/eirikur\/stjornun\/thjonusta\/","title":{"rendered":"\u00dej\u00f3nusta"},"content":{"rendered":"<h3>Ritnefndarma\u00f0ur<\/h3>\n<ul>\n<li><em>International Journal of Applied Linguistics<\/em> (1991-1995)<\/li>\n<li><em>\u00cdslenskt m\u00e1l<\/em> (fr\u00e1 1988)<\/li>\n<li><em>Nordic Journal of Linguistics<\/em> (fr\u00e1 2001)<\/li>\n<li><em>Syntax<\/em> (1998-2002)<\/li>\n<\/ul>\n<h3>Ritr\u00fdnir t\u00edmaritsgreina og b\u00f3karkafla fyrir<\/h3>\n<ul>\n<li><em>English Language and Linguistics<\/em><\/li>\n<li><em>H\u00e1sk\u00f3la\u00fatg\u00e1funa<\/em><\/li>\n<li><em>\u00cdslenskt m\u00e1l<\/em><\/li>\n<li><em>Journal of Linguistics<\/em><\/li>\n<li><em>Language Resources and Evaluation<\/em><\/li>\n<li><em>Milli m\u00e1la<\/em><\/li>\n<li><em>Natural Language and Linguistic Theory<\/em><\/li>\n<li><em>Nordic Journal of Linguistics<\/em><\/li>\n<li><em>Plos One<\/em><\/li>\n<li><em>Riti\u00f0<\/em><\/li>\n<li><em>Samt\u00ed\u00f0 - t\u00edmarit um menningu og samf\u00e9lag<\/em><\/li>\n<li><em>Studia Linguistica<\/em><\/li>\n<li><em>Transactions of the Philological Society<\/em><\/li>\n<li><em>Uppeldi og menntun<\/em><\/li>\n<\/ul>\n<h3>Ritr\u00fdnir r\u00e1\u00f0stefnugreina fyrir<\/h3>\n<ul>\n<li><em>DHN<\/em> 2018<\/li>\n<li><em>NoDaLiDa<\/em> 2017<\/li>\n<li><em>DHN<\/em> 2016<\/li>\n<li><em>Baltic HLT<\/em> 2016<\/li>\n<li><em>DiGS17<\/em> 2015<\/li>\n<li><em>NoDaLiDa<\/em> 2015<\/li>\n<li><em>LREC<\/em> 2014<\/li>\n<li><em>Baltic HLT<\/em> 2014<\/li>\n<li><em>NoDaLiDa<\/em> 2013<\/li>\n<li><em>ICHL21<\/em> 2013<\/li>\n<li><em>LThist<\/em> 2012<\/li>\n<li><em>Baltic HLT<\/em> 2012<\/li>\n<li><em>NoDaLiDa<\/em> 2011<\/li>\n<li><em>IceTAL<\/em> 2010<\/li>\n<li><em>NoDaLiDa<\/em> 2009<\/li>\n<li><em>NoDaLiDa<\/em> 2007<\/li>\n<li><em>TLT<\/em> 2003<\/li>\n<\/ul>\n<h3>Ritr\u00fdnir ums\u00f3kna fyrir<\/h3>\n<ul>\n<li>Arts and Humanities Research Board, Bretlandi<\/li>\n<li>Center for Advanced Study, Osl\u00f3<\/li>\n<li>European Science Foundation<\/li>\n<li>National Science Foundation, Bandar\u00edkjunum<\/li>\n<li>NorFA<\/li>\n<li>NOS-H<\/li>\n<li>Ranns\u00f3knarn\u00e1mssj\u00f3\u00f0<\/li>\n<li>Ranns\u00f3knasj\u00f3\u00f0 H\u00e1sk\u00f3la \u00cdslands<\/li>\n<li>V\u00edsindasj\u00f3\u00f0\/Rann\u00ads\u00f3kna\u00adsj\u00f3\u00f0<\/li>\n<\/ul>\n","protected":false},"excerpt":{"rendered":"<p>Ritnefndarma\u00f0ur International Journal of Applied Linguistics (1991-1995) \u00cdslenskt m\u00e1l (fr\u00e1 1988) Nordic Journal of Linguistics (fr\u00e1 2001) Syntax (1998-2002) Ritr\u00fdnir t\u00edmaritsgreina og b\u00f3karkafla fyrir English Language and Linguistics H\u00e1sk\u00f3la\u00fatg\u00e1funa \u00cdslenskt m\u00e1l Journal of Linguistics Language Resources and Evaluation Milli m\u00e1la Natural Language and Linguistic Theory Nordic Journal of Linguistics Plos One Riti\u00f0 Samt\u00ed\u00f0 - t\u00edmarit [&hellip;]<\/p>\n","protected":false},"author":141,"featured_media":0,"parent":9,"menu_order":0,"comment_status":"closed","ping_status":"closed","template":"","meta":{"footnotes":""},"class_list":["post-1183","page","type-page","status-publish","hentry"],"_links":{"self":[{"href":"https:\/\/uni.hi.is\/eirikur\/wp-json\/wp\/v2\/pages\/1183","targetHints":{"allow":["GET"]}}],"collection":[{"href":"https:\/\/uni.hi.is\/eirikur\/wp-json\/wp\/v2\/pages"}],"about":[{"href":"https:\/\/uni.hi.is\/eirikur\/wp-json\/wp\/v2\/types\/page"}],"author":[{"embeddable":true,"href":"https:\/\/uni.hi.is\/eirikur\/wp-json\/wp\/v2\/users\/141"}],"replies":[{"embeddable":true,"href":"https:\/\/uni.hi.is\/eirikur\/wp-json\/wp\/v2\/comments?post=1183"}],"version-history":[{"count":6,"href":"https:\/\/uni.hi.is\/eirikur\/wp-json\/wp\/v2\/pages\/1183\/revisions"}],"predecessor-version":[{"id":1432,"href":"https:\/\/uni.hi.is\/eirikur\/wp-json\/wp\/v2\/pages\/1183\/revisions\/1432"}],"up":[{"embeddable":true,"href":"https:\/\/uni.hi.is\/eirikur\/wp-json\/wp\/v2\/pages\/9"}],"wp:attachment":[{"href":"https:\/\/uni.hi.is\/eirikur\/wp-json\/wp\/v2\/media?parent=1183"}],"curies":[{"name":"wp","href":"https:\/\/api.w.org\/{rel}","templated":true}]}}