{"id":1249,"date":"2015-11-20T09:13:48","date_gmt":"2015-11-20T09:13:48","guid":{"rendered":"http:\/\/uni.hi.is\/eirikur\/?page_id=1249"},"modified":"2023-09-07T22:19:00","modified_gmt":"2023-09-07T22:19:00","slug":"onnur-ritverk","status":"publish","type":"page","link":"https:\/\/uni.hi.is\/eirikur\/ritaskra\/onnur-ritverk\/","title":{"rendered":"\u00d6nnur ritverk"},"content":{"rendered":"<h3>Anna\u00f0 efni, \u00fatgefi\u00f0 og \u00f3\u00fatgefi\u00f0<\/h3>\n<p>Flest \u00feessara verka m\u00e1 n\u00e1lgast \u00e1 netinu me\u00f0 \u00fev\u00ed a\u00f0 smella \u00e1 titilinn.<br \/>\nAthugi\u00f0 \u00fe\u00f3 a\u00f0 ekki er alltaf um a\u00f0 r\u00e6\u00f0a endanlega ger\u00f0 \u00fatgefinna verka.<\/p>\n<ol reversed=\"\">\n<li>Eir\u00edkur R\u00f6gnvaldsson. 2023. <a href=\"https:\/\/hugras.is\/2023\/03\/stada-kennslugreinarinnar-islensku-i-haskolanum\/\">Sta\u00f0a kennslugreinarinnar \u00edslensku \u00ed H\u00e1sk\u00f3lanum.<\/a>\u00a0<em>Hugr\u00e1s, vefrit Hugv\u00edsindasvi\u00f0s<\/em>, 20. mars.<\/li>\n<li>Eir\u00edkur R\u00f6gnvaldsson. 2020. <a href=\"https:\/\/hugras.is\/2020\/01\/pisa-prof-gagnsemi-gallar-og-urbaetur\/\">PISA-pr\u00f3f \u2013 gagnsemi, gallar og \u00farb\u00e6tur.<\/a>\u00a0<em>Hugr\u00e1s, vefrit Hugv\u00edsindasvi\u00f0s<\/em>, 21. jan\u00faar.<\/li>\n<li>Eir\u00edkur R\u00f6gnvaldsson. 2020. <a href=\"https:\/\/ordogtunga.arnastofnun.is\/index.php\/ord-og-tunga\/article\/view\/71\/56\">CLARIN\u00ad-mi\u00f0st\u00f6\u00f0 \u00e1 Stofnun \u00c1rna Magn\u00fassonar \u00ed \u00edslenskum fr\u00e6\u00f0um.<\/a>\u00a0<em>Or\u00f0 og tunga\u00a0<\/em>22:119-125.<\/li>\n<li>Gauti Kristmannsson, Eir\u00edkur R\u00f6gnvaldsson og Eileen Schnur. 2019. Country Profile Iceland. <a href=\"http:\/\/www.lr-coordination.eu\/sites\/default\/files\/ELRC_Conference\/ELRCWhitePaper.pdf\">ELRC White Paper. Sustainable Language Data Sharing to Support Language Equality in Multilingual Europe<\/a>, s. 87-91. Saarbr\u00fccken.<\/li>\n<li>Eir\u00edkur R\u00f6gnvaldsson. 2019. <a href=\"http:\/\/hugras.is\/2019\/09\/islenska-og-utlendingar\">\u00cdslenska og \u00fatlendingar.<\/a>\u00a0<em>Hugr\u00e1s, vefrit Hugv\u00edsindasvi\u00f0s<\/em>, 19. september.<\/li>\n<li>Eir\u00edkur R\u00f6gnvaldsson. 2019. <a href=\"https:\/\/stundin.is\/grein\/9240\/mannanafnalog-og-islensk-malstefna\/\">Mannanafnal\u00f6g og \u00edslensk m\u00e1lstefna.<\/a>\u00a0<em>Stundin<\/em>, 25. j\u00fan\u00ed.<\/li>\n<li>Eir\u00edkur R\u00f6gnvaldsson. 2018. <a href=\"http:\/\/hugras.is\/2018\/11\/islenskan-aldarafmaeli-fullveldis\/\">\u00cdslenskan \u00e1 aldarafm\u00e6li fullveldis.<\/a>\u00a0<em>Hugr\u00e1s, vefrit Hugv\u00edsindasvi\u00f0s,<\/em> 21. n\u00f3vember.<\/li>\n<li>Eir\u00edkur R\u00f6gnvaldsson. 2018.\u00a0<a href=\"https:\/\/grapevine.is\/mag\/articles\/2018\/10\/08\/ask-a-linguist-why-does-no-icelandic-word-start-with-d\/\">Ask A Linguist: Why Does No Icelandic Word Start With \u201c\u00d0\u201d?<\/a>\u00a0<em>The Reykjavik Grapevine<\/em>, 8. okt\u00f3ber.<\/li>\n<li>Eir\u00edkur R\u00f6gnvaldsson. 2018.\u00a0<a href=\"https:\/\/grapevine.is\/mag\/2018\/07\/12\/ask-a-linguist-why-is-icelandic-such-a-difficult-language-to-learn\/\">Ask A Linguist: Why Is Icelandic Such A Difficult Language To Learn?<\/a> <em>The Reykjavik\u00a0<\/em><em>Grapevine<\/em>, 12. j\u00fan\u00ed.<\/li>\n<li>Eir\u00edkur R\u00f6gnvaldsson. 2018. <a href=\"http:\/\/www.visir.is\/g\/2018180509730\">Brostin undirsta\u00f0a.<\/a>\u00a0<em>Fr\u00e9ttabla\u00f0i\u00f0<\/em>, 3. ma\u00ed.<\/li>\n<li>Eir\u00edkur R\u00f6gnvaldsson. 2017. <a href=\"http:\/\/www.visir.is\/g\/2017170419097\">Falleg or\u00f0 - en f\u00e1tt um efndir.<\/a>\u00a0<em>Fr\u00e9ttabla\u00f0i\u00f0<\/em>, 19. apr\u00edl.<\/li>\n<li>Eir\u00edkur R\u00f6gnvaldsson. 2016. <a href=\"http:\/\/eirikur.hi.is\/tolvumal.jpg\">Stafr\u00e6nt l\u00edf \u00edslenskunnar - e\u00f0a stafr\u00e6nn dau\u00f0i?<\/a> <em>T\u00f6lvum\u00e1l<\/em> 41,1:6-7.<\/li>\n<li>Eir\u00edkur R\u00f6gnvaldsson. 2016. <a href=\"http:\/\/hugras.is\/2016\/07\/breytingar-a-mannanafnaloggjof\/\">Breytingar \u00e1 mannanafnal\u00f6ggj\u00f6f.<\/a> <em>Hugr\u00e1s, vefrit Hugv\u00edsindasvi\u00f0s<\/em>, 23. j\u00fal\u00ed.<\/li>\n<li>Eir\u00edkur R\u00f6gnvaldsson. 2016. <a href=\"http:\/\/hugras.is\/2016\/02\/serislenskir-bokstafir-sjalfsmynd-islendinga-og-framtidarthroun-islensku\/\/\">S\u00e9r\u00edslenskir b\u00f3kstafir, sj\u00e1lfsmynd \u00cdslendinga og framt\u00ed\u00f0ar\u00fer\u00f3un \u00edslensku.<\/a> <em>Hugr\u00e1s, vefrit Hugv\u00edsindasvi\u00f0s<\/em>, 24. febr\u00faar.<\/li>\n<li>Eir\u00edkur R\u00f6gnvaldsson. 2016. <a href=\"\/\/www.visir.is\/islenskan-a-ad-njota-vafans\/article\/2016160119201\">\u00cdslenskan \u00e1 a\u00f0 nj\u00f3ta vafans.<\/a> <em>Fr\u00e9ttabla\u00f0i\u00f0<\/em>, 16. jan\u00faar.<\/li>\n<li>Eir\u00edkur R\u00f6gnvaldsson. 2015. <a href=\"http:\/\/hugras.is\/2015\/11\/opinn-adgangur-ad-greinum-og-gognum\/\">Opinn a\u00f0gangur a\u00f0 greinum og g\u00f6gnum.<\/a> <em>Hugr\u00e1s, vefrit Hugv\u00edsindasvi\u00f0s<\/em>, 25. n\u00f3vember.<\/li>\n<li>Eir\u00edkur R\u00f6gnvaldsson. 2015. <a href=\"http:\/\/hugras.is\/2015\/11\/ad-breyta-fjalli-stadli\/\">A\u00f0 breyta <span style=\"text-decoration: line-through\">fjalli<\/span> sta\u00f0li.<\/a> <em>Hugr\u00e1s, vefrit Hugv\u00edsindasvi\u00f0s<\/em>, 15. n\u00f3vember.<\/li>\n<li>Eir\u00edkur R\u00f6gnvaldsson. 2015. <a href=\"http:\/\/hugras.is\/2015\/11\/er-hrakspa-rasks-ad-raetast\/\">Er hraksp\u00e1 Rasks a\u00f0 r\u00e6tast?<\/a> <em>Hugr\u00e1s, vefrit Hugv\u00edsindasvi\u00f0s<\/em>, 6. n\u00f3vember.<\/li>\n<li>Eir\u00edkur R\u00f6gnvaldsson. 2015. <a href=\"http:\/\/hugras.is\/2015\/10\/verdur-islenska-gjaldgeng-i-stafraenum-heimi\/\">Ver\u00f0ur \u00edslenska gjaldgeng \u00ed stafr\u00e6num heimi?<\/a> <em>Hugr\u00e1s, vefrit Hugv\u00edsindasvi\u00f0s<\/em>, 29. okt\u00f3ber.<\/li>\n<li>Eir\u00edkur R\u00f6gnvaldsson. 2014. <a href=\"http:\/\/www.hugras.is\/2014\/09\/tilraun-i-kennslu-astaeda-forsaga-utfaersla-utkoma\/\">Tilraun \u00ed kennslu - \u00e1st\u00e6\u00f0a, forsaga, \u00fatf\u00e6rsla, \u00fatkoma.<\/a> <em>Hugr\u00e1s, vefrit Hugv\u00edsindasvi\u00f0s<\/em>, 3. september.<\/li>\n<li>Eir\u00edkur R\u00f6gnvaldsson. 2014. <a href=\"https:\/\/eirikur.hi.is\/kemst.pdf\">Opi\u00f0 erlent netn\u00e1mskei\u00f0 fl\u00e9tta\u00f0 inn \u00ed n\u00e1mskei\u00f0 vi\u00f0 H\u00e1sk\u00f3la \u00cdslands.<\/a> <em>Fr\u00e9ttabla\u00f0 Kennslumi\u00f0st\u00f6\u00f0var 2014.<\/em><\/li>\n<li>Eir\u00edkur R\u00f6gnvaldsson. 2011. <a href=\"https:\/\/eirikur.hi.is\/Samhverfur.pdf\">Form\u00e1li.<\/a> Bragi Valdimar Sk\u00falason (ritstj.): <em>Riddararaddir.<\/em> 33 \u00edslenskar samhverfur me\u00f0 myndum, s. 6-7. (V\u00edsd\u00f3msrit Baggal\u00fats 1.) Baggal\u00fatur, Rekjav\u00edk.<\/li>\n<li>Eir\u00edkur R\u00f6gnvaldsson. 2011. <a href=\"http:\/\/www.hugras.is\/2011\/11\/islensk-talkennsl-og-talgerving\/\">\u00cdslensk talkennsl og talgerving.<\/a> <em><a href=\"http:\/\/www.hugras.is\/\">Hugr\u00e1s, vefrit Hugv\u00edsindasvi\u00f0s<\/a><\/em>, 4. n\u00f3vember.<\/li>\n<li>Eir\u00edkur R\u00f6gnvaldsson. 2011. <a href=\"http:\/\/www.hugras.is\/2011\/09\/i-kennslustund-hja-chomsky\/\">\u00cd kennslustund hj\u00e1 Chomsky.<\/a> <em><a href=\"http:\/\/www.hugras.is\/\">Hugr\u00e1s, vefrit Hugv\u00edsindasvi\u00f0s<\/a><\/em>, 21. september.<\/li>\n<li>Eir\u00edkur R\u00f6gnvaldsson. 2011. <a href=\"http:\/\/www.hugras.is\/2011\/05\/margmala-evropskt-malt%C3%A6knisamstarf\/\">Margm\u00e1la evr\u00f3pskt m\u00e1lt\u00e6knisamstarf.<\/a> <em><a href=\"http:\/\/www.hugras.is\/\">Hugr\u00e1s, vefrit Hugv\u00edsindasvi\u00f0s<\/a><\/em>, 6. ma\u00ed.<\/li>\n<li>Eir\u00edkur R\u00f6gnvaldsson. 2011. <a href=\"http:\/\/www.hugras.is\/2011\/04\/dyr-or%C3%B0\/\">D\u00fdr or\u00f0.<\/a> <em><a href=\"http:\/\/www.hugras.is\/\">Hugr\u00e1s, vefrit Hugv\u00edsindasvi\u00f0s<\/a><\/em>, 8. apr\u00edl.<\/li>\n<li>Eir\u00edkur R\u00f6gnvaldsson. 2011. <a href=\"http:\/\/www.hugras.is\/2011\/03\/kann-tolvan-thin-islensku\/\">Kann t\u00f6lvan \u00fe\u00edn \u00edslensku?<\/a> <em><a href=\"http:\/\/www.hugras.is\/\">Hugr\u00e1s, vefrit Hugv\u00edsindasvi\u00f0s<\/a><\/em>, 10. mars.<\/li>\n<li>Eir\u00edkur R\u00f6gnvaldsson. 2011. <a href=\"http:\/\/www.hugras.is\/2011\/03\/frumvarp-um-stodu-islenskrar-tungu-og-taknmals\/\">Frumvarp um st\u00f6\u00f0u \u00edslenskrar tungu og t\u00e1knm\u00e1ls.<\/a> <em><a href=\"http:\/\/www.hugras.is\/\">Hugr\u00e1s, vefrit Hugv\u00edsindasvi\u00f0s<\/a><\/em>, 2. mars.<\/li>\n<li>Eir\u00edkur R\u00f6gnvaldsson. 2010. <a href=\"http:\/\/eirikur.hi.is\/lti.pdf\">The State of Icelandic LT.<\/a> <em>Clarin Newsletter<\/em> 11-12:17.<\/li>\n<li>Eir\u00edkur R\u00f6gnvaldsson. 2010. <a href=\"http:\/\/eirikur.hi.is\/isuppmal.pdf\">\u00cdslenska, uppl\u00fdsingat\u00e6kni og m\u00e1lt\u00e6kni \u2013 fort\u00ed\u00f0 og framt\u00ed\u00f0<\/a>. [\u00d3prentu\u00f0 grein.]<\/li>\n<li>Eir\u00edkur R\u00f6gnvaldsson. 2010. <a href=\"http:\/\/eirikur.hi.is\/Ritun.pdf\"><em>Ritger\u00f0asm\u00ed\u00f0.<\/em><\/a>[\u00d3prenta\u00f0 kennsluhefti.]<\/li>\n<li>Eir\u00edkur R\u00f6gnvaldsson. 2009. <a href=\"http:\/\/eirikur.hi.is\/malmal.pdf\">M\u00e1lt\u00e6kni og m\u00e1lstefna \u2013 \u00edslenska innan uppl\u00fdsingat\u00e6kninnar.<\/a> <em>Sk\u00edma<\/em> 1:40-43.<\/li>\n<li>Eir\u00edkur R\u00f6gnvaldsson. 2008. <a href=\"http:\/\/eirikur.hi.is\/ut.pdf\">Framt\u00ed\u00f0 \u00edslensku innan uppl\u00fdsingat\u00e6kninnar.<\/a> [\u00d3prentu\u00f0 grein.]<\/li>\n<li>Eir\u00edkur R\u00f6gnvaldsson, Bj\u00f6rn Kristinsson og S\u00e6mundur \u00deorsteinsson. 2006. <a href=\"http:\/\/www.ut.is\/UTbladid2006\/nr\/2226\">N\u00fdr \u00edslenskur \u00feulur a\u00f0 koma \u00e1 marka\u00f0.<\/a> <em><a href=\"http:\/\/www.ut.is\/media\/utblad06\/utbladjan05.pdf\">UT-bla\u00f0i\u00f0<\/a><\/em> 20. jan\u00faar, s. 26.<\/li>\n<li>Eir\u00edkur R\u00f6gnvaldsson. 2006. <a href=\"http:\/\/eirikur.hi.is\/ttoh.pdf\">Tungut\u00e6kniverkefni sem Or\u00f0ab\u00f3k H\u00e1sk\u00f3lans tekur \u00fe\u00e1tt \u00ed.<\/a> <em>Or\u00f0 og tunga<\/em> 8:57-59.<\/li>\n<li>Eir\u00edkur R\u00f6gnvaldsson. 2006. <a href=\"http:\/\/eirikur.hi.is\/islupp.jpg\">\u00cdslenska og uppl\u00fdsingat\u00e6kni.<\/a> <em>Morgunbla\u00f0i\u00f0<\/em> 8. febr\u00faar, s. 30.<\/li>\n<li>Fers\u00f8e, Hanne, Eir\u00edkur R\u00f6gnvaldsson og Koenraad de Smedt. 2005. <a href=\"http:\/\/books.google.com\/books?id=VaVDn3xwP50C&amp;lpg=PA13&amp;dq=Eir%C3%ADkur%20R%C3%B6gnvaldsson%20Koenraad%20de%20Smedt&amp;pg=PA13#v=onepage&amp;q&amp;f=false\">NorDokNet \u2013 Network of Nordic Documentation Centres \u2013 Contacts to Future Baltic Partners.<\/a> Henrik Holmboe (ritstj.): <em>Nordisk Sprogteknologi. \u00c5rbog 2005<\/em>:13-23.<\/li>\n<li>Eir\u00edkur R\u00f6gnvaldsson. 2005. <a href=\"http:\/\/eirikur.hi.is\/center04.pdf\">Icelandic Documentation Center for Language Technology<\/a>. Henrik Holmboe (ritstj.): <em>Nordisk Sprogteknologi. \u00c5rbog 2004<\/em>:31-33.<\/li>\n<li>Eir\u00edkur R\u00f6gnvaldsson. 2005. <a href=\"http:\/\/www.sky.is\/index.php?option=com_content&amp;task=view&amp;id=55&amp;Itemid=85\">Sta\u00f0a \u00edslenskrar tungut\u00e6kni vi\u00f0 lok tungut\u00e6kni\u00e1taks.<\/a> <em>T\u00f6lvum\u00e1l<\/em> 24.2.<\/li>\n<li>Eir\u00edkur R\u00f6gnvaldsson. 2004. <a href=\"http:\/\/eirikur.hi.is\/center03.pdf\">Icelandic Documentation Center for Language Technology.<\/a> Henrik Holmboe (ritstj.): <em>Nordisk Sprogteknologi. \u00c5rbog 2003<\/em>:29-30.<\/li>\n<li>Eir\u00edkur R\u00f6gnvaldsson. 2002. <a href=\"http:\/\/eirikur.hi.is\/corpspok.pdf\">Corpus of Spoken Icelandic (\u00cdS-TAL).<\/a> Henrik Holmboe (ritstj.): <em>Nordisk Sprog<\/em>\u00ad<em>teknologi. \u00c5rbog 2001<\/em>:43-44.<\/li>\n<li>Eir\u00edkur R\u00f6gnvaldsson. 2002. <em><a href=\"http:\/\/eirikur.hi.is\/ritun.htm\">Lei\u00f0beiningar um ritger\u00f0asm\u00ed\u00f0.<\/a> <\/em>H\u00e1sk\u00f3la \u00cdslands, Reykjav\u00edk.<\/li>\n<li>R\u00f6gnvaldur \u00d3lafsson og Eir\u00edkur R\u00f6gnvaldsson. 1999. <a href=\"http:\/\/timarit.is\/view_page_init.jsp?pageId=2364766\">Sk\u00fdrsla um tungut\u00e6kni.<\/a> <em>T\u00f6lvum\u00e1l<\/em> 24,3:30-32.<\/li>\n<li>Eir\u00edkur R\u00f6gnvaldsson. 1999. <a href=\"http:\/\/timarit.is\/view_page_init.jsp?pageId=1936801\">N\u00fd n\u00e1mslei\u00f0 \u00ed \u00edslensku vi\u00f0 H\u00cd.<\/a> <em>Morgunbla\u00f0i\u00f0<\/em> 1. j\u00fan\u00ed, s. 43.<\/li>\n<li>Eir\u00edkur R\u00f6gnvaldsson. 1998. Tungut\u00e6kni. <em>M\u00edmir <\/em>46:69-71.<\/li>\n<li>Eir\u00edkur R\u00f6gnvaldsson. 1998. <a href=\"http:\/\/eirikur.hi.is\/vefurinn.pdf\">Vefurinn \u00ed kennslu.<\/a> <em>Fr\u00e9ttabr\u00e9f H\u00e1sk\u00f3la \u00cdslands<\/em> mars.<\/li>\n<li>Eir\u00edkur R\u00f6gnvaldsson. 1997. <a href=\"http:\/\/eirikur.hi.is\/skima4.pdf\">Af starfi Verkefnisstj\u00f3rnar \u00ed \u00edslensku \u00e1 vegum L\u00fd\u00f0veldissj\u00f3\u00f0s.<\/a> <em>Sk\u00edma<\/em> 20,2:6.<\/li>\n<li>Eir\u00edkur R\u00f6gnvaldsson. 1997. <a href=\"http:\/\/eirikur.hi.is\/verkstj\/skima3.htm\">Af starfi Verkefnisstj\u00f3rnar \u00ed \u00edslensku \u00e1 vegum L\u00fd\u00f0veldissj\u00f3\u00f0s.<\/a> <em>Sk\u00edma<\/em> 20,1:6.<\/li>\n<li>Eir\u00edkur R\u00f6gnvaldsson. 1996. <a href=\"http:\/\/eirikur.hi.is\/verkstj\/skima2.htm\">Af starfi Verkefnisstj\u00f3rnar \u00ed \u00edslensku \u00e1 vegum L\u00fd\u00f0veldissj\u00f3\u00f0s.<\/a> <em>Sk\u00edma<\/em> 19,1:45-46.<\/li>\n<li>Eir\u00edkur R\u00f6gnvaldsson. 1996. <a href=\"http:\/\/eirikur.hi.is\/netsamband.pdf\">Netsamband vi\u00f0 s\u00f6fn Or\u00f0ab\u00f3kar H\u00e1sk\u00f3lans.<\/a> <em>Sk\u00edma<\/em> 19,1:43-44.<\/li>\n<li>Eir\u00edkur R\u00f6gnvaldsson. 1995. <a href=\"http:\/\/eirikur.hi.is\/verkstj\/skima1.htm\">N\u00fd rit um \u00edslenskt m\u00e1l.<\/a> <em>Sk\u00edma<\/em> 18,2:45-48.<\/li>\n<li>Eir\u00edkur R\u00f6gnvaldsson. 1994. <a href=\"http:\/\/eirikur.hi.is\/baekur.pdf\">N\u00fdlegar kennslub\u00e6kur og handb\u00e6kur \u00ed m\u00e1lfr\u00e6\u00f0i.<\/a> <em>Sk\u00edma<\/em> 17,1:45-47.<\/li>\n<li>Eir\u00edkur R\u00f6gnvaldsson. 1994. <a href=\"http:\/\/eirikur.hi.is\/abyrgd.pdf\">Hver ber \u00e1byrg\u00f0 \u00e1 \u00edslenskukennslunni \u00ed H\u00e1sk\u00f3la \u00cdslands?<\/a> <em>Sk\u00edma<\/em> 17,1:31-33.<\/li>\n<li>Eir\u00edkur R\u00f6gnvaldsson. 1991. <a href=\"http:\/\/eirikur.hi.is\/vandi.pdf\">Vandi \u00edslenskrar tungu og vi\u00f0br\u00f6g\u00f0 vi\u00f0 honum.<\/a> <em>Sk\u00edma<\/em> 14,2:9.<\/li>\n<li>Eir\u00edkur R\u00f6gnvaldsson. 1991. <a href=\"http:\/\/eirikur.hi.is\/kress.pdf\">\u00cdslenskan og Helga Kress.<\/a> <em>St\u00fadentafr\u00e9ttir<\/em> 7. t\u00f6lubla\u00f0.<\/li>\n<li>Eir\u00edkur R\u00f6gnvaldsson. 1991. <a href=\"http:\/\/timarit.is\/view_page_init.jsp?pageId=1750344\">Minnkandi \u00edslenskukunn\u00e1tta? - Versnandi \u00edslenskukennsla?<\/a> <em>Morgunbla\u00f0i\u00f0<\/em> 12. september, s. 22.<\/li>\n<li>Eir\u00edkur R\u00f6gnvaldsson og \u00d6rn\u00f3lfur Thorsson. 1989. <a href=\"http:\/\/eirikur.hi.is\/forntext.pdf\">Fornir textar \u00ed t\u00f6lvubanka.<\/a> <em>Saga News<\/em> 4:19-24.<\/li>\n<li>Gu\u00f0ni Olgeirsson, Eir\u00edkur R\u00f6gnvaldsson, Sesselja \u00de\u00f3r\u00f0ard\u00f3ttir, Sigur\u00f0ur Konr\u00e1\u00f0sson og \u00de\u00f3runn Bl\u00f6ndal. 1989. <em>Um lesskilning og or\u00f0afor\u00f0a.<\/em> Sk\u00fdrsla nefndar \u00e1 vegum menntam\u00e1lar\u00e1\u00f0herra 1989.<\/li>\n<li>Eir\u00edkur R\u00f6gnvaldsson. 1988. <a href=\"http:\/\/eirikur.hi.is\/kennsla2.pdf\">Um \u00edslenskun\u00e1m vi\u00f0 H\u00e1sk\u00f3la \u00cdslands s\u00ed\u00f0asta \u00e1ratug - og hva\u00f0 svo?<\/a> <em>M\u00edmir <\/em>[kom aldrei \u00fat].<\/li>\n<li>Eir\u00edkur R\u00f6gnvaldsson. 1988. <a href=\"http:\/\/eirikur.hi.is\/kennsla1.pdf\">Kennaran\u00e1m \u00ed \u00edslensku vi\u00f0 H\u00e1sk\u00f3la \u00cdslands.<\/a> <em>Sk\u00edma<\/em> 11,1:6-8.<\/li>\n<li>Eir\u00edkur R\u00f6gnvaldsson og Vilhj\u00e1lmur Sigurj\u00f3nsson. 1988. <em>WordPerfect kennsluefni.<\/em> Ritm\u00e1l hf., Reykjav\u00edk.<\/li>\n<li>Eir\u00edkur R\u00f6gnvaldsson. 1988. <a href=\"http:\/\/eirikur.hi.is\/sprog.pdf\">Islandsk sprogpolitik.<\/a> <em>Spr\u00e5k i Norden<\/em>, bls. 56-63.<\/li>\n<li>Eir\u00edkur R\u00f6gnvaldsson. 1997. \u00c1 b\u00f3kasafninu. Kynning \u00e1 f\u00e1einum fagt\u00edmaritum. <em>M\u00edmir<\/em> 26,1:55-58.<\/li>\n<li>Eir\u00edkur R\u00f6gnvaldsson. 1985. <a href=\"http:\/\/eirikur.hi.is\/mal-thjv.pdf\">\u00dej\u00f3\u00f0f\u00e9lagsbreytingar, st\u00e9ttam\u00e1l og \u00edslensk m\u00e1lstefna.<\/a> <em>\u00dej\u00f3\u00f0viljinn<\/em> 5. ma\u00ed, s. 7-8.<\/li>\n<li>Eir\u00edkur R\u00f6gnvaldsson. 1985. <a href=\"http:\/\/eirikur.hi.is\/hveigisl.pdf\">Hverjir eiga \u00edslensku?<\/a> <em>Morgunbla\u00f0i\u00f0<\/em> 1. ma\u00ed, s. 32-33.<\/li>\n<li>Eir\u00edkur R\u00f6gnvaldsson. 1985. <a href=\"http:\/\/eirikur.hi.is\/malstefn.pdf\">M\u00e1lstefnan \u00ed n\u00fat\u00ed\u00f0 og framt\u00ed\u00f0.<\/a> <em>Sk\u00edma<\/em> 8,1:7-10.<\/li>\n<li>Eir\u00edkur R\u00f6gnvaldsson. 1984. <a href=\"http:\/\/eirikur.hi.is\/matthias.pdf\">Er \u00feetta h\u00e6gt Matth\u00edas?<\/a> <em>Morgunbla\u00f0i\u00f0<\/em> 4. ma\u00ed, s. 22-23.<\/li>\n<li>Eir\u00edkur R\u00f6gnvaldsson. 1984. <a href=\"http:\/\/eirikur.hi.is\/daglmal.pdf\">Daglegt m\u00e1l. \u00de\u00e6ttir fluttir \u00ed R\u00edkis\u00fatvarpinu sumari\u00f0 1984.<\/a> [\u00d3prenta\u00f0.]<\/li>\n<li>Eir\u00edkur R\u00f6gnvaldsson. 1980. <a href=\"http:\/\/timarit.is\/view_page_init.jsp?pageId=1524307\">Enn um <span style=\"font-family: Liberation Serif,serif\">\u201e<\/span>d\u00f6nskum\u00e1li\u00f0<span style=\"font-family: Liberation Serif,serif\">\u201c<\/span>.<\/a> <em>Morgunbla\u00f0i\u00f0<\/em> 11. mars, s. 37.<\/li>\n<\/ol>\n","protected":false},"excerpt":{"rendered":"<p>Anna\u00f0 efni, \u00fatgefi\u00f0 og \u00f3\u00fatgefi\u00f0 Flest \u00feessara verka m\u00e1 n\u00e1lgast \u00e1 netinu me\u00f0 \u00fev\u00ed a\u00f0 smella \u00e1 titilinn. Athugi\u00f0 \u00fe\u00f3 a\u00f0 ekki er alltaf um a\u00f0 r\u00e6\u00f0a endanlega ger\u00f0 \u00fatgefinna verka. Eir\u00edkur R\u00f6gnvaldsson. 2023. Sta\u00f0a kennslugreinarinnar \u00edslensku \u00ed H\u00e1sk\u00f3lanum.\u00a0Hugr\u00e1s, vefrit Hugv\u00edsindasvi\u00f0s, 20. mars. Eir\u00edkur R\u00f6gnvaldsson. 2020. PISA-pr\u00f3f \u2013 gagnsemi, gallar og \u00farb\u00e6tur.\u00a0Hugr\u00e1s, vefrit Hugv\u00edsindasvi\u00f0s, 21. [&hellip;]<\/p>\n","protected":false},"author":141,"featured_media":0,"parent":15,"menu_order":2,"comment_status":"closed","ping_status":"closed","template":"","meta":{"footnotes":""},"class_list":["post-1249","page","type-page","status-publish","hentry"],"_links":{"self":[{"href":"https:\/\/uni.hi.is\/eirikur\/wp-json\/wp\/v2\/pages\/1249","targetHints":{"allow":["GET"]}}],"collection":[{"href":"https:\/\/uni.hi.is\/eirikur\/wp-json\/wp\/v2\/pages"}],"about":[{"href":"https:\/\/uni.hi.is\/eirikur\/wp-json\/wp\/v2\/types\/page"}],"author":[{"embeddable":true,"href":"https:\/\/uni.hi.is\/eirikur\/wp-json\/wp\/v2\/users\/141"}],"replies":[{"embeddable":true,"href":"https:\/\/uni.hi.is\/eirikur\/wp-json\/wp\/v2\/comments?post=1249"}],"version-history":[{"count":21,"href":"https:\/\/uni.hi.is\/eirikur\/wp-json\/wp\/v2\/pages\/1249\/revisions"}],"predecessor-version":[{"id":5440,"href":"https:\/\/uni.hi.is\/eirikur\/wp-json\/wp\/v2\/pages\/1249\/revisions\/5440"}],"up":[{"embeddable":true,"href":"https:\/\/uni.hi.is\/eirikur\/wp-json\/wp\/v2\/pages\/15"}],"wp:attachment":[{"href":"https:\/\/uni.hi.is\/eirikur\/wp-json\/wp\/v2\/media?parent=1249"}],"curies":[{"name":"wp","href":"https:\/\/api.w.org\/{rel}","templated":true}]}}