{"id":176,"date":"2010-05-16T12:14:17","date_gmt":"2010-05-16T12:14:17","guid":{"rendered":"http:\/\/uni.hi.is\/eirikur\/?page_id=176"},"modified":"2023-03-02T15:23:55","modified_gmt":"2023-03-02T15:23:55","slug":"baekur","status":"publish","type":"page","link":"https:\/\/uni.hi.is\/eirikur\/ritaskra\/baekur\/","title":{"rendered":"B\u00e6kur"},"content":{"rendered":"<h3>B\u00e6kur og gagnagrunnar<\/h3>\n<p>Flest \u00feessara verka m\u00e1 n\u00e1lgast \u00e1 netinu me\u00f0 \u00fev\u00ed a\u00f0 smella \u00e1 titilinn.<br \/>\nAthugi\u00f0 \u00fe\u00f3 a\u00f0 ekki er alltaf um a\u00f0 r\u00e6\u00f0a endanlega ger\u00f0 \u00fatgefinna verka.<\/p>\n<ol reversed=\"\">\n<li>Eir\u00edkur R\u00f6gnvaldsson. 2022.\u00a0<em>Alls konar \u00edslenska.<\/em> M\u00e1l og menning, Reykjav\u00edk.<\/li>\n<li>Eir\u00edkur R\u00f6gnvaldsson. 2013. <a href=\"http:\/\/issuu.com\/eirikurr\/docs\/hoi\"><em>Hlj\u00f3\u00f0kerfi og or\u00f0hlutakerfi \u00edslensku<\/em>.<\/a> [Rafr\u00e6n \u00fatg\u00e1fa.] Reykjav\u00edk.<\/li>\n<li>\u00de\u00f3rhallur Ey\u00fe\u00f3rsson, Lars Borin, Dag Haug og Eir\u00edkur R\u00f6gnvaldsson (ritstj.). 2013. <a href=\"http:\/\/www.ep.liu.se\/ecp\/087\/ecp13087.pdf\"><em>Proceedings of the Workshop on Computational Historical Linguistics at NODALIDA 2013.<\/em><\/a> NEALT Proceedings Series 18. Link\u00f6ping Electronic Conference Proceedings, Link\u00f6ping.<\/li>\n<li>De Smedt, Koenraad, Lars Borin, Krister Lind\u00e9n, Bente Maegaard, Eir\u00edkur R\u00f6gnvaldsson og Kadri Vider (ritstj.). 2013. <a href=\"http:\/\/www.ep.liu.se\/ecp\/089\/ecp13089.pdf\"><em>Proceedings of the Workshop on Nordic Language Research Infrastructure at NODALIDA 2013.<\/em><\/a> NEALT Proceedings Series 20. Link\u00f6ping Electronic Conference Proceedings, Link\u00f6ping.<\/li>\n<li>Eir\u00edkur R\u00f6gnvaldsson, Krist\u00edn M. J\u00f3hannsd\u00f3ttir, Sigr\u00fan Helgad\u00f3ttir og Stein\u00fe\u00f3r Steingr\u00edmsson. 2012. <a href=\"http:\/\/www.meta-net.eu\/whitepapers\/e-book\/icelandic.pdf\"><em>\u00cdslensk tunga \u00e1 stafr\u00e6nni \u00f6ld \/ The Icelandic Language in the Digital Age.<\/em><\/a> META-NET White Paper Series. Springer, Berl\u00edn.<\/li>\n<li>Einar Freyr Sigur\u00f0sson, Anton Karl Ingason, Joel C. Wallenberg og Eir\u00edkur R\u00f6gnvaldsson. 2012. Faroese Parsed Historical Corpus (FarPaHC). Version 0.1. https:\/\/github.com\/einarfs\/farpahc\/downloads<\/li>\n<li>Eir\u00edkur R\u00f6gnvaldsson. 2012. <a href=\"http:\/\/issuu.com\/eirikurr\/docs\/ritun2012\">Ritger\u00f0asm\u00ed\u00f0.<\/a> [Rafr\u00e6n \u00fatg\u00e1fa.] Reykjav\u00edk.<\/li>\n<li>Wallenberg, Joel C., Anton Karl Ingason, Einar Freyr Sigur\u00f0sson og Eir\u00edkur R\u00f6gnvaldsson. 2011.<a href=\"http:\/\/www.linguist.is\/icelandic_treebank\"><em>Icelandic Parsed Historical Corpus (IcePaHC).<\/em><\/a> Version 0.9. http:\/\/www.linguist.is\/icelandic_treebank<\/li>\n<li>Eir\u00edkur R\u00f6gnvaldsson, Krist\u00edn M. J\u00f3hannsd\u00f3ttir, Stein\u00fe\u00f3r Steingr\u00edmsson, Hrafn Loftsson og Sigr\u00fan Helgad\u00f3ttir. 2011. <a href=\"http:\/\/www.meta-net.eu\/whitepapers\/download\/meta-net-languagewhitepaper-icelandic.pdf\"><em>Languages in the European Information Society \u2013 Icelandic.<\/em><\/a> META-NET DFKI Projektb\u00fcro, Berl\u00edn.<\/li>\n<li>Hrafn Loftsson, Eir\u00edkur R\u00f6gnvaldsson og Sigr\u00fan Helgad\u00f3ttir (ritstj.). 2010. <em><a href=\"http:\/\/books.google.com\/books?id=Kd7y_Rap5KkC&amp;lpg=PP3&amp;dq=%22eir%C3%ADkur%20r%C3%B6gnvaldsson%22&amp;pg=PP1#v=onepage&amp;q=%22eir%C3%ADkur%20r%C3%B6gnvaldsson%22&amp;f=false\">Advances in Natural Language Processing: 7th International Conference on NLP, Icetal 2010, Reykjavik, Iceland, August 16-18, 2010, Proceedings.<\/a><\/em> Springer, Berl\u00edn.<\/li>\n<li>Domeij, Rickard, Kimmo Koskenniemi, Steven Krauwer, Bente Maegaard, Eir\u00edkur R\u00f6gnvaldsson og Koenraad de Smedt (ritstj.). 2009. <a href=\"http:\/\/hdl.handle.net\/10062\/9207\"><em>Proceedings of the NODALIDA 2009 workshop Nordic Perspectives on the CLARIN Infrastructure of Language Resources<\/em><\/a>. Northern European Association for Language Technology (NEALT), Tartu University Library.<\/li>\n<li>Berglj\u00f3t Kristj\u00e1nsd\u00f3ttir, Eir\u00edkur R\u00f6gnvaldsson, Gu\u00f0r\u00fan Ing\u00f3lfsd\u00f3ttir og \u00d6rn\u00f3lfur Thorsson (ritstj.). 1996. <a href=\"http:\/\/snara.is\/vefbaekur\/g.aspx?dbid=5&amp;txt=sagn\">\u00cdslendinga s\u00f6gur. Or\u00f0st\u00f6\u00f0ulykill og texti.<\/a> M\u00e1l og menning, Reykjav\u00edk.<\/li>\n<li>Eir\u00edkur R\u00f6gnvaldsson. 1993. <em><a href=\"http:\/\/eirikur.hi.is\/hljkfr.pdf\">\u00cdslensk hlj\u00f3\u00f0kerfisfr\u00e6\u00f0i.<\/a><\/em> M\u00e1lv\u00edsindastofnun H\u00e1sk\u00f3la \u00cdslands, Reykjav\u00edk.<\/li>\n<li>J\u00f6rgen Pind og Eir\u00edkur R\u00f6gnvaldsson (ritstj.). 1990. <a href=\"https:\/\/www.aclweb.org\/anthology\/W89-0100.pdf\"><em>Papers from the Seventh Scandinavian Conference of Computational Linguistics.<\/em><\/a> Institute of Lexicography and Institute of Linguistics, Reykjav\u00edk.<\/li>\n<li>Eir\u00edkur R\u00f6gnvaldsson. 1990. <em><a href=\"http:\/\/eirikur.hi.is\/ordarod.pdf\">Um or\u00f0ar\u00f6\u00f0 og f\u00e6rslur \u00ed \u00edslensku.<\/a><\/em> M\u00e1lfr\u00e6\u00f0iranns\u00f3knir 2. M\u00e1lv\u00edsindastofnun H\u00e1sk\u00f3la \u00cdslands, Reykjav\u00edk.<\/li>\n<li>Eir\u00edkur R\u00f6gnvaldsson. 1990. <a href=\"http:\/\/eirikur.hi.is\/hljfr.pdf\"><em>\u00cdslensk hlj\u00f3\u00f0fr\u00e6\u00f0i<\/em><\/a> handa framhaldssk\u00f3lum. M\u00e1l og menning, Reykjav\u00edk.<\/li>\n<li>Eir\u00edkur R\u00f6gnvaldsson. 1990. <em><a href=\"http:\/\/eirikur.hi.is\/ordhlfr.pdf\">\u00cdslensk or\u00f0hlutafr\u00e6\u00f0i.<\/a><\/em> Kennslukver handa nemendum \u00e1 h\u00e1sk\u00f3lastigi. 4. \u00fatg\u00e1fa. M\u00e1lv\u00edsindastofnun H\u00e1sk\u00f3la \u00cdslands, Reykjav\u00edk.<\/li>\n<li>Eir\u00edkur R\u00f6gnvaldsson. 1989. <em><a href=\"http:\/\/eirikur.hi.is\/Rim.pdf\">\u00cdslensk r\u00edmor\u00f0ab\u00f3k.<\/a><\/em> I\u00f0unn, Reykjav\u00edk.<\/li>\n<li>Eir\u00edkur R\u00f6gnvaldsson. 1989. <em>\u00cdslensk hlj\u00f3\u00f0fr\u00e6\u00f0i<\/em>. Kennslukver handa nemendum \u00e1 h\u00e1sk\u00f3lastigi. M\u00e1lv\u00edsindastofnun H\u00e1sk\u00f3la \u00cdslands, Reykjav\u00edk.<\/li>\n<li>Eir\u00edkur R\u00f6gnvaldsson. 1984. <em><a href=\"http:\/\/eirikur.hi.is\/im.pdf\">\u00cdslensk m\u00e1lfr\u00e6\u00f0i.<\/a><\/em><a href=\"http:\/\/eirikur.hi.is\/im.pdf\"> Hlj\u00f3\u00f0kerfisfr\u00e6\u00f0i og beygingafr\u00e6\u00f0i.<\/a> [Fj\u00f6lritu\u00f0 kennslub\u00f3k.] Reykjav\u00edk.<\/li>\n<li>Eir\u00edkur R\u00f6gnvaldsson. 1983. <em>\u00cdslensk hlj\u00f3\u00f0kerfisfr\u00e6\u00f0i.<\/em> [Fj\u00f6lrita\u00f0 kennslukver, 52 s.]<\/li>\n<li>Eir\u00edkur R\u00f6gnvaldsson. 1983. <em>\u00cdslensk or\u00f0hlutafr\u00e6\u00f0i.<\/em> [Fj\u00f6lrita\u00f0 kennslukver, 122 s.]<\/li>\n<li>Eir\u00edkur R\u00f6gnvaldsson. 1982. <em>Um or\u00f0ar\u00f6\u00f0 og f\u00e6rslur \u00ed \u00edslensku.<\/em> Kand\u00eddatsritger\u00f0 \u00ed \u00edslenskri m\u00e1lfr\u00e6\u00f0i, H\u00e1sk\u00f3la \u00cdslands. [Fj\u00f6lritu\u00f0.]<\/li>\n<\/ol>\n<p><!--:--><\/p>\n","protected":false},"excerpt":{"rendered":"<p>B\u00e6kur og gagnagrunnar Flest \u00feessara verka m\u00e1 n\u00e1lgast \u00e1 netinu me\u00f0 \u00fev\u00ed a\u00f0 smella \u00e1 titilinn. Athugi\u00f0 \u00fe\u00f3 a\u00f0 ekki er alltaf um a\u00f0 r\u00e6\u00f0a endanlega ger\u00f0 \u00fatgefinna verka. Eir\u00edkur R\u00f6gnvaldsson. 2022.\u00a0Alls konar \u00edslenska. M\u00e1l og menning, Reykjav\u00edk. Eir\u00edkur R\u00f6gnvaldsson. 2013. Hlj\u00f3\u00f0kerfi og or\u00f0hlutakerfi \u00edslensku. [Rafr\u00e6n \u00fatg\u00e1fa.] Reykjav\u00edk. \u00de\u00f3rhallur Ey\u00fe\u00f3rsson, Lars Borin, Dag Haug og [&hellip;]<\/p>\n","protected":false},"author":141,"featured_media":0,"parent":15,"menu_order":0,"comment_status":"closed","ping_status":"closed","template":"","meta":{"footnotes":""},"class_list":["post-176","page","type-page","status-publish","hentry"],"_links":{"self":[{"href":"https:\/\/uni.hi.is\/eirikur\/wp-json\/wp\/v2\/pages\/176","targetHints":{"allow":["GET"]}}],"collection":[{"href":"https:\/\/uni.hi.is\/eirikur\/wp-json\/wp\/v2\/pages"}],"about":[{"href":"https:\/\/uni.hi.is\/eirikur\/wp-json\/wp\/v2\/types\/page"}],"author":[{"embeddable":true,"href":"https:\/\/uni.hi.is\/eirikur\/wp-json\/wp\/v2\/users\/141"}],"replies":[{"embeddable":true,"href":"https:\/\/uni.hi.is\/eirikur\/wp-json\/wp\/v2\/comments?post=176"}],"version-history":[{"count":33,"href":"https:\/\/uni.hi.is\/eirikur\/wp-json\/wp\/v2\/pages\/176\/revisions"}],"predecessor-version":[{"id":4912,"href":"https:\/\/uni.hi.is\/eirikur\/wp-json\/wp\/v2\/pages\/176\/revisions\/4912"}],"up":[{"embeddable":true,"href":"https:\/\/uni.hi.is\/eirikur\/wp-json\/wp\/v2\/pages\/15"}],"wp:attachment":[{"href":"https:\/\/uni.hi.is\/eirikur\/wp-json\/wp\/v2\/media?parent=176"}],"curies":[{"name":"wp","href":"https:\/\/api.w.org\/{rel}","templated":true}]}}