{"id":104,"date":"2014-02-12T20:59:56","date_gmt":"2014-02-12T20:59:56","guid":{"rendered":"http:\/\/uni.hi.is\/ers12\/?page_id=104"},"modified":"2015-04-04T19:29:57","modified_gmt":"2015-04-04T19:29:57","slug":"mangament-systems","status":"publish","type":"page","link":"https:\/\/uni.hi.is\/ers12\/mangament-systems\/","title":{"rendered":"Mangament systems"},"content":{"rendered":"<h2>Experience of management systems<\/h2>\n<p>Since I graduated as an engineer from The University of Iceland in year 1991 I have been working more or less related to some management systems.\u00a0 The first one and a half year I was working as a quality manager in <a title=\"Borgarplast\" href=\"http:\/\/www.borgarplast.is\">Borgarplast<\/a>, a plastic fish tub manufacturing company, Borgarplast introducing quality management system according to ISO 9001.\u00a0 That company became the first icelandic company to be certified according to that standard and I think the third company in Iceland to became certified according to those ISO 9000 quality management standards.<\/p>\n<p>The next seven years I was working as a consultant in a consultant company named R\u00e1\u00f0gar\u00f0ur and later IMG, neither existing any more under their names but that company merged to some other companies and is now <a title=\"Capacent\" href=\"http:\/\/www.capaent.is\">Capacent in Icelend<\/a> but my most important coworkers from that time ar now directing the consultant firms <a title=\"7.is\" href=\"http:\/\/www.7.is\">7.is<\/a> and <a title=\"Intellecta\" href=\"http:\/\/www.intellecta.is\">Intellecta<\/a>.<\/p>\n<p>After my years in the consultant business I became a quality manager and later also manager of data security in one of the biggest computer companies in Iceland, <a title=\"SK\u00ddRR\" href=\"http:\/\/www.skyrr.is\">SK\u00ddRR<\/a>, now <a title=\"Advania\" href=\"http:\/\/www.advania.is\">Advania<\/a>.<\/p>\n<p>Along with my job through the tim I have also been teaching internal audits and quality management in the faculty of <a title=\"Endurmenntun H\u00cd\" href=\"http:\/\/www.ehi.is\">Continuing Education in the University of Iceland<\/a>.<\/p>\n<p>Since Year 2011 I have been working again as consultant and as a quality manager in <a title=\"Staki automation web page\" href=\"http:\/\/www.staki.is\">Staki<\/a> a small computer company along with my study in the Earth science department of The University of Iceland.<\/p>\n<h2>Management systems I have experience in are:<\/h2>\n<ul>\n<li>ISO 9000 Quality management systems<\/li>\n<li>ISO 27001 (BS 7799) Data secyurity management<\/li>\n<li>PCI: Paiment Card Industry security management<\/li>\n<li>ISO 14000 Environmental management systems<\/li>\n<li>ISM Code ship and ferry safety management<\/li>\n<li>HACCP \/ G\u00c1MES: Food industry safety<\/li>\n<li>ISO 45000 accreditation<\/li>\n<li>Special car maintenance systems for workshop companies<\/li>\n<\/ul>\n<h2>Some of my customers in consultancy through the years<\/h2>\n<ul>\n<li>\u00d6ssur prosthetic company, ISO 9001<\/li>\n<li>Borgarplast plastic manufacturing, ISO 9001 and ISO 14001<\/li>\n<li>Osta og smj\u00f6rsalan, Chese and butter manufacturing in Iceland,HACCP<\/li>\n<li>Vaki, aquaculture equipment, ISO 9001<\/li>\n<li>V\u00f6rumerking,<\/li>\n<li>S\u00edldarverksmi\u00f0jur r\u00edkisins<\/li>\n<li>Ve\u00f0urstofa \u00cdslands, ISO 27001<\/li>\n<li>S\u00edminn, data security management<\/li>\n<li>Baldur, ferry company, ISM code<\/li>\n<\/ul>\n","protected":false},"excerpt":{"rendered":"<p>Experience of management systems Since I graduated as an engineer from The University of Iceland in year 1991 I have been working more or less related to some management systems.\u00a0 The first one and a half year I was working &hellip; <a href=\"https:\/\/uni.hi.is\/ers12\/mangament-systems\/\">Continue reading <span class=\"meta-nav\">&rarr;<\/span><\/a><\/p>\n","protected":false},"author":937,"featured_media":0,"parent":0,"menu_order":0,"comment_status":"closed","ping_status":"closed","template":"","meta":{"footnotes":""},"class_list":["post-104","page","type-page","status-publish","hentry"],"_links":{"self":[{"href":"https:\/\/uni.hi.is\/ers12\/wp-json\/wp\/v2\/pages\/104","targetHints":{"allow":["GET"]}}],"collection":[{"href":"https:\/\/uni.hi.is\/ers12\/wp-json\/wp\/v2\/pages"}],"about":[{"href":"https:\/\/uni.hi.is\/ers12\/wp-json\/wp\/v2\/types\/page"}],"author":[{"embeddable":true,"href":"https:\/\/uni.hi.is\/ers12\/wp-json\/wp\/v2\/users\/937"}],"replies":[{"embeddable":true,"href":"https:\/\/uni.hi.is\/ers12\/wp-json\/wp\/v2\/comments?post=104"}],"version-history":[{"count":5,"href":"https:\/\/uni.hi.is\/ers12\/wp-json\/wp\/v2\/pages\/104\/revisions"}],"predecessor-version":[{"id":314,"href":"https:\/\/uni.hi.is\/ers12\/wp-json\/wp\/v2\/pages\/104\/revisions\/314"}],"wp:attachment":[{"href":"https:\/\/uni.hi.is\/ers12\/wp-json\/wp\/v2\/media?parent=104"}],"curies":[{"name":"wp","href":"https:\/\/api.w.org\/{rel}","templated":true}]}}