{"id":1291,"date":"2017-03-25T13:52:36","date_gmt":"2017-03-25T13:52:36","guid":{"rendered":"http:\/\/uni.hi.is\/esmari\/?page_id=1291"},"modified":"2017-10-13T10:48:04","modified_gmt":"2017-10-13T10:48:04","slug":"sifjafraedi-sogu-og-heimspeki","status":"publish","type":"page","link":"https:\/\/uni.hi.is\/esmari\/verkefni\/sifjafraedi-sogu-og-heimspeki\/","title":{"rendered":"Sifjafr\u00e6\u00f0i s\u00f6gu og heimspeki"},"content":{"rendered":"<p>Greinar og anna\u00f0 birt efni:<\/p>\n<ul>\n<li>\u201eFur\u00f0ulegar fr\u00e1sagnir, n\u00e1tt\u00farufr\u00e6\u00f0ileg vandam\u00e1l og heimspekileg a\u00f0fer\u00f0afr\u00e6\u00f0i Arist\u00f3telesar\u201c (\u00ed vinnslu til birtingar 2018).<\/li>\n<li>\u201e<a href=\"http:\/\/aigis.igl.ku.dk\/aigis\/2017,1\/Platon23\/Eirikur.pdf\">Den ideelle videnskab. Aristoteles\u2019 herodoteiske platonisme<\/a>\u201c, <a href=\"http:\/\/aigis.igl.ku.dk\/aigis\/\"><em>Aigis<\/em><\/a> 2017 (Opin V\u00edsindi: <a href=\"https:\/\/hdl.handle.net\/20.500.11815\/220\">https:\/\/hdl.handle.net\/20.500.11815\/220<\/a>).<\/li>\n<li>\u201e<a href=\"http:\/\/uni.hi.is\/esmari\/files\/2014\/02\/I%CC%81-ljo%CC%81si-so%CC%88gu-og-heimspeki-Riti%C3%B0-2016-3.pdf\">\u00cd lj\u00f3si s\u00f6gur og heimspeki. Tv\u00e6r tegundir ranns\u00f3kna \u00e1 manninum<\/a>\u201c, <a href=\"http:\/\/hugras.is\/ritid\"><em>Riti\u00f0<\/em><\/a> 2016\/3. (R) (Opin V\u00edsindi: <a href=\"https:\/\/hdl.handle.net\/20.500.11815\/210\">https:\/\/hdl.handle.net\/20.500.11815\/210<\/a>)<\/li>\n<li><a href=\"https:\/\/www.repository.cam.ac.uk\/handle\/1810\/244815\"><em>Studies in<\/em> <em>Historia<\/em><\/a> (doktorsritger\u00f0)<\/li>\n<\/ul>\n<p>Fyrirlestrar um efni\u00f0:<\/p>\n<ul>\n<li>\u201eDen ideelle videnskab: Aristoteles\u2019 herodoteiske platonisme\u201c. Erindi flutt \u00e1 r\u00e1\u00f0stefnu\u00a0Platonselskabet i Oslo 12. j\u00fan\u00ed 2015.<\/li>\n<li>\u201eSifjafr\u00e6\u00f0i s\u00f6gu og heimspeki\u201c. Erindi flutt \u00e1 <a href=\"http:\/\/hugvis.hi.is\/sifjafraedi_hugtaka\">Hugv\u00edsinda\u00feingi 16. mars 2013<\/a>.<\/li>\n<\/ul>\n","protected":false},"excerpt":{"rendered":"<p>Greinar og anna\u00f0 birt efni: \u201eFur\u00f0ulegar fr\u00e1sagnir, n\u00e1tt\u00farufr\u00e6\u00f0ileg vandam\u00e1l og heimspekileg a\u00f0fer\u00f0afr\u00e6\u00f0i Arist\u00f3telesar\u201c (\u00ed vinnslu til birtingar 2018). \u201eDen ideelle videnskab. Aristoteles\u2019 herodoteiske platonisme\u201c, Aigis 2017 (Opin V\u00edsindi: https:\/\/hdl.handle.net\/20.500.11815\/220). \u201e\u00cd lj\u00f3si s\u00f6gur og heimspeki. Tv\u00e6r tegundir ranns\u00f3kna \u00e1 manninum\u201c, Riti\u00f0 &hellip; <a href=\"https:\/\/uni.hi.is\/esmari\/verkefni\/sifjafraedi-sogu-og-heimspeki\/\">Halda \u00e1fram a\u00f0 lesa <span class=\"meta-nav\">&rarr;<\/span><\/a><\/p>\n","protected":false},"author":414,"featured_media":0,"parent":717,"menu_order":0,"comment_status":"closed","ping_status":"closed","template":"","meta":{"footnotes":""},"class_list":["post-1291","page","type-page","status-publish","hentry"],"_links":{"self":[{"href":"https:\/\/uni.hi.is\/esmari\/wp-json\/wp\/v2\/pages\/1291","targetHints":{"allow":["GET"]}}],"collection":[{"href":"https:\/\/uni.hi.is\/esmari\/wp-json\/wp\/v2\/pages"}],"about":[{"href":"https:\/\/uni.hi.is\/esmari\/wp-json\/wp\/v2\/types\/page"}],"author":[{"embeddable":true,"href":"https:\/\/uni.hi.is\/esmari\/wp-json\/wp\/v2\/users\/414"}],"replies":[{"embeddable":true,"href":"https:\/\/uni.hi.is\/esmari\/wp-json\/wp\/v2\/comments?post=1291"}],"version-history":[{"count":3,"href":"https:\/\/uni.hi.is\/esmari\/wp-json\/wp\/v2\/pages\/1291\/revisions"}],"predecessor-version":[{"id":1440,"href":"https:\/\/uni.hi.is\/esmari\/wp-json\/wp\/v2\/pages\/1291\/revisions\/1440"}],"up":[{"embeddable":true,"href":"https:\/\/uni.hi.is\/esmari\/wp-json\/wp\/v2\/pages\/717"}],"wp:attachment":[{"href":"https:\/\/uni.hi.is\/esmari\/wp-json\/wp\/v2\/media?parent=1291"}],"curies":[{"name":"wp","href":"https:\/\/api.w.org\/{rel}","templated":true}]}}