{"id":202,"date":"2014-08-15T14:53:17","date_gmt":"2014-08-15T14:53:17","guid":{"rendered":"http:\/\/uni.hi.is\/esmari\/?page_id=202"},"modified":"2014-11-11T11:17:33","modified_gmt":"2014-11-11T11:17:33","slug":"fornaldarheimspeki-2014","status":"publish","type":"page","link":"https:\/\/uni.hi.is\/esmari\/kennsla\/fornaldarheimspeki-hsp104g\/fornaldarheimspeki-2014\/","title":{"rendered":"Fornaldarheimspeki: Kennslu\u00e1\u00e6tlun 2014"},"content":{"rendered":"<p>N\u00e1mskei\u00f0inu er skipt \u00ed fj\u00f3ra hluta og \u00ed hverjum hluta eru sex kennsludagar. Fyrir hvern dag er sj\u00e1lfst\u00e6\u00f0 s\u00ed\u00f0a me\u00f0 uppl\u00fdsingum um lesefni og \u00edtarefni fyrir t\u00edmann \u00e1samt sk\u00fdringum vi\u00f0 lesefni\u00f0.<\/p>\n<p>Facebook-s\u00ed\u00f0a n\u00e1mskei\u00f0sins er <a href=\"https:\/\/www.facebook.com\/groups\/1374879856132310\/\">h\u00e9r<\/a>. \u00c9g mun nota hana til a\u00f0 svara fyrirspurnum og mi\u00f0la uppl\u00fdsingum.<\/p>\n<p><b><span style=\"text-decoration: underline\">Fyrsti hluti: Frumherjarnir<\/span><\/b><\/p>\n<ul>\n<li>2. 9.\u00a0<a title=\"Inngangur-M\u00edletingar\" href=\"http:\/\/uni.hi.is\/esmari\/kennsla\/fornaldarheimspeki-hsp104g\/fornaldarheimspeki-2014\/inngangur-miletingar\/\">Inngangur og yfirlit. J\u00f3n\u00edsk n\u00e1tt\u00faruspeki (M\u00edletingar).<\/a><\/li>\n<li>4. 9.\u00a0<a title=\"P\u00fd\u00feag\u00f3ras og F\u00edl\u00f3l\u00e1s; Xen\u00f3fanes; Herakleitos\" href=\"http:\/\/uni.hi.is\/esmari\/kennsla\/fornaldarheimspeki-hsp104g\/fornaldarheimspeki-2014\/pythagoras-og-filolas-xenofanes-herakleitos\/\">P\u00fd\u00feag\u00f3ras og F\u00edl\u00f3l\u00e1s; Xenofanes; Herakleitos.<\/a><\/li>\n<li>9. 9.\u00a0<a title=\"Parmen\u00eddes\" href=\"http:\/\/uni.hi.is\/esmari\/kennsla\/fornaldarheimspeki-hsp104g\/fornaldarheimspeki-2014\/parmenides\/\"><i><strong>F\u00f3kus<\/strong>: <\/i><i>Parmen\u00eddes.<\/i><\/a><\/li>\n<li>11. 9.\u00a0<a title=\"Zenon og Melissos; Emped\u00f3kles; Dem\u00f3kr\u00edtos\" href=\"http:\/\/uni.hi.is\/esmari\/kennsla\/fornaldarheimspeki-hsp104g\/fornaldarheimspeki-2014\/zenon-og-melissos-empedokles-demokritos\/\">Zenon og Melissos; Emped\u00f3kles; Demokr\u00edtos.<\/a><\/li>\n<li>16. 9.\u00a0<a title=\"Anaxag\u00f3ras\" href=\"http:\/\/uni.hi.is\/esmari\/kennsla\/fornaldarheimspeki-hsp104g\/fornaldarheimspeki-2014\/anaxagoras\/\"><i><strong>F\u00f3kus<\/strong>:<\/i><i> Anaxag\u00f3ras.<\/i><\/a><\/li>\n<li>18. 9.\u00a0<a title=\"S\u00f3fistar og S\u00f3krates\" href=\"http:\/\/uni.hi.is\/esmari\/kennsla\/fornaldarheimspeki-hsp104g\/fornaldarheimspeki-2014\/sofistar-og-sokrates\/\">S\u00f3fistar og S\u00f3krates.<b>\u00a0<\/b><\/a><\/li>\n<\/ul>\n<p><b><span style=\"text-decoration: underline\">Annar hluti: Platon<\/span><\/b><\/p>\n<ul>\n<li>23. 9. <a title=\"S\u00f3krates Platons\" href=\"http:\/\/uni.hi.is\/esmari\/kennsla\/fornaldarheimspeki-hsp104g\/fornaldarheimspeki-2014\/sokrates-platons\/\">Inngangur: S\u00f3krates Platons.<\/a><\/li>\n<li>25. 9.\u00a0<a title=\"\u00devers\u00f6gn Menons, upprifjun og visku\u00fer\u00e1\" href=\"http:\/\/uni.hi.is\/esmari\/kennsla\/fornaldarheimspeki-hsp104g\/fornaldarheimspeki-2014\/thversogn-menons-upprifjun-og-viskuthra\/\">\u00devers\u00f6gn Menons, upprifjun og visku\u00fer\u00e1.<\/a><\/li>\n<li>30. 9.\u00a0<a title=\"Frummyndakenningin\" href=\"http:\/\/uni.hi.is\/esmari\/kennsla\/fornaldarheimspeki-hsp104g\/fornaldarheimspeki-2014\/frummyndakenningin\/\"><i><strong>F\u00f3kus<\/strong>:<\/i><i> Frummyndakenningin.<\/i><\/a><\/li>\n<li>2. 10.\u00a0<a title=\"S\u00e1lin; fornaldarheimspeki og tr\u00fa\" href=\"http:\/\/uni.hi.is\/esmari\/kennsla\/fornaldarheimspeki-hsp104g\/fornaldarheimspeki-2014\/salin-fornaldarheimspeki-og-tru\/\">S\u00e1lin; fornaldarheimspeki og tr\u00fa.<\/a><\/li>\n<li>7. 10.\u00a0<a title=\"R\u00e9ttl\u00e6ti\" href=\"http:\/\/uni.hi.is\/esmari\/kennsla\/fornaldarheimspeki-hsp104g\/fornaldarheimspeki-2014\/rettlaeti\/\"><i><strong>F\u00f3kus<\/strong>: R<\/i><i>\u00e9ttl\u00e6ti og si\u00f0fr\u00e6\u00f0i.<\/i><\/a><\/li>\n<li>9. 10.\u00a0<a href=\"http:\/\/uni.hi.is\/esmari\/kennsla\/fornaldarheimspeki-hsp104g\/fornaldarheimspeki-2014\/frummyndir-endurskodadar\/\">\u00deekkingarfr\u00e6\u00f0i og endursko\u00f0un frummynda.<\/a><\/li>\n<\/ul>\n<p><b>Vika 7 er verkefnavika: 35% pr\u00f3f \u00feri\u00f0judaginn 14.10.<\/b><\/p>\n<p><b><span style=\"text-decoration: underline\">\u00deri\u00f0ji hluti: Arist\u00f3teles<\/span><\/b><\/p>\n<ul>\n<li>21. 10. <a title=\"Arist\u00f3teles: r\u00f6kfr\u00e6\u00f0i, \u00feekkingarfr\u00e6\u00f0i og verufr\u00e6\u00f0i\" href=\"http:\/\/uni.hi.is\/esmari\/kennsla\/fornaldarheimspeki-hsp104g\/fornaldarheimspeki-2014\/aristoteles-rokfraedi-thekkingarfraedi-og-verufraedi\/\">Inngangur; r\u00f6kfr\u00e6\u00f0i, \u00feekkingarfr\u00e6\u00f0i, verufr\u00e6\u00f0i.<\/a><\/li>\n<li>23. 10.\u00a0<a title=\"Arist\u00f3teles: e\u00f0lisfr\u00e6\u00f0i\" href=\"http:\/\/uni.hi.is\/esmari\/kennsla\/fornaldarheimspeki-hsp104g\/fornaldarheimspeki-2014\/aristoteles-edlisfraedi\/\">E\u00f0lisfr\u00e6\u00f0i.<\/a><\/li>\n<li>28. 10.\u00a0<a title=\"Arist\u00f3teles: s\u00e1lin\" href=\"http:\/\/uni.hi.is\/esmari\/kennsla\/fornaldarheimspeki-hsp104g\/fornaldarheimspeki-2014\/aristoteles-salin\/\"><i><strong>F\u00f3kus<\/strong>: <\/i><i>S\u00e1lin.<\/i><\/a><\/li>\n<li>30. 10.\u00a0<a title=\"Arist\u00f3teles: frumspeki\" href=\"http:\/\/uni.hi.is\/esmari\/kennsla\/fornaldarheimspeki-hsp104g\/fornaldarheimspeki-2014\/aristoteles-frumspeki\/\">Frumspeki.<\/a><\/li>\n<li>4. 11.\u00a0<a title=\"Arist\u00f3teles: verundir og \u00feekking\" href=\"http:\/\/uni.hi.is\/esmari\/kennsla\/fornaldarheimspeki-hsp104g\/fornaldarheimspeki-2014\/aristoteles-verundir-og-thekking\/\"><i><strong>F\u00f3kus<\/strong>: Um minni<\/i><i>.<\/i><\/a><\/li>\n<li>6. 11.\u00a0<a title=\"Arist\u00f3teles: si\u00f0fr\u00e6\u00f0i og stj\u00f3rnm\u00e1laheimspeki; heimspekisaga og fem\u00ednismi\" href=\"http:\/\/uni.hi.is\/esmari\/kennsla\/fornaldarheimspeki-hsp104g\/fornaldarheimspeki-2014\/aristoteles-sidfraedi-og-stjornmalaheimspeki-heimspekisaga-og-feminismi\/\">Si\u00f0fr\u00e6\u00f0i og stj\u00f3rnspeki; heimspekisaga og fem\u00ednismi.<\/a><\/li>\n<\/ul>\n<p><b><span style=\"text-decoration: underline\">Fj\u00f3r\u00f0i hluti: Hellen\u00edsk og seinni heimspeki<\/span><\/b><\/p>\n<ul>\n<li>11. 11.\u00a0<a title=\"Ep\u00edk\u00faros\" href=\"http:\/\/uni.hi.is\/esmari\/kennsla\/fornaldarheimspeki-hsp104g\/fornaldarheimspeki-2014\/epikuros-2\/\">Hellen\u00edsk heimspeki og Ep\u00edk\u00faros.<\/a><\/li>\n<li>13. 11.\u00a0<a title=\"St\u00f3a\" href=\"http:\/\/uni.hi.is\/esmari\/kennsla\/fornaldarheimspeki-hsp104g\/fornaldarheimspeki-2014\/stoa\/\">St\u00f3uspeki.<\/a><\/li>\n<li>18. 11.\u00a0<a title=\"Frelsi viljans hj\u00e1 Ep\u00edk\u00faringum og St\u00f3u\" href=\"http:\/\/uni.hi.is\/esmari\/kennsla\/fornaldarheimspeki-hsp104g\/fornaldarheimspeki-2014\/frelsi-viljans\/\"><i><strong>F\u00f3kus<\/strong>: <\/i><i>Frelsi viljans hj\u00e1 Ep\u00edk\u00faringum og St\u00f3u.<\/i><\/a><\/li>\n<li>20. 11.\u00a0<a title=\"Efahyggja\" href=\"http:\/\/uni.hi.is\/esmari\/kennsla\/fornaldarheimspeki-hsp104g\/fornaldarheimspeki-2014\/efahyggja\/\">Efahyggja: akadem\u00edsk og pyrrhonsk; heimspeki og v\u00edsindi.<\/a><\/li>\n<li>25. 11.\u00a0<a title=\"H\u00e6ttir Agrippu\" href=\"http:\/\/uni.hi.is\/esmari\/kennsla\/fornaldarheimspeki-hsp104g\/fornaldarheimspeki-2014\/haettir-agrippu\/\"><i><strong>F\u00f3kus<\/strong>:<\/i><i> H\u00e6ttir efahyggjumanna.<\/i><\/a><\/li>\n<li>27. 11.\u00a0<a title=\"R\u00f3mversk heimspeki og heimspeki s\u00ed\u00f0fornaldar\" href=\"http:\/\/uni.hi.is\/esmari\/kennsla\/fornaldarheimspeki-hsp104g\/fornaldarheimspeki-2014\/romversk-heimspeki-og-heimspeki-sidfornaldar\/\">R\u00f3mversk heimspeki. Heimspeki s\u00ed\u00f0fornaldar. Samantekt.<\/a><\/li>\n<\/ul>\n","protected":false},"excerpt":{"rendered":"<p>N\u00e1mskei\u00f0inu er skipt \u00ed fj\u00f3ra hluta og \u00ed hverjum hluta eru sex kennsludagar. Fyrir hvern dag er sj\u00e1lfst\u00e6\u00f0 s\u00ed\u00f0a me\u00f0 uppl\u00fdsingum um lesefni og \u00edtarefni fyrir t\u00edmann \u00e1samt sk\u00fdringum vi\u00f0 lesefni\u00f0. Facebook-s\u00ed\u00f0a n\u00e1mskei\u00f0sins er h\u00e9r. \u00c9g mun nota hana til &hellip; <a href=\"https:\/\/uni.hi.is\/esmari\/kennsla\/fornaldarheimspeki-hsp104g\/fornaldarheimspeki-2014\/\">Halda \u00e1fram a\u00f0 lesa <span class=\"meta-nav\">&rarr;<\/span><\/a><\/p>\n","protected":false},"author":414,"featured_media":0,"parent":18,"menu_order":0,"comment_status":"closed","ping_status":"closed","template":"","meta":{"footnotes":""},"class_list":["post-202","page","type-page","status-publish","hentry"],"_links":{"self":[{"href":"https:\/\/uni.hi.is\/esmari\/wp-json\/wp\/v2\/pages\/202","targetHints":{"allow":["GET"]}}],"collection":[{"href":"https:\/\/uni.hi.is\/esmari\/wp-json\/wp\/v2\/pages"}],"about":[{"href":"https:\/\/uni.hi.is\/esmari\/wp-json\/wp\/v2\/types\/page"}],"author":[{"embeddable":true,"href":"https:\/\/uni.hi.is\/esmari\/wp-json\/wp\/v2\/users\/414"}],"replies":[{"embeddable":true,"href":"https:\/\/uni.hi.is\/esmari\/wp-json\/wp\/v2\/comments?post=202"}],"version-history":[{"count":44,"href":"https:\/\/uni.hi.is\/esmari\/wp-json\/wp\/v2\/pages\/202\/revisions"}],"predecessor-version":[{"id":578,"href":"https:\/\/uni.hi.is\/esmari\/wp-json\/wp\/v2\/pages\/202\/revisions\/578"}],"up":[{"embeddable":true,"href":"https:\/\/uni.hi.is\/esmari\/wp-json\/wp\/v2\/pages\/18"}],"wp:attachment":[{"href":"https:\/\/uni.hi.is\/esmari\/wp-json\/wp\/v2\/media?parent=202"}],"curies":[{"name":"wp","href":"https:\/\/api.w.org\/{rel}","templated":true}]}}