{"id":344,"date":"2014-08-22T18:30:29","date_gmt":"2014-08-22T18:30:29","guid":{"rendered":"http:\/\/uni.hi.is\/esmari\/?page_id=344"},"modified":"2014-09-25T10:54:08","modified_gmt":"2014-09-25T10:54:08","slug":"thversogn-menons-upprifjun-og-viskuthra","status":"publish","type":"page","link":"https:\/\/uni.hi.is\/esmari\/kennsla\/fornaldarheimspeki-hsp104g\/fornaldarheimspeki-2014\/thversogn-menons-upprifjun-og-viskuthra\/","title":{"rendered":"Platon: \u00devers\u00f6gn Menons, upprifjun og visku\u00fer\u00e1"},"content":{"rendered":"<p>\u00cd \u00feessum t\u00edma fj\u00f6llum vi\u00f0 um tv\u00f6 verk Platons, <em>Menon<\/em> og <em>Samdrykkjuna<\/em>. \u00deessi verk eru \u00f3l\u00edk \u00ed st\u00edl og efnist\u00f6kum. \u00cd\u00a0<em>Menoni<\/em>\u00a0er ger\u00f0 tilraun til a\u00f0 skilgreina hugtaki\u00f0 dygg\u00f0 og \u00ed lei\u00f0inni kynnumst vi\u00f0 upprifjunarkenningunni, sem eru mikilv\u00e6g r\u00f6k fyrir tilvist frummynda. \u00cd <em>Samdrykkjunni<\/em> er umfj\u00f6llunarefni\u00f0 \u00e1st (<em>eros<\/em>) en \u00ed r\u00e6\u00f0u S\u00f3kratesar beinist \u00e1stin \u00ed sinni hreinustu mynd a\u00f0 \u00feekkingu og frummyndum. H\u00e9r kynnumst vi\u00f0 l\u00edka D\u00edot\u00edmu, sem kenndi S\u00f3kratesi allt um \u00e1stina (\u00fea\u00f0 er mj\u00f6g umdeilt hvort D\u00edot\u00edma hafi veri\u00f0 til), en vi\u00f0 fj\u00f6llum betur um hana s\u00ed\u00f0ar (6. n\u00f3vember). Verkin eiga sameiginlegt a\u00f0 s\u00fdna heimspekingum lei\u00f0 \u00e1fram \u00far r\u00e1\u00f0aleysi s\u00f3krat\u00edskra samr\u00e6\u00f0na.<\/p>\n<p>Textar nr. 1 og 2 eru \u00fe\u00fd\u00f0ingar \u00e1 <em>Menoni<\/em> og <em>Samdrykkjunni<\/em> (athugi\u00f0 a\u00f0 b\u00e6\u00f0i verkin eru til \u00ed \u00edslenskum \u00fe\u00fd\u00f0ingum). Nr. 3 greinir r\u00f6kin \u00ed Menoni. Nr. 4 A fjallar um <em>Menon<\/em> og 4 B um \u00e1st (eros) \u00ed tveimur verkum Platons, <em>F\u00e6drosi<\/em> og <em>Samdrykkjunni<\/em>. Testi nr. 4 C er n\u00fd grein eftir Sigr\u00ed\u00f0i \u00deorgeirsd\u00f3ttur um D\u00edot\u00edmu \u00ed <em>Samdrykkju<\/em> Platons. Nr. 5 A og B eru vi\u00f0t\u00f6l vi\u00f0 heimspekinga um \u00feemu dagsins.<\/p>\n<ol>\n<li><strong>Cohen\/Curd\/Reeve<\/strong>: 241-266 [= Platon, <em>Menon<\/em>]. \u00deessi samr\u00e6\u00f0a hefur veri\u00f0\u00a0\u00fe\u00fddd \u00e1 \u00edslensku: Platon, <em>Menon<\/em> (Rvk: Hi\u00f0 \u00edslenska b\u00f3kmenntaf\u00e9lag, 1985).<\/li>\n<li><strong>Cohen\/Curd\/Reeve<\/strong>: 347-357 [=Platon, <em>Samdrykkjan<\/em>, r\u00e6\u00f0a S\u00f3kratesar]. \u00deessi samr\u00e6\u00f0a hefur veri\u00f0 \u00fe\u00fddd \u00e1 \u00edslensku: Platon, <em>Samdrykkjan<\/em> (Rvk: Hi\u00f0 \u00edslenska b\u00f3kmenntaf\u00e9lag, 1999).<\/li>\n<li><strong>Shields<\/strong>: 61-68.<\/li>\n<li>\u00cdtarefni:\n<ol>\n<li><strong>Adamson<\/strong>: <a href=\"http:\/\/www.historyofphilosophy.net\/plato-meno\"><em>Menon<\/em> Platons<\/a>.<\/li>\n<li><strong>Adamson<\/strong>: <a href=\"http:\/\/www.historyofphilosophy.net\/plato-erotic-dialogues\">Er\u00f3t\u00edskar samr\u00e6\u00f0ur Platons (m.a. <em>Samdrykkjan<\/em>)<\/a>.<\/li>\n<li><b>Ugla:<\/b>\u00a0Sigr\u00ed\u00f0ur: Hver er D\u00ed\u00f3t\u00edma?<\/li>\n<\/ol>\n<\/li>\n<li>Anna\u00f0:\n<ol>\n<li>Philosophy Bites: <a href=\"http:\/\/philosophybites.com\/2008\/12\/mm-mccabe-on-the-paradox-of-inquiry.html\">McCabe um \u00fevers\u00f6gn Menons<\/a>.<\/li>\n<li>Philosophy Bites: <a href=\"http:\/\/philosophybites.com\/2007\/11\/angie-hobbs-on-.html\">Hobbs um Platon og er\u00f3t\u00edk<\/a>.<\/li>\n<\/ol>\n<\/li>\n<\/ol>\n","protected":false},"excerpt":{"rendered":"<p>\u00cd \u00feessum t\u00edma fj\u00f6llum vi\u00f0 um tv\u00f6 verk Platons, Menon og Samdrykkjuna. \u00deessi verk eru \u00f3l\u00edk \u00ed st\u00edl og efnist\u00f6kum. \u00cd\u00a0Menoni\u00a0er ger\u00f0 tilraun til a\u00f0 skilgreina hugtaki\u00f0 dygg\u00f0 og \u00ed lei\u00f0inni kynnumst vi\u00f0 upprifjunarkenningunni, sem eru mikilv\u00e6g r\u00f6k fyrir tilvist &hellip; <a href=\"https:\/\/uni.hi.is\/esmari\/kennsla\/fornaldarheimspeki-hsp104g\/fornaldarheimspeki-2014\/thversogn-menons-upprifjun-og-viskuthra\/\">Halda \u00e1fram a\u00f0 lesa <span class=\"meta-nav\">&rarr;<\/span><\/a><\/p>\n","protected":false},"author":414,"featured_media":0,"parent":202,"menu_order":8,"comment_status":"closed","ping_status":"closed","template":"","meta":{"footnotes":""},"class_list":["post-344","page","type-page","status-publish","hentry"],"_links":{"self":[{"href":"https:\/\/uni.hi.is\/esmari\/wp-json\/wp\/v2\/pages\/344","targetHints":{"allow":["GET"]}}],"collection":[{"href":"https:\/\/uni.hi.is\/esmari\/wp-json\/wp\/v2\/pages"}],"about":[{"href":"https:\/\/uni.hi.is\/esmari\/wp-json\/wp\/v2\/types\/page"}],"author":[{"embeddable":true,"href":"https:\/\/uni.hi.is\/esmari\/wp-json\/wp\/v2\/users\/414"}],"replies":[{"embeddable":true,"href":"https:\/\/uni.hi.is\/esmari\/wp-json\/wp\/v2\/comments?post=344"}],"version-history":[{"count":14,"href":"https:\/\/uni.hi.is\/esmari\/wp-json\/wp\/v2\/pages\/344\/revisions"}],"predecessor-version":[{"id":507,"href":"https:\/\/uni.hi.is\/esmari\/wp-json\/wp\/v2\/pages\/344\/revisions\/507"}],"up":[{"embeddable":true,"href":"https:\/\/uni.hi.is\/esmari\/wp-json\/wp\/v2\/pages\/202"}],"wp:attachment":[{"href":"https:\/\/uni.hi.is\/esmari\/wp-json\/wp\/v2\/media?parent=344"}],"curies":[{"name":"wp","href":"https:\/\/api.w.org\/{rel}","templated":true}]}}