{"id":398,"date":"2014-08-24T16:23:41","date_gmt":"2014-08-24T16:23:41","guid":{"rendered":"http:\/\/uni.hi.is\/esmari\/?page_id=398"},"modified":"2014-11-10T12:28:02","modified_gmt":"2014-11-10T12:28:02","slug":"stoa","status":"publish","type":"page","link":"https:\/\/uni.hi.is\/esmari\/kennsla\/fornaldarheimspeki-hsp104g\/fornaldarheimspeki-2014\/stoa\/","title":{"rendered":"St\u00f3uspeki"},"content":{"rendered":"<p>St\u00f3uspeki var\u00f0 r\u00edkjandi heimspeki fornaldar og m\u00e1 jafnvel segja a\u00f0 h\u00fan hafi veri\u00f0 r\u00edkisheimspeki. E\u00f0lisfr\u00e6\u00f0i og si\u00f0fr\u00e6\u00f0i st\u00f3uspekinnar ver\u00f0a s\u00e9rstaklega til umr\u00e6\u00f0u \u00ed \u00feessum t\u00edma. St\u00f3umenn h\u00e9ldu fram kenningu um heim sem var algerlega efnislegur og v\u00e9lgengur en l\u00f6g\u00f0u jafnframt mikla \u00e1herslu \u00e1 si\u00f0fr\u00e6\u00f0i. \u00cd t\u00edma 18. n\u00f3vember munum vi\u00f0 s\u00ed\u00f0an sko\u00f0a betur spurninguna um frelsi viljans hj\u00e1 st\u00f3u (og ep\u00edk\u00faringum).<\/p>\n<p>Text nr. 1 eru \u00fe\u00fd\u00f0ingar \u00e1 nokkrum textum um mikilv\u00e6gar kenningar st\u00f3uspekinnar, nr. 2 er greining \u00e1 heimspeki \u00feeirra. Nr. 3 A er grein um st\u00f3uspeki og nr. 3 B er grein \u00e1 ensku um st\u00f3\u00edska si\u00f0fr\u00e6\u00f0i. Nr. 3 C og D eru pistlar um e\u00f0lisfr\u00e6\u00f0i og si\u00f0fr\u00e6\u00f0i st\u00f3uspekinnar (ath. a\u00f0 Adamson er me\u00f0 fleiri pistla um st\u00f3u).<\/p>\n<ol>\n<li><strong>Inwood\/Gerson<\/strong>: 111-24, 132-41, 190-203.<\/li>\n<li><strong>Shields<\/strong>: 182-207.<\/li>\n<li>\u00cdtarefni:\n<ol>\n<li><strong>Stanford<\/strong>: Baltzy: <a href=\"http:\/\/plato.stanford.edu\/entries\/stoicism\/\">Stoicism<\/a>.<\/li>\n<li><strong>Ugla<\/strong>: Svavar: St\u00f3\u00edsk si\u00f0fr\u00e6\u00f0i.<\/li>\n<li><strong>Adamson<\/strong>: <a href=\"http:\/\/www.historyofphilosophy.net\/stoics-physics\">St\u00f3\u00edsk e\u00f0lisfr\u00e6\u00f0i<\/a>.<\/li>\n<li><strong>Adamson<\/strong>: <a href=\"http:\/\/www.historyofphilosophy.net\/stoics-ethics\">St\u00f3\u00edsk si\u00f0fr\u00e6\u00f0i<\/a>.<\/li>\n<\/ol>\n<\/li>\n<\/ol>\n","protected":false},"excerpt":{"rendered":"<p>St\u00f3uspeki var\u00f0 r\u00edkjandi heimspeki fornaldar og m\u00e1 jafnvel segja a\u00f0 h\u00fan hafi veri\u00f0 r\u00edkisheimspeki. E\u00f0lisfr\u00e6\u00f0i og si\u00f0fr\u00e6\u00f0i st\u00f3uspekinnar ver\u00f0a s\u00e9rstaklega til umr\u00e6\u00f0u \u00ed \u00feessum t\u00edma. St\u00f3umenn h\u00e9ldu fram kenningu um heim sem var algerlega efnislegur og v\u00e9lgengur en l\u00f6g\u00f0u jafnframt &hellip; <a href=\"https:\/\/uni.hi.is\/esmari\/kennsla\/fornaldarheimspeki-hsp104g\/fornaldarheimspeki-2014\/stoa\/\">Halda \u00e1fram a\u00f0 lesa <span class=\"meta-nav\">&rarr;<\/span><\/a><\/p>\n","protected":false},"author":414,"featured_media":0,"parent":202,"menu_order":20,"comment_status":"closed","ping_status":"closed","template":"","meta":{"footnotes":""},"class_list":["post-398","page","type-page","status-publish","hentry"],"_links":{"self":[{"href":"https:\/\/uni.hi.is\/esmari\/wp-json\/wp\/v2\/pages\/398","targetHints":{"allow":["GET"]}}],"collection":[{"href":"https:\/\/uni.hi.is\/esmari\/wp-json\/wp\/v2\/pages"}],"about":[{"href":"https:\/\/uni.hi.is\/esmari\/wp-json\/wp\/v2\/types\/page"}],"author":[{"embeddable":true,"href":"https:\/\/uni.hi.is\/esmari\/wp-json\/wp\/v2\/users\/414"}],"replies":[{"embeddable":true,"href":"https:\/\/uni.hi.is\/esmari\/wp-json\/wp\/v2\/comments?post=398"}],"version-history":[{"count":7,"href":"https:\/\/uni.hi.is\/esmari\/wp-json\/wp\/v2\/pages\/398\/revisions"}],"predecessor-version":[{"id":574,"href":"https:\/\/uni.hi.is\/esmari\/wp-json\/wp\/v2\/pages\/398\/revisions\/574"}],"up":[{"embeddable":true,"href":"https:\/\/uni.hi.is\/esmari\/wp-json\/wp\/v2\/pages\/202"}],"wp:attachment":[{"href":"https:\/\/uni.hi.is\/esmari\/wp-json\/wp\/v2\/media?parent=398"}],"curies":[{"name":"wp","href":"https:\/\/api.w.org\/{rel}","templated":true}]}}

Stóuspeki

<p>Stóuspeki varð ríkjandi heimspeki fornaldar og má jafnvel segja að hún hafi verið ríkisheimspeki. Eðlisfræði og siðfræði stóuspekinnar verða sérstaklega til umræðu í þessum tíma. Stóumenn héldu fram kenningu um heim sem var algerlega efnislegur og vélgengur en lögðu jafnframt mikla áherslu á siðfræði. Í tíma 18. nóvember munum við síðan skoða betur spurninguna um frelsi viljans hjá stóu (og epíkúringum).</p>
<p>Text nr. 1 eru þýðingar á nokkrum textum um mikilvægar kenningar stóuspekinnar, nr. 2 er greining á heimspeki þeirra. Nr. 3 A er grein um stóuspeki og nr. 3 B er grein á ensku um stóíska siðfræði. Nr. 3 C og D eru pistlar um eðlisfræði og siðfræði stóuspekinnar (ath. að Adamson er með fleiri pistla um stóu).</p>
<ol>
<li><strong>Inwood/Gerson</strong>: 111-24, 132-41, 190-203.</li>
<li><strong>Shields</strong>: 182-207.</li>
<li>Ítarefni:
<ol>
<li><strong>Stanford</strong>: Baltzy: <a href="http://plato.stanford.edu/entries/stoicism/">Stoicism</a>.</li>
<li><strong>Ugla</strong>: Svavar: Stóísk siðfræði.</li>
<li><strong>Adamson</strong>: <a href="http://www.historyofphilosophy.net/stoics-physics">Stóísk eðlisfræði</a>.</li>
<li><strong>Adamson</strong>: <a href="http://www.historyofphilosophy.net/stoics-ethics">Stóísk siðfræði</a>.</li>
</ol>
</li>
</ol>

<p>Stóuspeki varð ríkjandi heimspeki fornaldar og má jafnvel segja að hún hafi verið ríkisheimspeki. Eðlisfræði og siðfræði stóuspekinnar verða sérstaklega til umræðu í þessum tíma. Stóumenn héldu fram kenningu um heim sem var algerlega efnislegur og vélgengur en lögðu jafnframt &hellip; <a href="https://uni.hi.is/esmari/kennsla/fornaldarheimspeki-hsp104g/fornaldarheimspeki-2014/stoa/">Halda áfram að lesa <span class="meta-nav">&rarr;</span></a></p>
