{"id":41,"date":"2014-02-25T13:11:47","date_gmt":"2014-02-25T13:11:47","guid":{"rendered":"http:\/\/uni.hi.is\/esmari\/?page_id=41"},"modified":"2020-01-15T13:48:10","modified_gmt":"2020-01-15T13:48:10","slug":"english","status":"publish","type":"page","link":"https:\/\/uni.hi.is\/esmari\/english\/","title":{"rendered":"English"},"content":{"rendered":"<div id=\"attachment_1106\" style=\"width: 310px\" class=\"wp-caption alignleft\"><a href=\"http:\/\/uni.hi.is\/esmari\/files\/2014\/02\/EirikurS2.jpg\"><img loading=\"lazy\" decoding=\"async\" aria-describedby=\"caption-attachment-1106\" class=\"size-medium wp-image-1106\" src=\"http:\/\/uni.hi.is\/esmari\/files\/2014\/02\/EirikurS2-300x200.jpg\" alt=\"\u00a9Kristinn Ingvarsson\" width=\"300\" height=\"200\" srcset=\"https:\/\/uni.hi.is\/esmari\/files\/2014\/02\/EirikurS2-300x200.jpg 300w, https:\/\/uni.hi.is\/esmari\/files\/2014\/02\/EirikurS2-768x512.jpg 768w, https:\/\/uni.hi.is\/esmari\/files\/2014\/02\/EirikurS2-1024x683.jpg 1024w\" sizes=\"auto, (max-width: 300px) 100vw, 300px\" \/><\/a><p id=\"caption-attachment-1106\" class=\"wp-caption-text\">\u00a9Kristinn Ingvarsson<\/p><\/div>\n<p>I am Director \u00a0of Research and a research specialist at the School of Humanities, University of Iceland, where I also teach philosophy and classics. I am married to Steinunn Kn\u00fatsd\u00f3ttir and our three children are \u00cdsak Maximillian Eir\u00edksson, Benjam\u00edn \u00deorl\u00e1kur Kjaran Eir\u00edksson and Hera Magdalena Steinunnar Eir\u00edksd\u00f3ttir.<\/p>\n<p><a title=\"CV\" href=\"http:\/\/uni.hi.is\/esmari\/english\/cv\/\">CV<\/a> - <a title=\"Publications\" href=\"http:\/\/uni.hi.is\/esmari\/english\/publications\/\">publications<\/a> - <a title=\"Teaching\" href=\"http:\/\/uni.hi.is\/esmari\/english\/teaching\/\">teaching<\/a><\/p>\n<p>Office at the University Main Building, S\u00e6mundarg\u00f6tu 2, 101 Reykjav\u00edk, Iceland.<br \/>\nEmail: esmari@hi.is<br \/>\nTelephone: +354\u00a05255136<\/p>\n<p>Home address: Klapparst\u00edgur 40, 101 Reykjav\u00edk, Iceland<br \/>\nEmail: eirikursmari@gmail.com<br \/>\nTelephone: +354 5512111<\/p>\n<p>See also my page on <a href=\"http:\/\/is.linkedin.com\/in\/eirikursmari\/en\">LinkedIn<\/a>.<\/p>\n<p>Orcid ID: <a href=\"https:\/\/orcid.org\/0000-0002-4161-0257\">https:\/\/orcid.org\/0000-0002-4161-0257<\/a><\/p>\n","protected":false},"excerpt":{"rendered":"<p>I am Director \u00a0of Research and a research specialist at the School of Humanities, University of Iceland, where I also teach philosophy and classics. I am married to Steinunn Kn\u00fatsd\u00f3ttir and our three children are \u00cdsak Maximillian Eir\u00edksson, Benjam\u00edn \u00deorl\u00e1kur &hellip; <a href=\"https:\/\/uni.hi.is\/esmari\/english\/\">Halda \u00e1fram a\u00f0 lesa <span class=\"meta-nav\">&rarr;<\/span><\/a><\/p>\n","protected":false},"author":414,"featured_media":0,"parent":0,"menu_order":7,"comment_status":"closed","ping_status":"closed","template":"onecolumn-page.php","meta":{"footnotes":""},"class_list":["post-41","page","type-page","status-publish","hentry"],"_links":{"self":[{"href":"https:\/\/uni.hi.is\/esmari\/wp-json\/wp\/v2\/pages\/41","targetHints":{"allow":["GET"]}}],"collection":[{"href":"https:\/\/uni.hi.is\/esmari\/wp-json\/wp\/v2\/pages"}],"about":[{"href":"https:\/\/uni.hi.is\/esmari\/wp-json\/wp\/v2\/types\/page"}],"author":[{"embeddable":true,"href":"https:\/\/uni.hi.is\/esmari\/wp-json\/wp\/v2\/users\/414"}],"replies":[{"embeddable":true,"href":"https:\/\/uni.hi.is\/esmari\/wp-json\/wp\/v2\/comments?post=41"}],"version-history":[{"count":17,"href":"https:\/\/uni.hi.is\/esmari\/wp-json\/wp\/v2\/pages\/41\/revisions"}],"predecessor-version":[{"id":1545,"href":"https:\/\/uni.hi.is\/esmari\/wp-json\/wp\/v2\/pages\/41\/revisions\/1545"}],"wp:attachment":[{"href":"https:\/\/uni.hi.is\/esmari\/wp-json\/wp\/v2\/media?parent=41"}],"curies":[{"name":"wp","href":"https:\/\/api.w.org\/{rel}","templated":true}]}}