{"id":719,"date":"2016-04-23T09:47:36","date_gmt":"2016-04-23T09:47:36","guid":{"rendered":"http:\/\/uni.hi.is\/esmari\/?page_id=719"},"modified":"2017-03-25T13:45:42","modified_gmt":"2017-03-25T13:45:42","slug":"heimspeki-svefns","status":"publish","type":"page","link":"https:\/\/uni.hi.is\/esmari\/verkefni\/heimspeki-svefns\/","title":{"rendered":"Heimspeki svefns"},"content":{"rendered":"<p>Greinar tengdar efninu:<\/p>\n<ul>\n<li>\u201e<a href=\"http:\/\/aigis.igl.ku.dk\/2015,1\/Platonakta22\/Sigurdarson.pdf\">S\u00f8vnens filosofi: Platon i dialog med livet og d\u00f8den<\/a>\u201c,\u00a0<a href=\"http:\/\/aigis.igl.ku.dk\/aigis\/\"><em>Aigis<\/em><\/a>\u00a02015.<\/li>\n<\/ul>\n<p>Fyrirlestrar tengdir efninu:<\/p>\n<ul>\n<li>\u201eS\u00f8vnens filosofi: Platon i dialog med livet og d\u00f8den\u201c. Erindi flutt \u00e1 r\u00e1\u00f0stefnu Platonselskabet \u00ed Kaupmannah\u00f6fn 1. j\u00fan\u00ed 2013.<\/li>\n<li>\u201eSleep as an epileptic seizure and other philosophical ideas\u201c. Erindi flutt \u00e1 14. norr\u00e6nu \u00a0svefnr\u00e1\u00f0stefnunni (14th Nordic Sleep Conference) \u00ed Reykjav\u00edk 5. ma\u00ed 2011 (bo\u00f0sfyrirlestur vi\u00f0 setningu).<\/li>\n<li>\u201eSvefn er flogakast\u201c. Erindi flutt \u00e1 <a href=\"http:\/\/hugvis.hi.is\/heimspeki_fornaldar_0\">Hugv\u00edsinda\u00feingi 25. mars 2011<\/a>.<\/li>\n<\/ul>\n<p>\u00c1hugavert efni:<\/p>\n<ul>\n<li><a href=\"http:\/\/freakonomics.com\/podcast\/economics-sleep-part-1-freakonomics-radio-rebroadcast\/\">The Economics of Sleep, part 1<\/a> (2016)<\/li>\n<li><a href=\"http:\/\/freakonomics.com\/podcast\/economics-sleep-part-2-freakonomics-radio-rebroadcast\/\">The Economics of Sleep, part 2<\/a> (2016)<\/li>\n<\/ul>\n","protected":false},"excerpt":{"rendered":"<p>Greinar tengdar efninu: \u201eS\u00f8vnens filosofi: Platon i dialog med livet og d\u00f8den\u201c,\u00a0Aigis\u00a02015. Fyrirlestrar tengdir efninu: \u201eS\u00f8vnens filosofi: Platon i dialog med livet og d\u00f8den\u201c. Erindi flutt \u00e1 r\u00e1\u00f0stefnu Platonselskabet \u00ed Kaupmannah\u00f6fn 1. j\u00fan\u00ed 2013. \u201eSleep as an epileptic seizure and &hellip; <a href=\"https:\/\/uni.hi.is\/esmari\/verkefni\/heimspeki-svefns\/\">Halda \u00e1fram a\u00f0 lesa <span class=\"meta-nav\">&rarr;<\/span><\/a><\/p>\n","protected":false},"author":414,"featured_media":0,"parent":717,"menu_order":1,"comment_status":"closed","ping_status":"closed","template":"","meta":{"footnotes":""},"class_list":["post-719","page","type-page","status-publish","hentry"],"_links":{"self":[{"href":"https:\/\/uni.hi.is\/esmari\/wp-json\/wp\/v2\/pages\/719","targetHints":{"allow":["GET"]}}],"collection":[{"href":"https:\/\/uni.hi.is\/esmari\/wp-json\/wp\/v2\/pages"}],"about":[{"href":"https:\/\/uni.hi.is\/esmari\/wp-json\/wp\/v2\/types\/page"}],"author":[{"embeddable":true,"href":"https:\/\/uni.hi.is\/esmari\/wp-json\/wp\/v2\/users\/414"}],"replies":[{"embeddable":true,"href":"https:\/\/uni.hi.is\/esmari\/wp-json\/wp\/v2\/comments?post=719"}],"version-history":[{"count":5,"href":"https:\/\/uni.hi.is\/esmari\/wp-json\/wp\/v2\/pages\/719\/revisions"}],"predecessor-version":[{"id":1288,"href":"https:\/\/uni.hi.is\/esmari\/wp-json\/wp\/v2\/pages\/719\/revisions\/1288"}],"up":[{"embeddable":true,"href":"https:\/\/uni.hi.is\/esmari\/wp-json\/wp\/v2\/pages\/717"}],"wp:attachment":[{"href":"https:\/\/uni.hi.is\/esmari\/wp-json\/wp\/v2\/media?parent=719"}],"curies":[{"name":"wp","href":"https:\/\/api.w.org\/{rel}","templated":true}]}}