{"id":795,"date":"2016-08-19T09:59:37","date_gmt":"2016-08-19T09:59:37","guid":{"rendered":"http:\/\/uni.hi.is\/esmari\/?page_id=795"},"modified":"2016-08-19T10:33:58","modified_gmt":"2016-08-19T10:33:58","slug":"mr-eldri-kennsluaaetlanir","status":"publish","type":"page","link":"https:\/\/uni.hi.is\/esmari\/kennsla\/fornfraedi-mr\/mr-eldri-kennsluaaetlanir\/","title":{"rendered":"MR - eldri kennslu\u00e1\u00e6tlanir"},"content":{"rendered":"<ul>\n<li><a title=\"Fornfr\u00e6\u00f0i (MR): Lesefni 2014-2015\" href=\"http:\/\/uni.hi.is\/esmari\/kennsla\/fornfraedi-mr\/lesefni-2013-2014\/\">Lesefni 2014-2015<\/a>.<\/li>\n<li><a title=\"MR: Kennslu\u00e1\u00e6tlun haust 2014 (dr\u00f6g)\" href=\"http:\/\/uni.hi.is\/esmari\/kennsla\/fornfraedi-mr\/kennsluaaetlun-haust-2014-drog\/\">Kennslu\u00e1\u00e6tlun haust 2014<\/a>.<\/li>\n<li><a title=\"Fornfr\u00e6\u00f0i (MR): Kennslu\u00e1\u00e6tlun vor 2015 (dr\u00f6g)\" href=\"http:\/\/uni.hi.is\/esmari\/kennsla\/fornfraedi-mr\/fornfraedi-mr-kennsluaaetlun-vor-2015-drog\/\">Kennslu\u00e1\u00e6tlun vor 2015<\/a>.<\/li>\n<li><a title=\"MR: N\u00e1msmat 2014-2015\" href=\"http:\/\/uni.hi.is\/esmari\/mr-namsmat-2014-2015\/\">N\u00e1msmat 2014-2015<\/a>.<\/li>\n<li><a href=\"https:\/\/www.facebook.com\/groups\/270441986471641\/\">Facebook-s\u00ed\u00f0a n\u00e1mskei\u00f0sins 2014-2015<\/a>.<\/li>\n<\/ul>\n","protected":false},"excerpt":{"rendered":"<p>Lesefni 2014-2015. Kennslu\u00e1\u00e6tlun haust 2014. Kennslu\u00e1\u00e6tlun vor 2015. N\u00e1msmat 2014-2015. Facebook-s\u00ed\u00f0a n\u00e1mskei\u00f0sins 2014-2015.<\/p>\n","protected":false},"author":414,"featured_media":0,"parent":35,"menu_order":3,"comment_status":"closed","ping_status":"closed","template":"","meta":{"footnotes":""},"class_list":["post-795","page","type-page","status-publish","hentry"],"_links":{"self":[{"href":"https:\/\/uni.hi.is\/esmari\/wp-json\/wp\/v2\/pages\/795","targetHints":{"allow":["GET"]}}],"collection":[{"href":"https:\/\/uni.hi.is\/esmari\/wp-json\/wp\/v2\/pages"}],"about":[{"href":"https:\/\/uni.hi.is\/esmari\/wp-json\/wp\/v2\/types\/page"}],"author":[{"embeddable":true,"href":"https:\/\/uni.hi.is\/esmari\/wp-json\/wp\/v2\/users\/414"}],"replies":[{"embeddable":true,"href":"https:\/\/uni.hi.is\/esmari\/wp-json\/wp\/v2\/comments?post=795"}],"version-history":[{"count":1,"href":"https:\/\/uni.hi.is\/esmari\/wp-json\/wp\/v2\/pages\/795\/revisions"}],"predecessor-version":[{"id":796,"href":"https:\/\/uni.hi.is\/esmari\/wp-json\/wp\/v2\/pages\/795\/revisions\/796"}],"up":[{"embeddable":true,"href":"https:\/\/uni.hi.is\/esmari\/wp-json\/wp\/v2\/pages\/35"}],"wp:attachment":[{"href":"https:\/\/uni.hi.is\/esmari\/wp-json\/wp\/v2\/media?parent=795"}],"curies":[{"name":"wp","href":"https:\/\/api.w.org\/{rel}","templated":true}]}}