{"id":14,"date":"2020-08-31T21:29:14","date_gmt":"2020-08-31T21:29:14","guid":{"rendered":"https:\/\/uni.hi.is\/gavin\/?page_id=14"},"modified":"2022-09-08T10:17:00","modified_gmt":"2022-09-08T10:17:00","slug":"talks","status":"publish","type":"page","link":"https:\/\/uni.hi.is\/gavin\/about-me\/talks\/","title":{"rendered":"Talks"},"content":{"rendered":"<p><strong>Conferences and Seminars<\/strong><\/p>\n<p>&nbsp;<\/p>\n<h5>Conference &amp; Workshop Papers<\/h5>\n<p>&nbsp;<\/p>\n<p>2019 \u2013 \u2018Tales of the Unexpected. Creativity in Archaeological Interpretation\u2019, Keynote paper at the European Archaeological Association Annual Conference, Bern Switzerland, 7<sup>th<\/sup> September 2019.<\/p>\n<p>2019 \u2013 \u2018Global deeds and local needs. Markets and material culture in the North Atlantic\u2019. Keynote paper in the MERC session at the European Archaeological Association Annual Conference, Bern Switzerland, 5<sup>th<\/sup> September 2019<\/p>\n<p>2019 \u2013 Paper given at the <em>Things adrift \u2013 Material Archives \/ Hlutir \u00e1 reki \u2013 s\u00f6fn efnismenningar<\/em> seminar, University of Iceland: \u2018Words and Things\u2019, March 22, 2019.<\/p>\n<p>2019 \u2013 University of Iceland History Department, Friday seminar series: \u2018Writing the Past\u2019, April 15, 2019.<\/p>\n<p>2019 \u2013 Dalrymple Lecture Series: \u2018Time\u2019. University of Glasgow, February 18-21, 2019.<\/p>\n<p>2018 \u2013 \u2018Salient Objects. Or, do some things matter more than others?\u2019 Paper presented at the Garrod seminar series, Department of Archaeology, University of Cambridge, October 18<sup>th<\/sup>, 2018.<\/p>\n<p>2018 \u2013 \u2018<em>Solido intra solidum<\/em>. The tension between solidity and fluidity in the archaeologixal record\u2019. Paper presented at the workshop <em>Solid Fluids: New Approaches to Materials and Meanings<\/em>. University of Aberdeen, Scotland, 27-29<sup>th<\/sup> August.<\/p>\n<p>2018 \u2013 Absent Present. Paper given at the <em>Temporal Frontiers and the Excessivity of Time in Africa<\/em>: Workshop at the British Institute in Eastern Africa, Nairobi, Kenya, 28<sup>th<\/sup> June-1<sup>st<\/sup> July.<\/p>\n<p>2018 \u2013 \u2018Litlib\u00e6r. A fisherman\u00b4s cottage from the early 20<sup>th<\/sup> century in Seltjarnarnes\u2019. Paper presented in honour of Gu\u00f0mundur \u00d3lafsson\u00b4s 70<sup>th<\/sup> birthday, <em>Afm\u00e6lism\u00e1l\u00feing til hei\u00f0urs Gu\u00f0mundi \u00d3lafssyni Fornleifafr\u00e6\u00f0ingi<\/em>, 7<sup>th<\/sup> April 2018, Reykjav\u00edk, Iceland.<\/p>\n<p>2018 \u2013 \u2018Sand\u00e1rtunga revisited\u2019. Paper presented at the joint Archaeology departmental and society seminar series, 7<sup>th<\/sup> March 2018, Reykjav\u00edk, Iceland.<\/p>\n<p>2018 \u2013 \u2018Persistent Presences. Conceptualizing the long-term in Archaeology\u2019. Paper presented at the <em>Gold Medal Symposium<\/em> in honour of Ian Hodder, at the 119<sup>th<\/sup> annual Archaeological Institute of America conference, Boston, USA, January 4<sup>th<\/sup>-7<sup>th<\/sup>.<\/p>\n<p>2017 \u2013 The Future of the Past. Antiquity Keynote Lecture at the TAG (Theoretical Archaeology Group) Conference, 18<sup>th<\/sup> December, Cardiff, Wales.<\/p>\n<p>2017 \u2013 Discussant for <em>Time and Temporality: Twenty Years on From Time, Material Culture and Being \u2013 Ways of Thinking About Narrative <\/em>session at the TAG (Theoretical Archaeology Group) Conference, 20<sup>th<\/sup> December, Cardiff, Wales.<\/p>\n<p>2017 \u2013 A Potted History of Iceland. Paper presented in honour of Gu\u00f0r\u00fan Sveinbjarnad\u00f3ttir\u2019s 70<sup>th<\/sup> Birthday, <em>Afm\u00e6lism\u00e1l\u00feing til hei\u00f0urs\u00a0Gu\u00f0r\u00fanu Sveinbjarnard\u00f3ttur fornleifafr\u00e6\u00f0ingi,<\/em> 25<sup>th<\/sup> November, Reykjav\u00edk, Iceland.<\/p>\n<p>2017 - Systems of Provisioning in Iceland during the Danish Trade Monopoly period. The Case of Sk\u00e1lholt. Paper presented at the interdisciplinary research seminar, <em>Colonialism and Commerce in the North Atlantic (c. 1500 to 1800)<\/em>, 17-19<sup>th<\/sup> October, Bifr\u00f6st, Iceland.<\/p>\n<p>2016 - Organization and presentation of material at the 2<sup>nd<\/sup> Sk\u00e1lholt workshop, 12<sup>th<\/sup> November, 2016, Reykjavik.<\/p>\n<p>2014 \u2013 Identity and Mobility in the North Atlantic 1600-1900. Paper given at the workshop <em>Entangled Colonialism: Scandinavian Trade in the Atlantic and Asia<\/em>. November 13<sup>th<\/sup>-14<sup>th<\/sup>, Amsterdam, Netherlands.<\/p>\n<p>2014 \u2013 The Fragment and the Relic. Paper given at the roundtbable <em>The contrived Past: Contemporary remains as a challenge to Archaeology<\/em>, Metz, France, October 29th-31st 2014.<\/p>\n<p>2014 \u2013 Theory Building, Theory Borrowing. Keynote speech at the XIVth Nordic TAG (Theoretical Archaeology Group) Conference, April 22<sup>nd<\/sup>-25<sup>th<\/sup>, 2014.<\/p>\n<p>2014 \u2013 State Formation in Iceland in the 17<sup>th<\/sup> and 18<sup>th<\/sup> century. Paper given at the annual Society of Historical Archaeology Conference, Quebec, Canada January 8th-12th, 2014.<\/p>\n<p>2014 \u2013 Organization and presentation of material at the 1<sup>st<\/sup> Sk\u00e1lholt workshop, 29<sup>th<\/sup> September, 2014, Reykjavik.<\/p>\n<p>2013 \u2013 The problem of contemporaneity in archaeology. Paper given at a Mellon colloquium on <em>Archaeology, Heritage and the Mediation of Time<\/em>, at the Institute of Fine Arts, New York, April 12-13<sup>th<\/sup> 2013.<\/p>\n<p>2013 \u2013 Iceland and the Colonial project. Paper given at the joint SHA\/SPMA conference in Leicester, January\u00a0 9-12<sup>th<\/sup> 2013.<\/p>\n<p>2013 \u2013 Conduits of Dispersal. Paper given at the joint SHA\/SPMA conference in Leicester, January\u00a0 9-12<sup>th<\/sup> 2013.<\/p>\n<p>2012 \u2013 The Witness and the Archive. Paper give at a workshop on <em>An Archaeology of Archaeological Archives<\/em> at Birkbeck College, UCL, London, April 14, 2012.<\/p>\n<p>2012 \u2013 2012: A Ruin Odyssey. Paper presented at the <em>Ruin Memories<\/em> Workshop, Svanhovd, Norway, 27-30th September 2012.<\/p>\n<p>2012 \u2013 The role of archaeological societies in the contemporary world. Paper given at the Icelandic Archaeological Society one day conference, 6th october 2012<\/p>\n<p>2011 - Ruin-nation: reflections on the Icelandic ruin. Paper given at the annual Humanities Conference (<em>Hugv\u00edsinda\u00feing<\/em>), University of Iceland, 26<sup>th<\/sup> March 2011<\/p>\n<p>2011 - Mobile Homes. Ruination and the Mobility of Things. Paper presented at the <em>Ruin Memories<\/em> Workshop, Falmouth, England, 18<sup>th<\/sup> November 2011.<\/p>\n<p>2010 \u2013 (with Philippa Ascough &amp; Tom McGovern) Ritual sacrifice and isotopic analysis at Hofstadir, North Iceland\u00a0 Paper presented at the <em>Association for Environmental Archaeology<\/em> Conference 30<sup>th<\/sup> March-1<sup>st<\/sup> April, 2010<\/p>\n<p>2010 - Excavations of the Viking Age settlement of Hofsta\u00f0ir in NE Iceland. Paper presented at a <em>Hofsta\u00f0ir m\u00e1l\u00feing<\/em> 24. Apr\u00edl 2010, Narfasta\u00f0ir.<\/p>\n<p>2010 - Personal Reflections on Rescue Archaeology. Paper presented at a one day conference <em>Rescue and Development Excavations<\/em> 8<sup>th<\/sup> May 2010, F\u00e9lags \u00edslenskra fornleifafr\u00e6\u00f0inga<\/p>\n<p>2010 - Fast Ruins. Nature and Modernity in Iceland. Paper presented at the <em>Ruin Memories<\/em> workshop, 19-20 Nov 2010, Reykjavik<\/p>\n<p>2009 - Pyramids and Palimpsests. Object, Event and Assemblage on the Archaeoliogical Record. Paper presented at the Theoretical Archaeology Group (TAG), Stanford University, 3<sup>rd<\/sup> May 2009<\/p>\n<p>2009 - The Great Pyramid at Goza and Other Archaeological Objects. Materializarion and History. Paper presented at Hugv\u00edsinda\u00feing, 14<sup>th<\/sup> March 2009.<\/p>\n<p>2009 - Excavations at Hofsta\u00f0ir. Paper presented at the 16<sup>th<\/sup> Viking Congress, Iceland. 5<sup>th<\/sup> August 2009.<\/p>\n<p>2009 - Materiality and the Paradox of Material Culture. Paper presented at \u00dej\u00f3\u00f0arspeglinum X 2009\u00a0 (annual research conference of the Social Sciences School at the University of Iceland), 30<sup>th<\/sup> October 2009.<\/p>\n<p>2008 \u2013 (with Oscar Aldred) \u2018Events, temporalities and landscapes in Iceland\u2019. Paper presented at Toward an Eventful Archaeology: Approaches to Structural Change in the Archaeological Record, a conference held at the Institute for European and Mediterranean Archaeology, University of Buffalo, NY, USA, 3-5<sup>th<\/sup> April 2008.<\/p>\n<p>2007 - \u2018Time and the Archaeological Record\u2019 Paper presented at the Society for American Archaeology 72<sup>nd<\/sup> Annual Meeting, April 25-29 2007, Austin Texas.<\/p>\n<p>2006 - \u2018Aspects of Method and Practice in Historical Archaeology\u2019 Keynote speaker, Contemporary and Historical Archaeological Theory (CHAT) 4th annual conference, University of Bristol, 10-12 November 2006<\/p>\n<p>2006 \u2013 \u2018The Viking Settlement at Hofsta\u00f0ir in M\u00fdvatnssveit\u2019 in the Valdami\u00f0st\u00f6\u00f0var \u00e1 mi\u00f0\u00f6ldum session of the \u00cdslenska s\u00f6gu\u00fein, 18-21 mai 2006<\/p>\n<p>2006 \u2013 \u2018The ceramic revolution in Iceland, 1850-1950\u2019, in the Efnismenning-neyslumenning session of the \u00cdslenska s\u00f6gu\u00fein, 18-21 mai 2006<\/p>\n<p>2005 \u2013 \u2018Archaeology and Anonymity. Reflections on J\u00f3n Steffensen\u00b4s \u2018osteonymy\u2019\u2019 at the <em>Menning og meinsemdir<\/em> conference in honour of J\u00f3n Steffensen at the National Library of Iceland.<\/p>\n<p>2005 - \u2018Process and Identity. Freedom and Respectability in a Mission Station in the Western Cape, South Africa\u2019 in <em>Re-constructing Identity<\/em> session at Society of Historical Archaeology (SHA)\u00a0 at the University of York<\/p>\n<p>2004 \u2013 \u2018Architectures of Power: the Viking settlement of Hofsta\u00f0ir\u2019 at the SILA\/NABO conference at Copenhagen<\/p>\n<p>2004 \u2013 \u2018Ceramics, Trade and Consumption in Iceland 1640-1940\u2019 at the SILA\/NABO conference at Copenhagen<\/p>\n<p>2002 \u2013 \u2018Archaeologia Islandica\u2019 in the conference <em>Whither Icelandic Archaeology?<\/em> at H\u00e1sk\u00f3li \u00cdslands.<\/p>\n<p>2000 - \u2018Speaking with the subaltern?\u2019 Archaeology in a post-colonial context\u2019 delivered at Theoretical Archaeology Group (TAG) at Oxford Univerity<\/p>\n<p>1999 \u2013 \u2018Landscapes of alienation\u2019 at the <em>Landscapes of Conflict<\/em> session at the World Archaeology Congress 4 (WAC) at the University of Cape Town, South Africa.<\/p>\n<p>1998 - 'The Construction Site: The Temporality of Excavation' in <em>Reconceptualising the Field<\/em> session at Theoretical Archaeology Group (TAG) at Birmingham University<\/p>\n<p>1998 - 'Archaeology and the Economics of Destruction' at <em>Landscapes in Transition<\/em>, Hunter College, CUNY<\/p>\n<p>1996 - 'The Archaeology of the Workhouse' in <em>The Familiar Past<\/em> session at Theoretical Archaeology Group (TAG) at the University of Liverpool.<\/p>\n<p><strong>\u00a0<\/strong><\/p>\n<p>In addition I have co-organized several sessions at conferences:<\/p>\n<ul>\n<li>Co-organizer (with Natascha Mehler) of an interdisciplinary research seminar <em>Colonialism and Commerce in the North Atlantic (c. 1500 to 1800)<\/em>, 17-19<sup>th<\/sup> October, Bifr\u00f6st, Iceland.<\/li>\n<li>Co-organizer (with Oscar Aldred) of a session on practice-led theory, at <em>Nordic TAG<\/em>, Reykjavik, 2013.<\/li>\n<li>Co-organizer of a seminar on archaeology presenting the research of doctoral candidates in the department of Archaeology as part of Doktorsdagur Hugv\u00edsindasvi\u00f0s, 23<sup>rd<\/sup> October 2009.<\/li>\n<li>Session Co-organiser <em>Re-Thinking the Archaeology of Us<\/em>, at Theoretical Archaeology Group (TAG)1997.<\/li>\n<li>Co-organiser and co-chair of international conference <em>Interpretive Archaeologies<\/em>\u00a0 at Peterhouse, Cambridge, 1991<\/li>\n<\/ul>\n<p>&nbsp;<\/p>\n<h5>Seminars<\/h5>\n<p>2016 \u2013 Excavations at Sk\u00e1lholt 2002-2007. Paper given at the joint Departmental\/Archaeological Society Lecture series, Reykjavik, Iceland. 30th March, 2016.<\/p>\n<p>2015 - Historical Archaeology in the North Atlantic and Excavations at a Bishops Seat in Iceland. Paper given in the Garrod seminar series, McDonald Institute, University of Cambridge, 26<sup>th<\/sup> November, 2015.<\/p>\n<p>2015 - The Contemporary Past Revisited: A Conversation between Victor Buchli and Gavin Lucas. Pitt Rivers Museum, University of Oxford. 3<sup>rd<\/sup> November, 2015.<\/p>\n<p>2015 - Sk\u00e1lholt in Seven Objects. Paper given at the joint Departmental\/Archaeological Society Lecture series, Reykjavik, Iceland. 11<sup>th<\/sup> March, 2015.<\/p>\n<p>2014 \u2013 Archaeology and Contemporaneity. Paper given at the Department of Archaeology, University of Bergen, 4<sup>th<\/sup> April, 2014.<\/p>\n<p>2014 \u2013 Archaeology and Contemporaneity. Paper given at the Department of Archaeology, University of Manchester, 1<sup>st<\/sup> April, 2014.<\/p>\n<p>2014 \u2013 Archaeology and Contemporaneity. Paper given at the Department of Archaeology, University of Southampton, 27<sup>th<\/sup> March, 2014.<\/p>\n<p>2013 - Time and the Archaeological record, Paper given at the Department of Archaeology, University of Stockholm, October 2013.<\/p>\n<p>2013 \u2013 The Obscure object of archaeology. Paper given at the Department of Anthropology, University of Chicago, April 11<sup>th<\/sup> 2013.<\/p>\n<p>2013 \u2013 Remains of the Day. Ruins, residues and the archaeological record. Paper given at the Department of Archaeology, University of Newcastle, January 14<sup>th<\/sup> 2013.<\/p>\n<p>2012 \u2013 The Bridge and the Bowl - or why things matter. Paper given at the post-reformation working group workshop, University of Iceland, 10<sup>th<\/sup> May 2012<\/p>\n<p>2012 - The archaeology of capitalism in Iceland. The view from Vi\u00f0ey. Paper given at the department of archaeology graduate seminar series, University of Iceland, 29<sup>th<\/sup>\u00a0 march 2012<\/p>\n<p>2011 - Later Historical Archaeology in Iceland and the excavations at Sk\u00e1lholt. Paper given at the Department of Archaeology, University of York, graduate seminar series, 4<sup>th<\/sup> May 2011<\/p>\n<p>2011 - Modernity at the Margins. Paper given at the Department of Archaeology, University of Southampton, graduate seminar series, 5<sup>th<\/sup> May 2011<\/p>\n<p>2011 - Archaeology of the Recent Past in the North Atlantic. Problems and Potentials. Paper given at the Society of Icelandic Archaeologists (F\u00e9lags \u00edslenskra fornleifafr\u00e6\u00f0inga) seminar series, 19<sup>th<\/sup> May 2011.<\/p>\n<p>2008 - \u2018Discourse and Fieldwork\u2019 Paper presented at the Nordic Graduate School Seminar series Dialogues with Past, <em>Discourse, Theory and Archaeological Excavation<\/em>, 20-25 October, 2008, Athens, Greece.<\/p>\n<p>2008 - \u2018Archaeology and Heritage in Iceland\u2019, <em>International Heritage Ethics Lecture<\/em>, November 15, 2008, Archaeology Center, University of Stanford, CA, USA<\/p>\n<p>2008 - \u2018Historical Archaeology in Iceland. Sk\u00e1lholt and Modernity\u2019, Thursday Evening Lecture, November 15, 2008, Archaeology Center, University of Stanford, CA, USA<\/p>\n<p>2006 - \u2018Archaeology and the Field\u2019 Graduate seminar, 15 November, Dept. of Archaeology, University of Glasgow<\/p>\n<p>2004 \u2013 \u2018Historical Archaeology Today\u2019 at Institute for Archaeology, G\u00f6teborg Univesity<\/p>\n<p>2004 \u2013 \u2018Field Works\u2019 at the Centre for Archaeology, University of Stanford, California<\/p>\n<p>2002 \u2013 \u2018Translating the Field\u2019 at the Department of Archaeology, Manchester University.<\/p>\n<p>2002 \u2013 \u2018Archaeology and Colonialism\u2019 at the department of Archaeology, University of Newport, Wales<\/p>\n<p>2001 \u2013 \u2018Consumption and Rubbish\u2019 at the department of Anthropology and Material Culture Studies, University College London.<\/p>\n","protected":false},"excerpt":{"rendered":"<p>Conferences and Seminars &nbsp; Conference &amp; Workshop Papers &nbsp; 2019 \u2013 \u2018Tales of the Unexpected. Creativity in Archaeological Interpretation\u2019, Keynote paper at the European Archaeological Association Annual Conference, Bern Switzerland, 7th September 2019. 2019 \u2013 \u2018Global deeds and local needs. Markets and material culture in the North Atlantic\u2019. Keynote paper in the MERC session at &hellip; <\/p>\n<p class=\"link-more\"><a href=\"https:\/\/uni.hi.is\/gavin\/about-me\/talks\/\" class=\"more-link\">Continue reading<span class=\"screen-reader-text\"> \"Talks\"<\/span><\/a><\/p>\n","protected":false},"author":1550,"featured_media":0,"parent":17,"menu_order":0,"comment_status":"closed","ping_status":"closed","template":"","meta":{"footnotes":""},"class_list":["post-14","page","type-page","status-publish","hentry"],"_links":{"self":[{"href":"https:\/\/uni.hi.is\/gavin\/wp-json\/wp\/v2\/pages\/14","targetHints":{"allow":["GET"]}}],"collection":[{"href":"https:\/\/uni.hi.is\/gavin\/wp-json\/wp\/v2\/pages"}],"about":[{"href":"https:\/\/uni.hi.is\/gavin\/wp-json\/wp\/v2\/types\/page"}],"author":[{"embeddable":true,"href":"https:\/\/uni.hi.is\/gavin\/wp-json\/wp\/v2\/users\/1550"}],"replies":[{"embeddable":true,"href":"https:\/\/uni.hi.is\/gavin\/wp-json\/wp\/v2\/comments?post=14"}],"version-history":[{"count":1,"href":"https:\/\/uni.hi.is\/gavin\/wp-json\/wp\/v2\/pages\/14\/revisions"}],"predecessor-version":[{"id":15,"href":"https:\/\/uni.hi.is\/gavin\/wp-json\/wp\/v2\/pages\/14\/revisions\/15"}],"up":[{"embeddable":true,"href":"https:\/\/uni.hi.is\/gavin\/wp-json\/wp\/v2\/pages\/17"}],"wp:attachment":[{"href":"https:\/\/uni.hi.is\/gavin\/wp-json\/wp\/v2\/media?parent=14"}],"curies":[{"name":"wp","href":"https:\/\/api.w.org\/{rel}","templated":true}]}}