{"id":37,"date":"2010-02-28T12:01:56","date_gmt":"2010-02-28T12:01:56","guid":{"rendered":"http:\/\/uni.hi.is\/gudmjons\/?page_id=37"},"modified":"2025-11-30T11:22:17","modified_gmt":"2025-11-30T11:22:17","slug":"home","status":"publish","type":"page","link":"https:\/\/uni.hi.is\/gudmjons\/","title":{"rendered":"Fors\u00ed\u00f0a"},"content":{"rendered":"<p><\/p>\n<table style=\"border-collapse: collapse;width: 100%\">\n<tbody>\n<tr>\n<td style=\"width: 50%\"><strong>Gu\u00f0mundur J\u00f3nsson<br \/>\n<\/strong>pr\u00f3fessor \u00ed sagnfr\u00e6\u00f0i<br \/>\n\u00c1rnagar\u00f0ur, herbergi 404<br \/>\nH\u00e1sk\u00f3la \u00cdslands<br \/>\nSturlug\u00f6tu 1, 102 Reykjav\u00edk<br \/>\nS\u00edmi: 525 4208<br \/>\nNetfang: gudmjons hj\u00e1 hi.is<br \/>\nVi\u00f0talst\u00edmar: M\u00e1nud. 10-12<\/td>\n<td style=\"width: 50%\"><a href=\"https:\/\/uni.hi.is\/gudmjons\/files\/2010\/02\/GJ-mynd-2009.jpg\"><img loading=\"lazy\" decoding=\"async\" class=\"alignright size-thumbnail wp-image-20\" src=\"https:\/\/uni.hi.is\/gudmjons\/files\/2010\/02\/GJ-mynd-2009-150x150.jpg\" alt=\"\" width=\"150\" height=\"150\" \/><\/a><\/td>\n<\/tr>\n<\/tbody>\n<\/table>\n<p>&nbsp;<\/p>\n<p>\u00c9g er f\u00e6ddur \u00ed Reykjav\u00edk \u00e1ri\u00f0 1955. A\u00f0 loknu BA-n\u00e1mi \u00ed sagnfr\u00e6\u00f0i og \u00fej\u00f3\u00f0f\u00e9lagsfr\u00e6\u00f0i vi\u00f0 H\u00e1sk\u00f3la \u00cdslands 1975-1979 vann \u00e9g vi\u00f0 menntask\u00f3lakennslu og lauk jafnframt cand. mag. pr\u00f3fi \u00ed sagnfr\u00e6\u00f0i \u00e1ri\u00f0 1983. Pr\u00f3f \u00ed uppeldis- og kennslufr\u00e6\u00f0i til kennarar\u00e9ttinda vi\u00f0 H\u00e1sk\u00f3la \u00cdslands \u00e1ri\u00f0 1985. \u00c1 \u00e1runum 1987-1992 bj\u00f3 \u00e9g \u00ed Englandi me\u00f0 fj\u00f6lskyldu minni \u00fear sem \u00e9g lag\u00f0i stund \u00e1 doktorsn\u00e1m \u00ed hags\u00f6gu vi\u00f0 London School of Economics and Political Science. Brautskr\u00e1\u00f0ist \u00fea\u00f0an \u00e1ri\u00f0 1992 og var titill ritger\u00f0ar <em>The State and the Icelandic Economy, 1870-1930<\/em>. A\u00f0 loknu n\u00e1mi \u00a0vann \u00e9g a\u00f0 ranns\u00f3knum og \u00fatg\u00e1fu \u00e1 s\u00f6gulegum hagt\u00f6lum hj\u00e1 Hagstofu \u00cdslands, og s\u00ed\u00f0an a\u00f0 \u00fej\u00f3\u00f0hagsreikningum um t\u00edmabili\u00f0 1870-1945 \u00ed ranns\u00f3knast\u00f6\u00f0u \u00ed sagnfr\u00e6\u00f0i vi\u00f0 H\u00e1sk\u00f3la \u00cdslands. \u00c9g var stundakennari \u00ed sagnfr\u00e6\u00f0i vi\u00f0 H\u00e1sk\u00f3la \u00cdslands og Kennarah\u00e1sk\u00f3la \u00cdslands \u00e1 \u00e1runum 1993 til 1997. \u00c1ri\u00f0 1998 var \u00e9g r\u00e1\u00f0inn sem lektor vi\u00f0 H\u00e1sk\u00f3la \u00cdslands og s\u00ed\u00f0an pr\u00f3fessor 2004 til 1. \u00e1g\u00fast 2025, en \u00fe\u00e1 l\u00e9t \u00e9g af st\u00f6rfum.<\/p>\n<p><strong>Kennslusvi\u00f0 <\/strong>mitt hefur einkum veri\u00f0 f\u00e9lags- og hagsaga \u00cdslands, og sagnaritun og s\u00f6guspeki.\u00a0 \u00c9g hef einnig kennt n\u00e1mskei\u00f0 um erlenda f\u00e9lags- og hags\u00f6gu, \u00fear \u00e1 me\u00f0al um hags\u00f6gu Evr\u00f3pu og N-Amer\u00edku, hnattv\u00e6\u00f0ingu, \u00fer\u00f3un neyslu\u00fej\u00f3\u00f0f\u00e9lagsins og s\u00f6gu kap\u00edtalismans.<\/p>\n<p><strong>Ranns\u00f3knir<\/strong> m\u00ednar falla a\u00f0allega undir eftirfarandi svi\u00f0:<br \/>\nHagv\u00f6xtur og hag\u00fer\u00f3un \u00e1 s\u00ed\u00f0ari \u00f6ldum<br \/>\nUtanr\u00edkisverslun og efnahagssamvinna \u00cdslands og Evr\u00f3pu eftir 1945<br \/>\nSaga velfer\u00f0arr\u00edkisins<br \/>\nNeysluh\u00e6ttir og matarsaga<\/p>\n<p><strong>Yfirstandandi ranns\u00f3knarverkefni<\/strong><br \/>\nMatarsaga og f\u00e6\u00f0ukreppur \u00e1 \u00cdslandi fyrir t\u00edma i\u00f0nbyltingar.<br \/>\nJar\u00f0eignir kvenna \u00e1 \u00e1rn\u00fd\u00f6ld.<br \/>\nEfnahagsleg tengsl \u00cdslands og Danmerkur fram a\u00f0 fulllveldi 1918.<\/p>","protected":false},"excerpt":{"rendered":"<p>Gu\u00f0mundur J\u00f3nsson pr\u00f3fessor \u00ed sagnfr\u00e6\u00f0i \u00c1rnagar\u00f0ur, herbergi 404 H\u00e1sk\u00f3la \u00cdslands Sturlug\u00f6tu 1, 102 Reykjav\u00edk S\u00edmi: 525 4208 Netfang: gudmjons hj\u00e1 hi.is Vi\u00f0talst\u00edmar: M\u00e1nud. 10-12 &nbsp; \u00c9g er f\u00e6ddur \u00ed Reykjav\u00edk \u00e1ri\u00f0 1955. A\u00f0 loknu BA-n\u00e1mi \u00ed sagnfr\u00e6\u00f0i og \u00fej\u00f3\u00f0f\u00e9lagsfr\u00e6\u00f0i vi\u00f0 H\u00e1sk\u00f3la \u00cdslands 1975-1979 vann \u00e9g vi\u00f0 menntask\u00f3lakennslu og lauk jafnframt cand. mag. pr\u00f3fi \u00ed sagnfr\u00e6\u00f0i [&hellip;]<\/p>\n","protected":false},"author":7,"featured_media":0,"parent":0,"menu_order":0,"comment_status":"closed","ping_status":"closed","template":"","meta":{"footnotes":""},"class_list":["post-37","page","type-page","status-publish","hentry"],"_links":{"self":[{"href":"https:\/\/uni.hi.is\/gudmjons\/wp-json\/wp\/v2\/pages\/37","targetHints":{"allow":["GET"]}}],"collection":[{"href":"https:\/\/uni.hi.is\/gudmjons\/wp-json\/wp\/v2\/pages"}],"about":[{"href":"https:\/\/uni.hi.is\/gudmjons\/wp-json\/wp\/v2\/types\/page"}],"author":[{"embeddable":true,"href":"https:\/\/uni.hi.is\/gudmjons\/wp-json\/wp\/v2\/users\/7"}],"replies":[{"embeddable":true,"href":"https:\/\/uni.hi.is\/gudmjons\/wp-json\/wp\/v2\/comments?post=37"}],"version-history":[{"count":223,"href":"https:\/\/uni.hi.is\/gudmjons\/wp-json\/wp\/v2\/pages\/37\/revisions"}],"predecessor-version":[{"id":1075,"href":"https:\/\/uni.hi.is\/gudmjons\/wp-json\/wp\/v2\/pages\/37\/revisions\/1075"}],"wp:attachment":[{"href":"https:\/\/uni.hi.is\/gudmjons\/wp-json\/wp\/v2\/media?parent=37"}],"curies":[{"name":"wp","href":"https:\/\/api.w.org\/{rel}","templated":true}]}}

Forsíða

<p></p>
<table style="border-collapse: collapse;width: 100%">
<tbody>
<tr>
<td style="width: 50%"><strong>Guðmundur Jónsson<br />
</strong>prófessor í sagnfræði<br />
Árnagarður, herbergi 404<br />
Háskóla Íslands<br />
Sturlugötu 1, 102 Reykjavík<br />
Sími: 525 4208<br />
Netfang: gudmjons hjá hi.is<br />
Viðtalstímar: Mánud. 10-12</td>
<td style="width: 50%"><a href="https://uni.hi.is/gudmjons/files/2010/02/GJ-mynd-2009.jpg"><img loading="lazy" decoding="async" class="alignright size-thumbnail wp-image-20" src="https://uni.hi.is/gudmjons/files/2010/02/GJ-mynd-2009-150x150.jpg" alt="" width="150" height="150" /></a></td>
</tr>
</tbody>
</table>
<p>&nbsp;</p>
<p>Ég er fæddur í Reykjavík árið 1955. Að loknu BA-námi í sagnfræði og þjóðfélagsfræði við Háskóla Íslands 1975-1979 vann ég við menntaskólakennslu og lauk jafnframt cand. mag. prófi í sagnfræði árið 1983. Próf í uppeldis- og kennslufræði til kennararéttinda við Háskóla Íslands árið 1985. Á árunum 1987-1992 bjó ég í Englandi með fjölskyldu minni þar sem ég lagði stund á doktorsnám í hagsögu við London School of Economics and Political Science. Brautskráðist þaðan árið 1992 og var titill ritgerðar <em>The State and the Icelandic Economy, 1870-1930</em>. Að loknu námi  vann ég að rannsóknum og útgáfu á sögulegum hagtölum hjá Hagstofu Íslands, og síðan að þjóðhagsreikningum um tímabilið 1870-1945 í rannsóknastöðu í sagnfræði við Háskóla Íslands. Ég var stundakennari í sagnfræði við Háskóla Íslands og Kennaraháskóla Íslands á árunum 1993 til 1997. Árið 1998 var ég ráðinn sem lektor við Háskóla Íslands og síðan prófessor 2004 til 1. ágúst 2025, en þá lét ég af störfum.</p>
<p><strong>Kennslusvið </strong>mitt hefur einkum verið félags- og hagsaga Íslands, og sagnaritun og söguspeki.  Ég hef einnig kennt námskeið um erlenda félags- og hagsögu, þar á meðal um hagsögu Evrópu og N-Ameríku, hnattvæðingu, þróun neysluþjóðfélagsins og sögu kapítalismans.</p>
<p><strong>Rannsóknir</strong> mínar falla aðallega undir eftirfarandi svið:<br />
Hagvöxtur og hagþróun á síðari öldum<br />
Utanríkisverslun og efnahagssamvinna Íslands og Evrópu eftir 1945<br />
Saga velferðarríkisins<br />
Neysluhættir og matarsaga</p>
<p><strong>Yfirstandandi rannsóknarverkefni</strong><br />
Matarsaga og fæðukreppur á Íslandi fyrir tíma iðnbyltingar.<br />
Jarðeignir kvenna á árnýöld.<br />
Efnahagsleg tengsl Íslands og Danmerkur fram að fulllveldi 1918.</p>

<p>Guðmundur Jónsson prófessor í sagnfræði Árnagarður, herbergi 404 Háskóla Íslands Sturlugötu 1, 102 Reykjavík Sími: 525 4208 Netfang: gudmjons hjá hi.is Viðtalstímar: Mánud. 10-12 &nbsp; Ég er fæddur í Reykjavík árið 1955. Að loknu BA-námi í sagnfræði og þjóðfélagsfræði við Háskóla Íslands 1975-1979 vann ég við menntaskólakennslu og lauk jafnframt cand. mag. prófi í sagnfræði [&hellip;]</p>
