{"id":292,"date":"2015-10-27T13:58:57","date_gmt":"2015-10-27T13:58:57","guid":{"rendered":"http:\/\/uni.hi.is\/gudrun\/?page_id=292"},"modified":"2015-10-27T13:58:57","modified_gmt":"2015-10-27T13:58:57","slug":"other","status":"publish","type":"page","link":"https:\/\/uni.hi.is\/gudrun\/IS\/publications-2\/other\/","title":{"rendered":"Anna\u00f0"},"content":{"rendered":"<p>Skr\u00e1ning og fr\u00e1gangur \u00e1 skjalasafni \u00d3lafs Thors fors\u00e6tisr\u00e1\u00f0herra og formanns Sj\u00e1lfst\u00e6\u00f0isflokksins sem f\u00e6rt var Borgarskjalasafni Reykjarv\u00edkur a\u00f0 gj\u00f6f \u00e1ri\u00f0 2009.\u00a0 Gj\u00f6finni fylgdi vefs\u00ed\u00f0an www.olafurthors.is<\/p>","protected":false},"excerpt":{"rendered":"<p>Skr\u00e1ning og fr\u00e1gangur \u00e1 skjalasafni \u00d3lafs Thors fors\u00e6tisr\u00e1\u00f0herra og formanns Sj\u00e1lfst\u00e6\u00f0isflokksins sem f\u00e6rt var Borgarskjalasafni Reykjarv\u00edkur a\u00f0 gj\u00f6f \u00e1ri\u00f0 2009.\u00a0 Gj\u00f6finni fylgdi vefs\u00ed\u00f0an www.olafurthors.is<\/p>\n","protected":false},"author":334,"featured_media":0,"parent":173,"menu_order":10,"comment_status":"closed","ping_status":"closed","template":"","meta":{"footnotes":""},"class_list":["post-292","page","type-page","status-publish","hentry"],"_links":{"self":[{"href":"https:\/\/uni.hi.is\/gudrun\/IS\/wp-json\/wp\/v2\/pages\/292","targetHints":{"allow":["GET"]}}],"collection":[{"href":"https:\/\/uni.hi.is\/gudrun\/IS\/wp-json\/wp\/v2\/pages"}],"about":[{"href":"https:\/\/uni.hi.is\/gudrun\/IS\/wp-json\/wp\/v2\/types\/page"}],"author":[{"embeddable":true,"href":"https:\/\/uni.hi.is\/gudrun\/IS\/wp-json\/wp\/v2\/users\/334"}],"replies":[{"embeddable":true,"href":"https:\/\/uni.hi.is\/gudrun\/IS\/wp-json\/wp\/v2\/comments?post=292"}],"version-history":[{"count":1,"href":"https:\/\/uni.hi.is\/gudrun\/IS\/wp-json\/wp\/v2\/pages\/292\/revisions"}],"predecessor-version":[{"id":293,"href":"https:\/\/uni.hi.is\/gudrun\/IS\/wp-json\/wp\/v2\/pages\/292\/revisions\/293"}],"up":[{"embeddable":true,"href":"https:\/\/uni.hi.is\/gudrun\/IS\/wp-json\/wp\/v2\/pages\/173"}],"wp:attachment":[{"href":"https:\/\/uni.hi.is\/gudrun\/IS\/wp-json\/wp\/v2\/media?parent=292"}],"curies":[{"name":"wp","href":"https:\/\/api.w.org\/{rel}","templated":true}]}}

Annað

<p>Skráning og frágangur á skjalasafni Ólafs Thors forsætisráðherra og formanns Sjálfstæðisflokksins sem fært var Borgarskjalasafni Reykjarvíkur að gjöf árið 2009.  Gjöfinni fylgdi vefsíðan www.olafurthors.is</p>
