{"id":4,"date":"2010-05-25T10:10:41","date_gmt":"2010-05-25T10:10:41","guid":{"rendered":"http:\/\/uni.hi.is\/gunnth\/?page_id=4"},"modified":"2017-02-01T15:26:52","modified_gmt":"2017-02-01T15:26:52","slug":"ferill","status":"publish","type":"page","link":"https:\/\/uni.hi.is\/gunnth\/ferill\/","title":{"rendered":"Ferill"},"content":{"rendered":"<p><\/p>\n<h3 style=\"text-align: center\"><strong>Menntun<\/strong><\/h3>\n<p style=\"text-align: center\"><a href=\"http:\/\/uni.hi.is\/gunnth\/files\/2010\/05\/Rhul.jpg\"><img loading=\"lazy\" decoding=\"async\" class=\"aligncenter size-full wp-image-5\" title=\"Rhul\" alt=\"\" src=\"http:\/\/uni.hi.is\/gunnth\/files\/2010\/05\/Rhul.jpg\" width=\"174\" height=\"282\" \/><\/a><\/p>\n<p style=\"text-align: left\"><span style=\"font-family: Palatino Linotype\">Lauk BA pr\u00f3fi \u00ed almennri b\u00f3kmenntafr\u00e6\u00f0i og \u00fe\u00fdsku fr\u00e1 H\u00e1sk\u00f3la \u00cdslands 1992. Lauk MA pr\u00f3fi 1994 \u00ed evr\u00f3pskum samanbur\u00f0arb\u00f3kmenntum vi\u00f0 <a href=\"http:\/\/www.kent.ac.uk\">University of Kent<\/a> \u00ed Kantaraborg. Flutti \u00fea\u00f0an til London og lag\u00f0i stund \u00e1 doktorsn\u00e1m \u00ed samanbur\u00f0arb\u00f3kmenntum vi\u00f0 fr\u00f6nskudeild <a href=\"http:\/\/www.rhul.ac.uk\">Royal Holloway University of London<\/a> undir handlei\u00f0slu <a href=\"http:\/\/www.all-souls.ox.ac.uk\/people.php?personid=64\">Michaels Sheringham<\/a>, sem n\u00fa er pr\u00f3fessor \u00ed Oxford vi\u00f0 All Souls College. Var\u00f0i doktorsritger\u00f0 fr\u00e1 University of London \u00ed jan\u00faar \u00e1ri\u00f0 2000. Ritger\u00f0in var gefin \u00fat af Rodopi forlaginu 2003.<\/span><\/p>\n<h3 style=\"text-align: center\"><strong><span style=\"font-family: Palatino Linotype\">St\u00f6rf<\/span><\/strong><\/h3>\n<p style=\"text-align: center\"><strong><span style=\"font-family: Palatino Linotype\"><a href=\"http:\/\/uni.hi.is\/gunnth\/files\/2010\/05\/ucl.jpg\"><img loading=\"lazy\" decoding=\"async\" class=\"aligncenter size-full wp-image-6\" title=\"ucl\" alt=\"\" src=\"http:\/\/uni.hi.is\/gunnth\/files\/2010\/05\/ucl.jpg\" width=\"200\" height=\"264\" \/><\/a><br \/>\n<\/span><\/strong><\/p>\n<p style=\"text-align: left\"><span style=\"font-family: Palatino Linotype\">Unni\u00f0 vi\u00f0 \u00fdmis st\u00f6rf, svo sem pr\u00f3farkalestur, \u00fe\u00fd\u00f0ingar, \u00edslenskukennslu fyrir \u00fatlendinga. Kenndi vi\u00f0 Nor\u00f0urlandadeild og braut \u00ed evr\u00f3pskri menningarfr\u00e6\u00f0i vi\u00f0 <a href=\"http:\/\/www.ucl.ac.uk\">University College London<\/a> 1999-2003. T\u00f3k vi\u00f0 starfi a\u00f0junkts \u00ed almennri b\u00f3kmenntafr\u00e6\u00f0i vi\u00f0 H\u00e1sk\u00f3la \u00cdslands \u00ed \u00e1rsbyrjun 2004, s\u00ed\u00f0ar r\u00e1\u00f0in lektor \u00ed j\u00fal\u00ed 2007, d\u00f3sent fr\u00e1 2009 og pr\u00f3fessor fr\u00e1 2014.<br \/>\n<\/span><\/p>\n<table style=\"text-align: left\" border=\"0\" cellspacing=\"0\" cellpadding=\"0\">\n<tbody>\n<tr>\n<td valign=\"top\" width=\"139\"><\/td>\n<td valign=\"top\" width=\"444\"><\/td>\n<\/tr>\n<tr>\n<td valign=\"top\" width=\"139\"><\/td>\n<td valign=\"top\" width=\"444\"><\/td>\n<\/tr>\n<tr>\n<td valign=\"top\" width=\"139\"><\/td>\n<td valign=\"top\" width=\"444\"><\/td>\n<\/tr>\n<tr>\n<td style=\"text-align: left\" valign=\"top\" width=\"139\"><\/td>\n<td valign=\"top\" width=\"444\"><\/td>\n<\/tr>\n<\/tbody>\n<\/table>\n<p><\/p>","protected":false},"excerpt":{"rendered":"<p>Menntun Lauk BA pr\u00f3fi \u00ed almennri b\u00f3kmenntafr\u00e6\u00f0i og \u00fe\u00fdsku fr\u00e1 H\u00e1sk\u00f3la \u00cdslands 1992. Lauk MA pr\u00f3fi 1994 \u00ed evr\u00f3pskum samanbur\u00f0arb\u00f3kmenntum vi\u00f0 University of Kent \u00ed Kantaraborg. Flutti \u00fea\u00f0an til London og lag\u00f0i stund \u00e1 doktorsn\u00e1m \u00ed samanbur\u00f0arb\u00f3kmenntum vi\u00f0 fr\u00f6nskudeild Royal Holloway University of London undir handlei\u00f0slu Michaels Sheringham, sem n\u00fa er pr\u00f3fessor \u00ed Oxford vi\u00f0 [&hellip;]<\/p>\n","protected":false},"author":135,"featured_media":0,"parent":0,"menu_order":1,"comment_status":"closed","ping_status":"closed","template":"","meta":{"footnotes":""},"class_list":["post-4","page","type-page","status-publish","hentry"],"_links":{"self":[{"href":"https:\/\/uni.hi.is\/gunnth\/wp-json\/wp\/v2\/pages\/4","targetHints":{"allow":["GET"]}}],"collection":[{"href":"https:\/\/uni.hi.is\/gunnth\/wp-json\/wp\/v2\/pages"}],"about":[{"href":"https:\/\/uni.hi.is\/gunnth\/wp-json\/wp\/v2\/types\/page"}],"author":[{"embeddable":true,"href":"https:\/\/uni.hi.is\/gunnth\/wp-json\/wp\/v2\/users\/135"}],"replies":[{"embeddable":true,"href":"https:\/\/uni.hi.is\/gunnth\/wp-json\/wp\/v2\/comments?post=4"}],"version-history":[{"count":10,"href":"https:\/\/uni.hi.is\/gunnth\/wp-json\/wp\/v2\/pages\/4\/revisions"}],"predecessor-version":[{"id":207,"href":"https:\/\/uni.hi.is\/gunnth\/wp-json\/wp\/v2\/pages\/4\/revisions\/207"}],"wp:attachment":[{"href":"https:\/\/uni.hi.is\/gunnth\/wp-json\/wp\/v2\/media?parent=4"}],"curies":[{"name":"wp","href":"https:\/\/api.w.org\/{rel}","templated":true}]}}