{"id":77,"date":"2012-01-07T23:59:54","date_gmt":"2012-01-07T23:59:54","guid":{"rendered":"http:\/\/uni.hi.is\/hafdgud\/?page_id=77"},"modified":"2019-08-17T20:51:15","modified_gmt":"2019-08-17T20:51:15","slug":"starfsreynsla","status":"publish","type":"page","link":"https:\/\/uni.hi.is\/hafdgud\/nams-og-starfsferill-2\/starfsreynsla\/","title":{"rendered":"Starfsreynsla"},"content":{"rendered":"<div><span style=\"color: #000000\"><strong>Kennslusvi\u00f0 og kennslureynsla<\/strong><br \/>\n<\/span><\/div>\n<div><span style=\"font-size: 10pt\">2013\u2013 \u00a0 \u00a0 \u00a0 \u00a0 \u00a0 \u00a0 \u00a0 Pr\u00f3fessor vi\u00f0 H\u00e1sk\u00f3la \u00edslands, Menntav\u00edsindasvi\u00f0<\/span><\/div>\n<div><span style=\"font-size: 10pt\">2008\u20132013 \u00a0 \u00a0 D\u00f3sent vi\u00f0 H\u00e1sk\u00f3la \u00cdslands, Menntav\u00edsindasvi\u00f0<\/span><br \/>\n<span style=\"font-size: 10pt\"> 2000\u20132008 \u00a0 \u00a0Lektor vi\u00f0 Kennarah\u00e1sk\u00f3la \u00cdslands<\/span><\/div>\n<div><span style=\"font-size: 10pt\">1979\u20132000 \u00a0 \u00a0 Kennari vi\u00f0 grunnsk\u00f3la Hafnarfjar\u00f0ar (Engidalssk\u00f3la 1979\u20131987 og L\u00e6kjarsk\u00f3la fr\u00e1 1986\u20132000)<\/span><\/div>\n<div><span style=\"font-size: 10pt\">1974\u20131979 \u00a0 \u00a0 \u00a0Kennari vi\u00f0 grunnsk\u00f3la Reykjav\u00edkur (Fellask\u00f3la)<\/span><\/div>\n<div><\/div>\n<div><\/div>\n<div><strong>Kennsla vi\u00f0 erlenda H\u00e1sk\u00f3la<\/strong><\/div>\n<div>2017 \u00a0 \u00a0 \u00a0 \u00a0 \u00a0 \u00a0 \u00a0 \u00a0 \u00a0University of Northern Iowa<\/div>\n<div>2013 \u00a0 \u00a0 \u00a0 \u00a0 \u00a0 \u00a0 \u00a0 \u00a0 \u00a0University of Northern Iowa<\/div>\n<div>2008 \u00a0 \u00a0 \u00a0 \u00a0 \u00a0 \u00a0 \u00a0 \u00a0 Victoria University \u00ed Melbourne \u00ed \u00c1stral\u00edu<\/div>\n<div>2004. \u00a0 \u00a0 \u00a0 \u00a0 \u00a0 \u00a0 \u00a0 \u00a0Victoria University \u00ed Melbourne \u00ed \u00c1stral\u00edu<\/div>\n<div>2001\u20132003. \u00a0 \u00a0\u00cd Lettlandi<\/div>\n<div>2000. \u00a0 \u00a0 \u00a0 \u00a0 \u00a0 \u00a0 \u00a0 \u00a0University of Oregon<\/div>\n<div>1996\u20131997. \u00a0 \u00a0 \u00a0 University of Oregon<\/div>\n<div>1993. \u00a0 \u00a0 \u00a0 \u00a0 \u00a0 \u00a0 \u00a0 \u00a0 University of Oregon<\/div>\n","protected":false},"excerpt":{"rendered":"<p>Kennslusvi\u00f0 og kennslureynsla 2013\u2013 \u00a0 \u00a0 \u00a0 \u00a0 \u00a0 \u00a0 \u00a0 Pr\u00f3fessor vi\u00f0 H\u00e1sk\u00f3la \u00edslands, Menntav\u00edsindasvi\u00f0 2008\u20132013 \u00a0 \u00a0 D\u00f3sent vi\u00f0 H\u00e1sk\u00f3la \u00cdslands, Menntav\u00edsindasvi\u00f0 2000\u20132008 \u00a0 \u00a0Lektor vi\u00f0 Kennarah\u00e1sk\u00f3la \u00cdslands 1979\u20132000 \u00a0 \u00a0 Kennari vi\u00f0 grunnsk\u00f3la Hafnarfjar\u00f0ar (Engidalssk\u00f3la 1979\u20131987 og &hellip; <a href=\"https:\/\/uni.hi.is\/hafdgud\/nams-og-starfsferill-2\/starfsreynsla\/\">Continue reading <span class=\"meta-nav\">&rarr;<\/span><\/a><\/p>\n","protected":false},"author":518,"featured_media":0,"parent":69,"menu_order":3,"comment_status":"closed","ping_status":"closed","template":"","meta":{"footnotes":""},"class_list":["post-77","page","type-page","status-publish","hentry"],"_links":{"self":[{"href":"https:\/\/uni.hi.is\/hafdgud\/wp-json\/wp\/v2\/pages\/77","targetHints":{"allow":["GET"]}}],"collection":[{"href":"https:\/\/uni.hi.is\/hafdgud\/wp-json\/wp\/v2\/pages"}],"about":[{"href":"https:\/\/uni.hi.is\/hafdgud\/wp-json\/wp\/v2\/types\/page"}],"author":[{"embeddable":true,"href":"https:\/\/uni.hi.is\/hafdgud\/wp-json\/wp\/v2\/users\/518"}],"replies":[{"embeddable":true,"href":"https:\/\/uni.hi.is\/hafdgud\/wp-json\/wp\/v2\/comments?post=77"}],"version-history":[{"count":17,"href":"https:\/\/uni.hi.is\/hafdgud\/wp-json\/wp\/v2\/pages\/77\/revisions"}],"predecessor-version":[{"id":285,"href":"https:\/\/uni.hi.is\/hafdgud\/wp-json\/wp\/v2\/pages\/77\/revisions\/285"}],"up":[{"embeddable":true,"href":"https:\/\/uni.hi.is\/hafdgud\/wp-json\/wp\/v2\/pages\/69"}],"wp:attachment":[{"href":"https:\/\/uni.hi.is\/hafdgud\/wp-json\/wp\/v2\/media?parent=77"}],"curies":[{"name":"wp","href":"https:\/\/api.w.org\/{rel}","templated":true}]}}