{"id":144,"date":"2016-01-23T12:05:13","date_gmt":"2016-01-23T12:05:13","guid":{"rendered":"http:\/\/uni.hi.is\/jtj\/?page_id=144"},"modified":"2016-08-17T19:18:16","modified_gmt":"2016-08-17T19:18:16","slug":"challenges-to-modern-education","status":"publish","type":"page","link":"https:\/\/uni.hi.is\/jtj\/challenges-to-modern-education\/","title":{"rendered":"\u00c1skoranir fyrir n\u00fat\u00edma menntun"},"content":{"rendered":"<p><\/p>\n<h3>Dr\u00f6g a\u00f0 b\u00f3k?<\/h3>\n<p>I am very slowly moving\u00a0towards a book on what I call \u201cthe (grand) challenges of education\u201d. Some of which are specifically discussed under the heading, Research interests. I suggest that there are six issues that should be highlighted, i.e., 1) the mapping of the future onto education \u00a0in connection with the discussion of educational aims for the middle of the 21<sup>st<\/sup> century and the impediments to change; 2) the use of research and data to mould change, 3) the acceptance of a\u00a0system of LLL - or rather of LLL within the system, but also 4) what it means to educate for a democratic society, and why this is important; 5) the importance of involving teachers as initiators of change and the dilemmas involved and 6) finally how teacher education should or might be be conducted.<\/p>","protected":false},"excerpt":{"rendered":"<p>Dr\u00f6g a\u00f0 b\u00f3k? I am very slowly moving\u00a0towards a book on what I call \u201cthe (grand) challenges of education\u201d. Some of which are specifically discussed under the heading, Research interests. I suggest that there are six issues that should be &hellip; <a href=\"https:\/\/uni.hi.is\/jtj\/challenges-to-modern-education\/\">Continue reading <span class=\"meta-nav\">&rarr;<\/span><\/a><\/p>\n","protected":false},"author":1403,"featured_media":0,"parent":0,"menu_order":2,"comment_status":"closed","ping_status":"closed","template":"","meta":{"footnotes":""},"class_list":["post-144","page","type-page","status-publish","hentry"],"_links":{"self":[{"href":"https:\/\/uni.hi.is\/jtj\/wp-json\/wp\/v2\/pages\/144","targetHints":{"allow":["GET"]}}],"collection":[{"href":"https:\/\/uni.hi.is\/jtj\/wp-json\/wp\/v2\/pages"}],"about":[{"href":"https:\/\/uni.hi.is\/jtj\/wp-json\/wp\/v2\/types\/page"}],"author":[{"embeddable":true,"href":"https:\/\/uni.hi.is\/jtj\/wp-json\/wp\/v2\/users\/1403"}],"replies":[{"embeddable":true,"href":"https:\/\/uni.hi.is\/jtj\/wp-json\/wp\/v2\/comments?post=144"}],"version-history":[{"count":11,"href":"https:\/\/uni.hi.is\/jtj\/wp-json\/wp\/v2\/pages\/144\/revisions"}],"predecessor-version":[{"id":389,"href":"https:\/\/uni.hi.is\/jtj\/wp-json\/wp\/v2\/pages\/144\/revisions\/389"}],"wp:attachment":[{"href":"https:\/\/uni.hi.is\/jtj\/wp-json\/wp\/v2\/media?parent=144"}],"curies":[{"name":"wp","href":"https:\/\/api.w.org\/{rel}","templated":true}]}}