{"id":13,"date":"2016-08-21T18:13:09","date_gmt":"2016-08-21T18:13:09","guid":{"rendered":"http:\/\/uni.hi.is\/khschram\/?page_id=13"},"modified":"2016-08-21T22:33:59","modified_gmt":"2016-08-21T22:33:59","slug":"samstarf","status":"publish","type":"page","link":"https:\/\/uni.hi.is\/khschram\/samstarf\/","title":{"rendered":"Samstarf"},"content":{"rendered":"<header class=\"entry-header\">\n<h1 class=\"entry-title\">Northgate<\/h1>\n<\/header>\n<div class=\"entry-content\">\n<p>Norr\u00e6na samstarfsnefndin um hug- og f\u00e9lagsv\u00edsindaranns\u00f3knir (NOS-HS) veitti n\u00fdlega styrki til norr\u00e6nna ranns\u00f3knasamstarfsverkefna. \u00c1 me\u00f0al verkefna sem hlutu brautargengi er n\u00fdtt tenglsanet sem mun rannsaka f\u00e9lags- og menningarleg \u00e1hrif loftslagsbreytinga \u00e1 nor\u00f0ursl\u00f3\u00f0um. Tengslaneti\u00f0, sem kalla\u00f0 er\u00a0<i>Northgate<\/i>, sameinar b\u00e6\u00f0i reynda og n\u00fdja fr\u00e6\u00f0imenn fr\u00e1 fj\u00f6lm\u00f6rgum norr\u00e6num h\u00e1sk\u00f3lum. Samstarfsverkefni\u00f0 mun stu\u00f0la a\u00f0 ranns\u00f3knum og auknum tengslum fr\u00e6\u00f0imanna vi\u00f0 stefnum\u00f3tunara\u00f0ila og samf\u00e9l\u00f6g sem finna \u00ed auknum m\u00e6li fyrir hr\u00f6\u00f0um umhverfisbreytingum og hreyfanleika f\u00f3lks \u00e1 sv\u00e6\u00f0inu. Ranns\u00f3knasetur um nor\u00f0ursl\u00f3\u00f0ir mun halda utan um verkefni\u00f0 n\u00e6stu tv\u00f6 \u00e1rin en umsj\u00f3n me\u00f0 verkefninu hefur Kristinn Schram, lektor \u00ed \u00fej\u00f3\u00f0fr\u00e6\u00f0i vi\u00f0 H\u00e1sk\u00f3la \u00cdslands.<\/p>\n<p>Sj\u00e1\u00a0<a href=\"http:\/\/ams.hi.is\/rannsoknir\/rannsoknarverkefni\/northgate\/\">vefs\u00ed\u00f0u Northgate<\/a><\/p>\n<h1>Ranns\u00f3knarsetur um nor\u00f0ursl\u00f3\u00f0ir<\/h1>\n<p><strong>Ranns\u00f3knasetur um nor\u00f0ursl\u00f3\u00f0ir<\/strong><\/p>\n<p>Ranns\u00f3knasetur um nor\u00f0ursl\u00f3\u00f0ir er vettvangur fyrir \u00feverfaglegt samstarf \u00e1 svi\u00f0i nor\u00f0ursl\u00f3\u00f0aranns\u00f3kna me\u00f0 \u00e1herslu \u00e1 hlutverk og stefnu r\u00edkja og stofnana, og stj\u00f3rnarh\u00e6tti \u00e1 nor\u00f0ursl\u00f3\u00f0um. Hlutverk Ranns\u00f3knaseturs um nor\u00f0ursl\u00f3\u00f0ir er a\u00f0 vinna a\u00f0 ranns\u00f3knaverkefnum \u00ed samstarfi vi\u00f0 innlenda og erlenda a\u00f0ila, a\u00f0 auka samstarf milli fr\u00e6\u00f0imanna, atvinnul\u00edfs og opinberra a\u00f0ila og vera lei\u00f0andi \u00ed ranns\u00f3knum \u00e1 \u00feessu svi\u00f0i. Auk \u00feess stendur setri\u00f0 fyrir r\u00e1\u00f0stefnum, umr\u00e6\u00f0ufundum, fyrirlestrum og n\u00e1mskei\u00f0um um efni sem var\u00f0a starfssvi\u00f0 \u00feess og \u00fatg\u00e1fu rita um m\u00e1lefni nor\u00f0ursl\u00f3\u00f0a. Setri\u00f0 vinnur einnig \u00fej\u00f3nustuverkefni fyrir atvinnul\u00edf og opinbera a\u00f0ila og sty\u00f0ur vi\u00f0 kennslu \u00ed nor\u00f0ursl\u00f3\u00f0am\u00e1lefnum.<\/p>\n<p>Verkefnisstj\u00f3ri Ranns\u00f3knaseturs um nor\u00f0ursl\u00f3\u00f0ir er Margr\u00e9t Cela.<\/p>\n<p><a href=\"http:\/\/ams.hi.is\/rannsoknarsetur\/caps\/\">Sj\u00e1 vefs\u00ed\u00f0u Ranns\u00f3knaseturs um nor\u00f0usl\u00f3\u00f0ir<\/a><\/p>\n<p>&nbsp;<\/p>\n<\/div>\n","protected":false},"excerpt":{"rendered":"<p>Northgate Norr\u00e6na samstarfsnefndin um hug- og f\u00e9lagsv\u00edsindaranns\u00f3knir (NOS-HS) veitti n\u00fdlega styrki til norr\u00e6nna ranns\u00f3knasamstarfsverkefna. \u00c1 me\u00f0al verkefna sem hlutu brautargengi er n\u00fdtt tenglsanet sem mun rannsaka f\u00e9lags- og menningarleg \u00e1hrif loftslagsbreytinga \u00e1 nor\u00f0ursl\u00f3\u00f0um. Tengslaneti\u00f0, sem kalla\u00f0 er\u00a0Northgate, sameinar b\u00e6\u00f0i reynda &hellip; <a href=\"https:\/\/uni.hi.is\/khschram\/samstarf\/\">Halda \u00e1fram a\u00f0 lesa <span class=\"meta-nav\">&rarr;<\/span><\/a><\/p>\n","protected":false},"author":1390,"featured_media":0,"parent":0,"menu_order":0,"comment_status":"closed","ping_status":"closed","template":"","meta":{"footnotes":""},"class_list":["post-13","page","type-page","status-publish","hentry"],"_links":{"self":[{"href":"https:\/\/uni.hi.is\/khschram\/wp-json\/wp\/v2\/pages\/13","targetHints":{"allow":["GET"]}}],"collection":[{"href":"https:\/\/uni.hi.is\/khschram\/wp-json\/wp\/v2\/pages"}],"about":[{"href":"https:\/\/uni.hi.is\/khschram\/wp-json\/wp\/v2\/types\/page"}],"author":[{"embeddable":true,"href":"https:\/\/uni.hi.is\/khschram\/wp-json\/wp\/v2\/users\/1390"}],"replies":[{"embeddable":true,"href":"https:\/\/uni.hi.is\/khschram\/wp-json\/wp\/v2\/comments?post=13"}],"version-history":[{"count":3,"href":"https:\/\/uni.hi.is\/khschram\/wp-json\/wp\/v2\/pages\/13\/revisions"}],"predecessor-version":[{"id":48,"href":"https:\/\/uni.hi.is\/khschram\/wp-json\/wp\/v2\/pages\/13\/revisions\/48"}],"wp:attachment":[{"href":"https:\/\/uni.hi.is\/khschram\/wp-json\/wp\/v2\/media?parent=13"}],"curies":[{"name":"wp","href":"https:\/\/api.w.org\/{rel}","templated":true}]}}