{"id":6,"date":"2016-08-21T18:09:29","date_gmt":"2016-08-21T18:09:29","guid":{"rendered":"http:\/\/uni.hi.is\/khschram\/?page_id=6"},"modified":"2016-09-05T23:40:31","modified_gmt":"2016-09-05T23:40:31","slug":"thjodfraedi","status":"publish","type":"page","link":"https:\/\/uni.hi.is\/khschram\/thjodfraedi\/","title":{"rendered":"\u00dej\u00f3\u00f0fr\u00e6\u00f0i"},"content":{"rendered":"<p><strong>\u00dej\u00f3\u00f0fr\u00e6\u00f0in rannsakar hversdagsmenningu, l\u00edfsh\u00e6tti og l\u00edfss\u00fdn f\u00f3lks fyrr og n\u00fa.<\/strong><\/p>\n<p>\u00dej\u00f3\u00f0fr\u00e6\u00f0in rannsakar daglegt l\u00edf og daglegt brau\u00f0: s\u00f6gur og sagnir, heimilis- og atvinnuh\u00e6tti, tr\u00fa og t\u00f3nlist, si\u00f0i og venjur, h\u00e1t\u00ed\u00f0ir og leiki, f\u00f6t, t\u00edsku og matarh\u00e6tti um heim allan. \u00c1hersla er l\u00f6g\u00f0 \u00e1 hvernig f\u00f3lk m\u00f3tar l\u00edf sitt og umhverfi undir kringumst\u00e6\u00f0um sem \u00fea\u00f0 hefur ekki m\u00f3ta\u00f0 sj\u00e1lft og hvernig f\u00f3lk talar saman og lifir \u00ed samf\u00e9lagi hvert vi\u00f0 anna\u00f0 \u00ed \u00feeim margv\u00edslegu h\u00f3pum sem \u00fea\u00f0 tilheyrir \u2013 sem \u00cdslendingar, Argent\u00ednumenn, Valsmenn, unglingar, innflytjendur, Evr\u00f3pub\u00faar, Flateyringar, \u00f3perus\u00f6ngvarar, flugfreyjur, f\u00edklar, o.s.frv.<\/p>\n<p>N\u00e1mi\u00f0 er h\u00e6gt a\u00f0 taka b\u00e6\u00f0i \u00ed sta\u00f0- og fjarn\u00e1mi.<\/p>\n<p>N\u00e1nari uppl\u00fdsingar gefur Kristinn Schram, lektor \u00ed \u00fej\u00f3\u00f0fr\u00e6\u00f0i \u00ed s\u00edma 525-4256 e\u00f0a khschram@hi.is og Erna Rut Steinsd\u00f3ttir, verkefnisstj\u00f3ri \u00ed s\u00edma 525-5848 e\u00f0a\u00a0<a href=\"mailto:ernarut@hi.is\">ernarut@hi.is<\/a><\/p>\n<hr \/>\n<p style=\"text-align: center\">\n<p><iframe loading=\"lazy\" title=\"\u00dejo\u0301\u00f0fr\u00e6\u00f0i - H\u00e1sk\u00f3li \u00cdslands\" width=\"474\" height=\"267\" src=\"https:\/\/www.youtube.com\/embed\/4-hYYCjJK5E?feature=oembed\" frameborder=\"0\" allow=\"accelerometer; autoplay; clipboard-write; encrypted-media; gyroscope; picture-in-picture; web-share\" referrerpolicy=\"strict-origin-when-cross-origin\" allowfullscreen><\/iframe><\/p>\n","protected":false},"excerpt":{"rendered":"<p>\u00dej\u00f3\u00f0fr\u00e6\u00f0in rannsakar hversdagsmenningu, l\u00edfsh\u00e6tti og l\u00edfss\u00fdn f\u00f3lks fyrr og n\u00fa. \u00dej\u00f3\u00f0fr\u00e6\u00f0in rannsakar daglegt l\u00edf og daglegt brau\u00f0: s\u00f6gur og sagnir, heimilis- og atvinnuh\u00e6tti, tr\u00fa og t\u00f3nlist, si\u00f0i og venjur, h\u00e1t\u00ed\u00f0ir og leiki, f\u00f6t, t\u00edsku og matarh\u00e6tti um heim allan. \u00c1hersla &hellip; <a href=\"https:\/\/uni.hi.is\/khschram\/thjodfraedi\/\">Halda \u00e1fram a\u00f0 lesa <span class=\"meta-nav\">&rarr;<\/span><\/a><\/p>\n","protected":false},"author":1390,"featured_media":0,"parent":0,"menu_order":0,"comment_status":"closed","ping_status":"closed","template":"","meta":{"footnotes":""},"class_list":["post-6","page","type-page","status-publish","hentry"],"_links":{"self":[{"href":"https:\/\/uni.hi.is\/khschram\/wp-json\/wp\/v2\/pages\/6","targetHints":{"allow":["GET"]}}],"collection":[{"href":"https:\/\/uni.hi.is\/khschram\/wp-json\/wp\/v2\/pages"}],"about":[{"href":"https:\/\/uni.hi.is\/khschram\/wp-json\/wp\/v2\/types\/page"}],"author":[{"embeddable":true,"href":"https:\/\/uni.hi.is\/khschram\/wp-json\/wp\/v2\/users\/1390"}],"replies":[{"embeddable":true,"href":"https:\/\/uni.hi.is\/khschram\/wp-json\/wp\/v2\/comments?post=6"}],"version-history":[{"count":7,"href":"https:\/\/uni.hi.is\/khschram\/wp-json\/wp\/v2\/pages\/6\/revisions"}],"predecessor-version":[{"id":76,"href":"https:\/\/uni.hi.is\/khschram\/wp-json\/wp\/v2\/pages\/6\/revisions\/76"}],"wp:attachment":[{"href":"https:\/\/uni.hi.is\/khschram\/wp-json\/wp\/v2\/media?parent=6"}],"curies":[{"name":"wp","href":"https:\/\/api.w.org\/{rel}","templated":true}]}}