{"id":26,"date":"2016-09-21T20:37:53","date_gmt":"2016-09-21T20:37:53","guid":{"rendered":"http:\/\/uni.hi.is\/loftur\/?page_id=26"},"modified":"2016-09-23T14:39:09","modified_gmt":"2016-09-23T14:39:09","slug":"rannsoknir-og-ritstorf","status":"publish","type":"page","link":"https:\/\/uni.hi.is\/loftur\/rannsoknir-og-ritstorf\/","title":{"rendered":"Ranns\u00f3knir og ritst\u00f6rf"},"content":{"rendered":"<p>Ranns\u00f3knir m\u00ednar eru h\u00e9r flokka\u00f0ar eftir t\u00edu\u00a0ranns\u00f3knasvi\u00f0um, sbr. taflan h\u00e9r til hli\u00f0ar:<\/p>\n<p>1) <a href=\"http:\/\/uni.hi.is\/loftur\/rannsoknir-og-ritstorf\/islenskir-barnakennarar-sem-felagsflokkur-og-faghopur-1910-1960\/\">\u00cdslenskir barnakennarar sem f\u00e9lagsflokkur og fagh\u00f3pur 1910\u20131960;<\/a><\/p>\n<p>2)<a href=\"http:\/\/uni.hi.is\/loftur\/rannsoknir-og-ritstorf\/almenningsfraedsla-a-islandi-a-19-og-20-old\/\"> Almenningsfr\u00e6\u00f0sla \u00e1 \u00cdslandi 1880-2007;<\/a><\/p>\n<p>3) <a href=\"http:\/\/uni.hi.is\/loftur\/rannsoknir-og-ritstorf\/sagnritun-a-19-og-20-old-og-tengsl-vid-adrar-fraedigreinar\/\">Sagnritun \u00e1 20. \u00f6ld og tengsl vi\u00f0 a\u00f0rar fr\u00e6\u00f0igreinar;<\/a><\/p>\n<p>4) <a href=\"http:\/\/uni.hi.is\/loftur\/rannsoknir-og-ritstorf\/althydumenntun-midlun-og-menningarskil-a-islandi-1830-1930\/\">Al\u00fe\u00fd\u00f0umenntun, mi\u00f0lun og menningarskil \u00e1 \u00cdslandi 1830-1930;<\/a><\/p>\n<p>5) <a href=\"http:\/\/uni.hi.is\/loftur\/rannsoknir-og-ritstorf\/uppeldi-og-samfelag-a-einveldis-og-upplysingarold-1600-1830\/\">Ungbarna- og barnadau\u00f0i \u00e1 \u00cdslandi 1750-1950;<\/a><\/p>\n<p>6) <a href=\"http:\/\/uni.hi.is\/loftur\/rannsoknir-og-ritstorf\/saga-kristni-a-islandi\/\">Saga kristni \u00e1 \u00cdslandi;<\/a><\/p>\n<p>7) <a href=\"http:\/\/uni.hi.is\/loftur\/rannsoknir-og-ritstorf\/folksfjoldi-fjolskylduferli-og-felagstengsl\/\">F\u00f3lksfj\u00f6ldi, fj\u00f6lskylduferli og f\u00e9lagstengsl;<\/a><\/p>\n<p>8)<a href=\"http:\/\/uni.hi.is\/loftur\/rannsoknir-og-ritstorf\/uppeldi-og-samfelag-a-einveldis-og-upplysingarold-1600-1830\/\"> Uppeldi og samf\u00e9lag \u00e1 einveldis- og uppl\u00fdsingar\u00f6ld<\/a> (ca. 1600\u20131830);<\/p>\n<p>9) <a href=\"http:\/\/uni.hi.is\/loftur\/rannsoknir-og-ritstorf\/saga-laesis\/\">Saga l\u00e6sis;<\/a><\/p>\n<p>10) <a href=\"http:\/\/uni.hi.is\/loftur\/rannsoknir-og-ritstorf\/saga-og-felagsfraedi-fyrir-skola-og-almenning\/\">Saga og f\u00e9lagsfr\u00e6\u00f0i fyrir sk\u00f3la og almenning.<\/a><\/p>\n<p>Ef smellt er \u00e1 \u00e1kve\u00f0i\u00f0 ranns\u00f3knasvi\u00f0 koma fram uppl\u00fdsingar um tildr\u00f6g, markmi\u00f0 og framvinda einstakra verkefna. Jafnframt eru talin upp rit og ritst\u00f6rf, sem tilheyra hluta\u00f0eigandi svi\u00f0i, flokku\u00f0 \u00ed eftirtalda sj\u00f6 flokka (elstu ritin fremst): a) b\u00e6kur; b) t\u00edmaritsgreinar, ritger\u00f0ir og b\u00f3karkaflar; c)\u00a0 ritd\u00f3mar; d) sk\u00fdrslur; e) ritstj\u00f3rn og umsj\u00f3n me\u00f0 \u00fatg\u00e1fu; f) \u00f3prentu\u00f0 erindi og handrit; g) \u00de\u00fd\u00f0ingar. Einnig er h\u00e6gt a\u00f0 f\u00e1 fram \u00f3flokka\u00f0a ritaskr\u00e1 og birtist h\u00fan \u00fe\u00e1 \u00ed t\u00edmar\u00f6\u00f0, n\u00fdjustu rit fremst.<\/p>\n","protected":false},"excerpt":{"rendered":"<p>Ranns\u00f3knir m\u00ednar eru h\u00e9r flokka\u00f0ar eftir t\u00edu\u00a0ranns\u00f3knasvi\u00f0um, sbr. taflan h\u00e9r til hli\u00f0ar: 1) \u00cdslenskir barnakennarar sem f\u00e9lagsflokkur og fagh\u00f3pur 1910\u20131960; 2) Almenningsfr\u00e6\u00f0sla \u00e1 \u00cdslandi 1880-2007; 3) Sagnritun \u00e1 20. \u00f6ld og tengsl vi\u00f0 a\u00f0rar fr\u00e6\u00f0igreinar; 4) Al\u00fe\u00fd\u00f0umenntun, mi\u00f0lun og menningarskil \u00e1 \u00cdslandi 1830-1930; 5) Ungbarna- og barnadau\u00f0i \u00e1 \u00cdslandi 1750-1950; 6) Saga kristni \u00e1 \u00cdslandi; [&hellip;]<\/p>\n","protected":false},"author":1019,"featured_media":0,"parent":0,"menu_order":0,"comment_status":"closed","ping_status":"closed","template":"","meta":{"footnotes":""},"class_list":["post-26","page","type-page","status-publish","hentry"],"_links":{"self":[{"href":"https:\/\/uni.hi.is\/loftur\/wp-json\/wp\/v2\/pages\/26","targetHints":{"allow":["GET"]}}],"collection":[{"href":"https:\/\/uni.hi.is\/loftur\/wp-json\/wp\/v2\/pages"}],"about":[{"href":"https:\/\/uni.hi.is\/loftur\/wp-json\/wp\/v2\/types\/page"}],"author":[{"embeddable":true,"href":"https:\/\/uni.hi.is\/loftur\/wp-json\/wp\/v2\/users\/1019"}],"replies":[{"embeddable":true,"href":"https:\/\/uni.hi.is\/loftur\/wp-json\/wp\/v2\/comments?post=26"}],"version-history":[{"count":2,"href":"https:\/\/uni.hi.is\/loftur\/wp-json\/wp\/v2\/pages\/26\/revisions"}],"predecessor-version":[{"id":71,"href":"https:\/\/uni.hi.is\/loftur\/wp-json\/wp\/v2\/pages\/26\/revisions\/71"}],"wp:attachment":[{"href":"https:\/\/uni.hi.is\/loftur\/wp-json\/wp\/v2\/media?parent=26"}],"curies":[{"name":"wp","href":"https:\/\/api.w.org\/{rel}","templated":true}]}}