{"id":43,"date":"2016-09-21T21:17:40","date_gmt":"2016-09-21T21:17:40","guid":{"rendered":"http:\/\/uni.hi.is\/loftur\/?page_id=43"},"modified":"2016-09-21T21:20:30","modified_gmt":"2016-09-21T21:20:30","slug":"ungbarna-og-barnadaudi-a-islandi-1750-1950","status":"publish","type":"page","link":"https:\/\/uni.hi.is\/loftur\/rannsoknir-og-ritstorf\/ungbarna-og-barnadaudi-a-islandi-1750-1950\/","title":{"rendered":"Ungbarna- og barnadau\u00f0i \u00e1 \u00cdslandi 1750\u20131950"},"content":{"rendered":"<p>\u00deetta ranns\u00f3knasvi\u00f0 er \u00ed raun n\u00e1skylt \u00f6\u00f0ru sem \u00e9g hef lagt meiri r\u00e6kt vi\u00f0, \u00fe.e. uppeldi og samf\u00e9lag \u00e1 einveldis- og uppl\u00fdsingar\u00f6ld. \u00cd ranns\u00f3knum m\u00ednum \u00e1 bernsku beindist athygli m\u00edn mj\u00f6g a\u00f0 ungbarnadau\u00f0a. \u00c1ri\u00f0 1983 birti \u00e9g langa ritger\u00f0 um tengsl brj\u00f3stagjafar, ungbarnadau\u00f0a og frj\u00f3semi. Ranns\u00f3knarefni\u00f0 var aftur teki\u00f0 upp 1995 \u00feegar \u00e9g ger\u00f0ist einn af verkefnisstj\u00f3rum samnorr\u00e6ns verkefnis, Ungbarna- og barnadau\u00f0i 1750\u20131950. Verkefni\u00f0 naut styrks fr\u00e1 NOS-H. \u00de\u00e1tttakendur auk m\u00edn \u00ed hinum \u00edslenska hluta verkefnisins voru dr. Gu\u00f0mundur H\u00e1lfdanarson og \u00d3l\u00f6f Gar\u00f0arsd\u00f3ttir MA. V\u00edsindasj\u00f3\u00f0ur styrkti verkefni\u00f0 \u00fer\u00edvegis 1996\u20131998. Lokani\u00f0urst\u00f6\u00f0ur birtust \u00ed sameiginlegri sk\u00fdrslu og, hva\u00f0 \u00edslenska hlutann var\u00f0ar, \u00ed grein \u00ed S\u00f6gu 2001. S\u00ed\u00f0an h\u00f6fum vi\u00f0 \u00d3l\u00f6f Gar\u00f0arsd\u00f3ttir unni\u00f0 saman a\u00f0 afm\u00f6rku\u00f0um verkefnum tengdum ungbarnadau\u00f0a og elstu mannt\u00f6lum okkar.<\/p>\n<p>&nbsp;<\/p>\n<p><strong>Ritaskr\u00e1<\/strong><\/p>\n<p>Publications<\/p>\n<p><strong>T\u00edmaritsgreinar, ritger\u00f0ir og b\u00f3karkaflar<\/strong><\/p>\n<p>Periodicals and book chapters<\/p>\n<p>&nbsp;<\/p>\n<p>1983\u00a0\u00a0\u00a0\u00a0\u00a0\u00a0 Barnaeldi, ungbarnadau\u00f0i og vi\u00f0koma \u00e1 \u00cdslandi 1750\u20131860. <em>Ath\u00f6fn og or\u00f0. Afm\u00e6lisrit helga\u00f0 Matth\u00edasi J\u00f3nassyni \u00e1ttr\u00e6\u00f0um<\/em>. Ritstj. Sigurj\u00f3n Bj\u00f6rnsson. Rv., M\u00e1l og menning. S. 137\u2013168.<\/p>\n<p>2001\u00a0\u00a0\u00a0\u00a0\u00a0\u00a0 Ungbarna- og barnadau\u00f0i \u00e1 \u00cdslandi 1771\u20131950. <em>Saga. T\u00edmarit S\u00f6guf\u00e9lags<\/em> 39:51\u2013107 (\u00e1samt \u00d3l\u00f6fu Gar\u00f0arsd\u00f3ttur og Gu\u00f0mundi H\u00e1lfdanarsyni).<\/p>\n<p>2001\u00a0\u00a0\u00a0\u00a0\u00a0\u00a0 Regional Aspects of the Development of Health Reforms and the Decline in Infant Mortality in 19<sup>th<\/sup> Century Iceland. <em>Nordic Demography in History and Present-Day Society<\/em>. Ritstj. Lars-G\u00f6ran Tedebrand og Peter Sk\u00f6ld (Scandinavian Population Studies, vol. 12). Ume\u00e5 University, Report nr. 18 from the Demographic Data Base. S. 179\u2013200 (\u00e1samt \u00d3l\u00f6fu Gar\u00f0arsd\u00f3ttur).<\/p>\n<p>2002\u00a0\u00a0\u00a0\u00a0\u00a0\u00a0 The Development of Infant Mortality in Iceland, 1800\u20131920. <em>Hygiea Internationalis. An Interdisciplinary Journal for the History of Public Health<\/em> 3(1):151\u2013176 (\u00e1samt \u00d3l\u00f6fu Gar\u00f0arsd\u00f3ttur).<\/p>\n<p><strong>\u00a0<\/strong><\/p>\n<p><strong>Ritd\u00f3mar<\/strong><\/p>\n<p>Book reviews<\/p>\n<p>&nbsp;<\/p>\n<p>2003\u00a0\u00a0\u00a0\u00a0\u00a0 Athugasemdir vi\u00f0 ritd\u00f3m J\u00f3ns \u00d3lafs \u00cdsbergs. <em>Saga. T\u00edmarit S\u00f6guf\u00e9lags<\/em> 41(2):249\u2013251.<\/p>\n<p><strong>\u00a0<\/strong><\/p>\n<p><strong>\u00d3prentu\u00f0 erindi\/fyrirlestrar og handrit<\/strong><\/p>\n<p>Unpublished papers and manuscripts<\/p>\n<p>&nbsp;<\/p>\n<p>1992\u00a0\u00a0\u00a0\u00a0\u00a0\u00a0 Seasonal variations in infant mortality. Fyrirlestur \u00e1\u00a0 Seventeenth annual meeting\u00a0 of the Social Science History Association. Chicago, 7. n\u00f3vember.<\/p>\n<p>1999\u00a0\u00a0\u00a0\u00a0\u00a0\u00a0 Regional differences in infant mortality in Iceland, 1840\u20131900. Fyrirlestur \u00e1 13. Nordiska Demografiska Symposiet. Ume\u00e5, 17. \u00c1g\u00fast\u00a0 (\u00e1samt \u00d3l\u00f6fu Gar\u00f0arsd\u00f3ttur sem flutti erindi\u00f0)<\/p>\n<p>1999\u00a0\u00a0\u00a0\u00a0\u00a0\u00a0 Iceland: A matter of survival. Erindi flutt \u00e1 seminari vi\u00f0 f\u00e9lagsfr\u00e6\u00f0ideild Universidad Complutense. \u00a0Madrid, 30. \u00c1g\u00fast (\u00e1samt \u00d3l\u00f6fu Gar\u00f0arsd\u00f3ttur).<\/p>\n<p>1999\u00a0\u00a0\u00a0\u00a0\u00a0\u00a0 Ungbarnadau\u00f0i eftir landsv\u00e6\u00f0um \u00e1 19. \u00f6ld. Erindi flutt \u00e1 Hugv\u00edsinda\u00feingi H\u00cd. Reykjav\u00edk, 15. okt\u00f3ber (\u00e1samt \u00d3l\u00f6fu Gar\u00f0arsd\u00f3ttur og Gu\u00f0mundi H\u00e1lfdanarsyni).<\/p>\n<p>2000\u00a0\u00a0\u00a0\u00a0\u00a0\u00a0 Public intervention to diminish infant mortality from neonatal tetanus in the island of Vestamannaeyjar (Iceland) during the first half of the nineteenth century.\u00a0 Fyrirlestur \u00e1 19. heims\u00feingi sagnfr\u00e6\u00f0inga, \u00d3sl\u00f3 11. \u00e1g\u00fast. M\u00e1lstofa \u00e1 vegum International Commission for Historical Demography: The Role of Purposive Behaviour in Mortality Reduction\u00a0 (\u00e1samt \u00d3l\u00f6fu Gar\u00f0arsd\u00f3ttur).<\/p>\n<p>2000\u00a0\u00a0\u00a0\u00a0\u00a0\u00a0 Aspects of infant and child mortality research in Iceland. \u00d3birt handrit. 19 s. (\u00e1samt \u00d3l\u00f6fu Gar\u00f0arsd\u00f3ttur).<\/p>\n<p>2014\u00a0\u00a0\u00a0\u00a0\u00a0\u00a0 Public Health Measures for the Benefit of Infants and School Children: The Case of Reykjav\u00edk 1910\u20131930. Erindi flutt \u00e1 r\u00e1\u00f0stefnunni ESSHC \u00ed V\u00edn, 23. apr\u00edl , session: The Century of the Child Public Health Mesures for Infants and School Children in Europe during Early 20th Century (\u00e1samt \u00d3l\u00f6fu Gar\u00f0arsd\u00f3ttur).<\/p>\n","protected":false},"excerpt":{"rendered":"<p>\u00deetta ranns\u00f3knasvi\u00f0 er \u00ed raun n\u00e1skylt \u00f6\u00f0ru sem \u00e9g hef lagt meiri r\u00e6kt vi\u00f0, \u00fe.e. uppeldi og samf\u00e9lag \u00e1 einveldis- og uppl\u00fdsingar\u00f6ld. \u00cd ranns\u00f3knum m\u00ednum \u00e1 bernsku beindist athygli m\u00edn mj\u00f6g a\u00f0 ungbarnadau\u00f0a. \u00c1ri\u00f0 1983 birti \u00e9g langa ritger\u00f0 um tengsl brj\u00f3stagjafar, ungbarnadau\u00f0a og frj\u00f3semi. Ranns\u00f3knarefni\u00f0 var aftur teki\u00f0 upp 1995 \u00feegar \u00e9g ger\u00f0ist einn [&hellip;]<\/p>\n","protected":false},"author":1019,"featured_media":0,"parent":26,"menu_order":0,"comment_status":"closed","ping_status":"closed","template":"","meta":{"footnotes":""},"class_list":["post-43","page","type-page","status-publish","hentry"],"_links":{"self":[{"href":"https:\/\/uni.hi.is\/loftur\/wp-json\/wp\/v2\/pages\/43","targetHints":{"allow":["GET"]}}],"collection":[{"href":"https:\/\/uni.hi.is\/loftur\/wp-json\/wp\/v2\/pages"}],"about":[{"href":"https:\/\/uni.hi.is\/loftur\/wp-json\/wp\/v2\/types\/page"}],"author":[{"embeddable":true,"href":"https:\/\/uni.hi.is\/loftur\/wp-json\/wp\/v2\/users\/1019"}],"replies":[{"embeddable":true,"href":"https:\/\/uni.hi.is\/loftur\/wp-json\/wp\/v2\/comments?post=43"}],"version-history":[{"count":1,"href":"https:\/\/uni.hi.is\/loftur\/wp-json\/wp\/v2\/pages\/43\/revisions"}],"predecessor-version":[{"id":44,"href":"https:\/\/uni.hi.is\/loftur\/wp-json\/wp\/v2\/pages\/43\/revisions\/44"}],"up":[{"embeddable":true,"href":"https:\/\/uni.hi.is\/loftur\/wp-json\/wp\/v2\/pages\/26"}],"wp:attachment":[{"href":"https:\/\/uni.hi.is\/loftur\/wp-json\/wp\/v2\/media?parent=43"}],"curies":[{"name":"wp","href":"https:\/\/api.w.org\/{rel}","templated":true}]}}