{"id":114,"date":"2013-11-15T23:43:07","date_gmt":"2013-11-15T23:43:07","guid":{"rendered":"http:\/\/uni.hi.is\/marj\/?page_id=114"},"modified":"2021-03-21T16:25:12","modified_gmt":"2021-03-21T16:25:12","slug":"baekur","status":"publish","type":"page","link":"https:\/\/uni.hi.is\/marj\/rit\/baekur\/","title":{"rendered":"B\u00e6kur - Books"},"content":{"rendered":"<p>-\u00a0<i>Bl\u00f3\u00f0sk\u00f6mm \u00e1 \u00cdslandi 1270-1870<\/i>. Reykjav\u00edk: H\u00e1sk\u00f3la\u00fatg\u00e1fan 1993.<br \/>\n-\u00a0<i>\u00c1rni Magn\u00fasson. \u00c6visaga<\/i>. Reykjav\u00edk: M\u00e1l og menning 1998.<br \/>\n-\u00a0<i>Skjalalestur. S\u00fdnishorn ritheimilda<\/i>. Reykjav\u00edk: \u00dej\u00f3\u00f0skjalasafn \u00cdslands 2001 og 2003 (me\u00f0h\u00f6fundur Kristjana Kristinsd\u00f3ttir).<br \/>\n- <i>Arnas Magn\u00e6us Philologus (1663-1730).<\/i> Viking Collection 20. Odense: University Press of Southern Denmark 2012.<\/p>\n<p><b>\u00datg\u00e1fur - Text editions<\/b><br \/>\n-\u00a0<i>Dulsm\u00e1l 1600-1900: fj\u00f3rt\u00e1n d\u00f3mar og skr\u00e1<\/i>. M\u00e1r J\u00f3nsson bj\u00f3 til prentunar og skrifar inngang. Heimildasafn Sagnfr\u00e6\u00f0istofnunar 2. Reykjav\u00edk: H\u00e1sk\u00f3la\u00fatg\u00e1fan 2000.<br \/>\n-\u00a0<i>Til merkis mitt nafn. D\u00f3mab\u00e6kur Mark\u00fasar Bergssonar s\u00fdslumanns \u00cdsafjar\u00f0ars\u00fdslu 1711-1729<\/i>. M\u00e1r J\u00f3nsson t\u00f3k saman. S\u00fdnisb\u00f3k \u00edslenskrar al\u00fe\u00fd\u00f0umenningar 6. Reykjav\u00edk: H\u00e1sk\u00f3la\u00fatg\u00e1fan 2002.<br \/>\n-\u00a0<i>J\u00f3nsb\u00f3k. L\u00f6gb\u00f3k \u00cdslendinga.\u00a0<\/i>M\u00e1r J\u00f3nsson t\u00f3k saman. S\u00fdnisb\u00f3k \u00edslenskrar al\u00fe\u00fd\u00f0umenningar 8. Reykjav\u00edk: H\u00e1sk\u00f3la\u00fatg\u00e1fan 2004.<br \/>\n-\u00a0<i>Gu\u00f0s d\u00fdr\u00f0 og s\u00e1lnanna velfer\u00f0. Prestastefnud\u00f3mar Brynj\u00f3lfs biskups Sveinssonar 1639-1674<\/i>. M\u00e1r J\u00f3nsson t\u00f3k saman. S\u00fdnisb\u00f3k \u00edslenskrar al\u00fe\u00fd\u00f0umenningar 10. Reykjav\u00edk: H\u00e1sk\u00f3la\u00fatg\u00e1fan 2005.<br \/>\n-\u00a0<i>J\u00e1rns\u00ed\u00f0a og kristinr\u00e9ttur \u00c1rna \u00deorl\u00e1kssonar.\u00a0<\/i>Haraldur Bernhar\u00f0sson, Magn\u00fas Lyngdal Magn\u00fasson og M\u00e1r J\u00f3nsson t\u00f3ku saman. Sm\u00e1rit S\u00f6guf\u00e9lags. Reykjav\u00edk: S\u00f6guf\u00e9lag 2005.<br \/>\n-\u00a0<i>\u00cd nafni heilagrar gu\u00f0d\u00f3msins \u00ferenningar. Prestastefnud\u00f3mar J\u00f3ns biskups V\u00eddal\u00edns \u00e1rin 1698-1720.\u00a0<\/i>M\u00e1r J\u00f3nsson og Sk\u00fali \u00d3lafsson t\u00f3ku saman. S\u00fdnisb\u00f3k \u00edslenskrar al\u00fe\u00fd\u00f0umenningar 12. Reykjav\u00edk: H\u00e1sk\u00f3la\u00fatg\u00e1fan 2006.<br \/>\n-\u00a0<i>Eftir skyldu m\u00edns emb\u00e6ttis.<\/i>\u00a0<i>Prestastefnud\u00f3mar \u00de\u00f3r\u00f0ar biskups \u00deorl\u00e1kssonar \u00e1rin 1675-1697.\u00a0<\/i>M\u00e1r J\u00f3nsson og Gunnar \u00d6rn Hannesson t\u00f3ku saman. S\u00fdnisb\u00f3k \u00edslenskrar al\u00fe\u00fd\u00f0umenningar 12. Reykjav\u00edk: H\u00e1sk\u00f3la\u00fatg\u00e1fan 2008.<br \/>\n-\u00a0<i>Galdrar og si\u00f0fer\u00f0i \u00ed Strandas\u00fdslu \u00e1 s\u00ed\u00f0ari hluta 17. aldar.<\/i>\u00a0M\u00e1r J\u00f3nsson t\u00f3k saman. H\u00f3lmav\u00edk: Strandagaldur 2008.<br \/>\n- <i>Hv\u00edtur j\u00f6kull, snau\u00f0ir menn. Eftirl\u00e1tnar eigur al\u00fe\u00fd\u00f0u \u00ed efstu bygg\u00f0um Borgarfjar\u00f0ar \u00e1 \u00f6\u00f0rum fj\u00f3r\u00f0ungi 19. aldar.<\/i> M\u00e1r J\u00f3nsson bj\u00f3 til prentunar. Reykholt: Snorrastofa 2014.<br \/>\n- <i>Sterb\u00fasins f\u00e9munir framt\u00f6ldust \u00feessir. Eftirl\u00e1tnar eigur 96 \u00cdslendinga sem l\u00e9tust \u00e1 t\u00edmabilinu 1722\u20131820.<\/i> M\u00e1r J\u00f3nsson bj\u00f3 til prentunar. Reykjav\u00edk: H\u00e1sk\u00f3la\u00fatg\u00e1fan 2015.<br \/>\n- <i>J\u00f3n Gu\u00f0mundsson, Sp\u00e1nverjav\u00edgin. Euskal baleazaleen hilketa 1615.<\/i> Ritstj\u00f3rar Xabier Irujo og H\u00f3lmfr\u00ed\u00f0ur Matth\u00edasd\u00f3ttir. Reykjav\u00edk: Forlagi\u00f0 2015. Athugasemd: \u00c9g skrifa\u00f0i inngang, bls. 25\u201349, sem var \u00fe\u00fdddur \u00e1 ensku, sp\u00e6nsku og basknesku. Einnig bj\u00f3 \u00e9g \u00edslenskan texta J\u00f3ns til prentunar, bls. 51\u2013102. Textinn var \u00fe\u00fdddur \u00e1 ofangreind tungum\u00e1l eftir \u00fatg\u00e1fu J\u00f3nasar Kristj\u00e1nssonar fr\u00e1 1950.<br \/>\n- <i>Br\u00e9f J\u00f3ns Thoroddsens.<\/i> M\u00e1r J\u00f3nsson bj\u00f3 til prentunar. Reykjav\u00edk: S\u00f6guf\u00e9lag 2016.<br \/>\n- <i>Fyrirfundnir f\u00e9munir \u00ed Vestmannaeyjum \u00e1 fj\u00f3r\u00f0a \u00e1ratug 19. aldar.<\/i> M\u00e1r J\u00f3nsson bj\u00f3 til prentunar. Vestmannaeyjar: \u00deekkingarsetur og Safnah\u00fas 2017.<br \/>\n- <i>J\u00f3n Thoroddsen, Piltur og st\u00falka.<\/i> M\u00e1r J\u00f3nsson bj\u00f3 til prentunar. Selfoss: S\u00e6mundur 2018.<br \/>\n- <i>\u00deessi s\u00e1rf\u00e1t\u00e6ka sveit. Lausafj\u00e1reign \u00ed Grindav\u00edk og Kr\u00edsuv\u00edk \u00e1rin 1773\u20131824.<\/i> M\u00e1r J\u00f3nsson bj\u00f3 til prentunar. Grindav\u00edk: Grindav\u00edkurb\u00e6r 2018.<br \/>\n- <i>Undur yfir dundu. Fr\u00e1sagnir af K\u00f6tlugosum 1625\u20131860.<\/i> M\u00e1r J\u00f3nsson bj\u00f3 til prentunar. V\u00edk \u00ed M\u00fdrdal: Katla jar\u00f0vangur 2018.<br \/>\n- <i>Draumadagb\u00f3k S\u00e6mundar H\u00f3lm.<\/i> M\u00e1r J\u00f3nsson bj\u00f3 til prentunar. Selfossi: S\u00e6mundur 2019.<br \/>\n- <i>Reisub\u00f3k s\u00e9ra \u00d3lafs Egilssonar og a\u00f0rir textar um Tyrkjar\u00e1ni\u00f0 1627.<\/i> M\u00e1r J\u00f3nsson og K\u00e1ri Bjarnason bjuggu til prentunar. Selfossi: S\u00e6mundur 2020.<br \/>\n- <i>Galdur og gu\u00f0last \u00e1 17. \u00f6ld. D\u00f3mar og br\u00e9f.<\/i> Tv\u00f6 bindi. \u00datgefandi M\u00e1r J\u00f3nsson. Reykav\u00edk: S\u00f6guf\u00e9lag 2021. <\/p>\n<p><b>\u00de\u00fd\u00f0ingar - Translations<\/b><br \/>\n- Ezio Ornato, <i>Lofr\u00e6\u00f0a um handritamerg\u00f0. Huglei\u00f0ingar um b\u00f3ks\u00f6gu mi\u00f0alda<\/i>. \u00de\u00fd\u00f0endur Bj\u00f6rg Birgisd\u00f3ttir og M\u00e1r J\u00f3nsson. Ritsafn Sagnfr\u00e6\u00f0istofnunar 36. Reykjav\u00edk: H\u00e1sk\u00f3la\u00fatg\u00e1fan 2003.<br \/>\n- Jean-Jacques Rousseau, <i>Samf\u00e9lagss\u00e1ttm\u00e1linn<\/i>. \u00cdslensk \u00fe\u00fd\u00f0ing eftir Bj\u00f6rn \u00deorsteinsson og M\u00e1 J\u00f3nsson sem einnig ritar inngang. L\u00e6rd\u00f3msrit B\u00f3kmenntaf\u00e9lagsins. Reykjav\u00edk: Hi\u00f0 \u00edslenska B\u00f3kmenntaf\u00e9lag 2004.<br \/>\n- Patricia Boulhosa, <i>Gamli s\u00e1ttm\u00e1li. Tilur\u00f0 og tilgangur.<\/i> \u00de\u00fd\u00f0andi M\u00e1r J\u00f3nsson. Sm\u00e1rit S\u00f6guf\u00e9lags. Reykjav\u00edk: S\u00f6guf\u00e9lag 2006.<br \/>\n- Johann Anderson, <i>Fr\u00e1sagnir af \u00cdslandi \u00e1samt \u00f3hr\u00f3\u00f0ri G\u00f6ries Peerse og Dithmars Blefkens um land og \u00fej\u00f3\u00f0.<\/i> Gunnar \u00de\u00f3r Bjarnason og M\u00e1r J\u00f3nsson \u00f6nnu\u00f0ust \u00fatg\u00e1funa. \u00de\u00fddd rit s\u00ed\u00f0ari alda um \u00cdsland og \u00cdslendinga 5. Reykjav\u00edk: S\u00f6guf\u00e9lag 2013.<\/p>\n","protected":false},"excerpt":{"rendered":"<p>-\u00a0Bl\u00f3\u00f0sk\u00f6mm \u00e1 \u00cdslandi 1270-1870. Reykjav\u00edk: H\u00e1sk\u00f3la\u00fatg\u00e1fan 1993. -\u00a0\u00c1rni Magn\u00fasson. \u00c6visaga. Reykjav\u00edk: M\u00e1l og menning 1998. -\u00a0Skjalalestur. S\u00fdnishorn ritheimilda. Reykjav\u00edk: \u00dej\u00f3\u00f0skjalasafn \u00cdslands 2001 og 2003 (me\u00f0h\u00f6fundur Kristjana Kristinsd\u00f3ttir). - Arnas Magn\u00e6us Philologus (1663-1730). Viking Collection 20. Odense: University Press of Southern &hellip; <a href=\"https:\/\/uni.hi.is\/marj\/rit\/baekur\/\">Halda \u00e1fram a\u00f0 lesa <span class=\"meta-nav\">&rarr;<\/span><\/a><\/p>\n","protected":false},"author":421,"featured_media":0,"parent":105,"menu_order":0,"comment_status":"closed","ping_status":"closed","template":"","meta":{"footnotes":""},"class_list":["post-114","page","type-page","status-publish","hentry"],"_links":{"self":[{"href":"https:\/\/uni.hi.is\/marj\/wp-json\/wp\/v2\/pages\/114","targetHints":{"allow":["GET"]}}],"collection":[{"href":"https:\/\/uni.hi.is\/marj\/wp-json\/wp\/v2\/pages"}],"about":[{"href":"https:\/\/uni.hi.is\/marj\/wp-json\/wp\/v2\/types\/page"}],"author":[{"embeddable":true,"href":"https:\/\/uni.hi.is\/marj\/wp-json\/wp\/v2\/users\/421"}],"replies":[{"embeddable":true,"href":"https:\/\/uni.hi.is\/marj\/wp-json\/wp\/v2\/comments?post=114"}],"version-history":[{"count":17,"href":"https:\/\/uni.hi.is\/marj\/wp-json\/wp\/v2\/pages\/114\/revisions"}],"predecessor-version":[{"id":259,"href":"https:\/\/uni.hi.is\/marj\/wp-json\/wp\/v2\/pages\/114\/revisions\/259"}],"up":[{"embeddable":true,"href":"https:\/\/uni.hi.is\/marj\/wp-json\/wp\/v2\/pages\/105"}],"wp:attachment":[{"href":"https:\/\/uni.hi.is\/marj\/wp-json\/wp\/v2\/media?parent=114"}],"curies":[{"name":"wp","href":"https:\/\/api.w.org\/{rel}","templated":true}]}}