{"id":126,"date":"2018-01-16T00:26:54","date_gmt":"2018-01-16T00:26:54","guid":{"rendered":"http:\/\/uni.hi.is\/marj\/?page_id=126"},"modified":"2021-03-21T16:19:38","modified_gmt":"2021-03-21T16:19:38","slug":"articles","status":"publish","type":"page","link":"https:\/\/uni.hi.is\/marj\/rit\/articles\/","title":{"rendered":"Fr\u00e6\u00f0igreinar - Articles"},"content":{"rendered":"<p>M\u00e1r J\u00f3nsson<br \/>\nSagnfr\u00e6\u00f0istofnun<br \/>\nH\u00e1sk\u00f3li \u00cdslands<\/p>\n<p><b>2016\u20132020<\/b><br \/>\n- \u201eAn Icelandic Noctuary of 1794.\u201c <i>Scripta Islandica<\/i> 71 (2020), bls. 123-153.<br \/>\n- \u201eProbate Proceedings and Inheritance in Eighteenth-century Iceland.\u201c<i> Nordic Inheritance Law through the Ages. Spaces of Action and Legal Strategies. <\/i>Ritstj\u00f3rar Marianne Holdgaard, Au\u00f0ur Magn\u00fasd\u00f3ttir og Bodil Selmer. Leiden og Boston: Brill 2020, bls. 210-230.<br \/>\n- \u201e\u00derj\u00fa skagfirsk galdram\u00e1l \u00e1rin 1674\u20131678.\u201c <i>Skagfir\u00f0ingab\u00f3k<\/i> 40 (2020), bls. 94-111.<br \/>\n- \u201eV\u00edg Sp\u00e1nskra og hvalvei\u00f0ar vi\u00f0 \u00cdsland \u00e1 fyrri hluta 17. aldar.\u201c <i>\u00c1 fjarl\u00e6gum str\u00f6ndum. Tengsl \u00cdslands og Sp\u00e1nar \u00ed aldanna r\u00e1s.<\/i> Ritstj\u00f3rar Krist\u00edn G. J\u00f3nsd\u00f3ttir og Erla Erlendsd\u00f3ttir. Reykjav\u00edk: H\u00e1sk\u00f3la\u00fatg\u00e1fan 2020, bls. 43-64.<br \/>\n- \u201eSorgarvi\u00f0br\u00f6g\u00f0 S\u00e6mundar H\u00f3lm vegna Skaft\u00e1relda.\u201c <i>N\u00fdtt Helgakver. Rit til hei\u00f0urs Helga Sk\u00fala Kjartanssyni sj\u00f6tugum 1. febr\u00faar 2019.<\/i> Ritstj\u00f3rar Gu\u00f0mundur J\u00f3nsson, Gunnar Karlsson, \u00d3l\u00f6f Gar\u00f0arsd\u00f3ttir og \u00de\u00f3r\u00f0ur Helgason. Reykjav\u00edk: S\u00f6guf\u00e9lag 2019, bls. 167-181.<br \/>\n- \u201eT\u00f3mas S\u00e6mundssons reise til Hellas og Tyrkia i 1833.\u201c <i>Opuscula<\/i> 17 (2019), bls. 9-38.<br \/>\n- \u201eT\u00f3mas S\u00e6mundsson \u00ed A\u00feenu.\u201c <i>\u00de\u00f3r\u00f0argle\u00f0i slegi\u00f0 upp fyrir \u00de\u00f3r\u00f0 Inga Gu\u00f0j\u00f3nsson fimmtugan.<\/i> Reykjav\u00edk: Mettusj\u00f3\u00f0ur 2018, bls. 60\u201362.<br \/>\n- \u201eB\u00f3kakostur \u00e1 Su\u00f0ureyri vi\u00f0 S\u00fagandafj\u00f6r\u00f0 \u00e1rin 1825\u20131842.\u201c <i>Gott sk\u00e1lkaskj\u00f3l veitt Gottsk\u00e1lki Jenssyni sextugum.<\/i> Reykjav\u00edk: Mettusj\u00f3\u00f0ur 2018, bls. 64\u201366.<br \/>\n- \u201eHvar l\u00e6r\u00f0i J\u00f3n Gissurarson?\u201c <i>Hallam\u00e1l r\u00e9tt Haraldi Bernhar\u00f0ssyni fimmtugum.<\/i> Reykjav\u00edk: Mettusj\u00f3\u00f0ur 2018, bls. 69\u201371.<br \/>\n- \u201e\u00deetabrot Nj\u00e1lu og Gullskinna: systur e\u00f0a sama konan?\u201c <i>Gripla<\/i> 28 (2017), bls. 237\u2013258.<br \/>\n- \u201eSk\u00e1ldsagan <i>Piltur og st\u00falka<\/i>: pr\u00f3farkir, prentun, dreifing, sala.\u201c <i>Saga<\/i> 54:2 (2016), bls. 143\u2013171.<br \/>\n- \u201eSecuring inheritance. Probate proceedings in the Nordic countries 1600\u20131800.\u201c <i>Sjuttonhundratal. Nordic Yearbook for Eighteenth-Century Studies<\/i> 13 (2016), bls. 7\u201330.<\/p>\n<p><b>2011-2015<\/b><br \/>\n- \u201e\u00c1rni Magn\u00fasson, an early-modern collector of medieval manuscripts.\u201c <i>Tabularia<\/i> 15 (2015), bls. 121\u2013131; sj\u00e1 <a href=\"http:\/\/www.unicaen.fr\/mrsh\/craham\/revue\/tabularia\/print.php?dossier=dossier14&amp;file=02jonsson.xml\">vefsl\u00f3\u00f0<\/a>.<br \/>\n- \u201eThe Killings of 1615: Antecedents and Plausible Causes.\u201c <i>Basque Whaling in Iceland in the XVII century. Legal Organization, Cultural Exchange and Conflicts of the Basque Fisheries in the North Atlantic.<\/i> Ritstj\u00f3rar Xabier Irujo og Viola G. Miglio. Santa Barbara 2015, bls. 139\u2013154<br \/>\n- \u201eThe Size of Medieval Icelandic Legal Manuscripts.\u201c <i> The Power of the Book. Medial Approaches to Medieval Nordic Legal Manuscripts.<\/i> Editors Lena Rohrbach and Patricia Pires Boulhosa. Berlin: Nordeuropa Institut 2014, bls. 25\u201338.<br \/>\n- \u201eAndm\u00e6li vi\u00f0 doktorsv\u00f6rn Sigurgeirs Gu\u00f0j\u00f3nssonar.\u201c <i>Saga<\/i> 52:2 (2014), bls. 109-119.<br \/>\n- \u201eRaunir handritasafnarans: Vestfjar\u00f0alei\u00f0angur \u00c1rna Magn\u00fassonar sumari\u00f0 1710.\u201c <i>Handritasyrpa. Rit til hei\u00f0urs Sigurgeiri Steingr\u00edmssyni sj\u00f6tugum.<\/i> Ritstj\u00f3ri R\u00f3sa \u00deorsteinsd\u00f3ttir. Reykjav\u00edk: Stofnun \u00c1rna Magn\u00fassonar 2014, bls. 23\u201339.<br \/>\n- \u201eJ\u00f3nsb\u00f3karhandrit fr\u00e1 14. \u00f6ld sem \u00c1rni Magn\u00fasson eigna\u00f0ist ungur: AM 344 fol.\u201c <i>G\u00f3ssi\u00f0 hans \u00c1rna. Minningar heimsins \u00ed \u00edslenskum handritum.<\/i> Ritstj\u00f3ri J\u00f3hanna Katr\u00edn Fri\u00f0riksd\u00f3ttir. Reykjav\u00edk: Stofnun \u00c1rna Magn\u00fassonar 2014, bls. 128\u2013141.<br \/>\n- \u201eSkrifu\u00f0 Snorra Edda \u00ed Tjaldanesi.\u201c <i>Matth\u00edas saga digitalis. Festschrift for Matthew James Driscoll.<\/i> Kaupmannah\u00f6fn: Nordisk Forskningsinstitut 2014, bls. 85\u201389.<br \/>\n- \u201eB\u00e6kur og brotin gleraugu rith\u00f6fundar.\u201c <i>Saltari stilltur og sleginn Svanhildi \u00d3skarsd\u00f3ttur fimmtugri 13. mars 2014.<\/i> Umsj\u00f3n \u00de\u00f3runn Sigur\u00f0ard\u00f3ttir, Margr\u00e9t Eggertsd\u00f3ttir og Gu\u00f0var\u00f0ur M\u00e1r Gunnlaugsson. Reykjav\u00edk: Menningar- og minningarsj\u00f3\u00f0ur Mette Magnussen 2014, bls. 58\u201360.<br \/>\n- \u201eH\u00e1karlavei\u00f0ar \u00ed Strandas\u00fdslu \u00e1 \u00f6\u00f0rum fj\u00f3r\u00f0ungi 19. aldar.\u201c <i>Strandap\u00f3sturinn<\/i> 46 (2014), bls. 99\u2013118.<br \/>\n- \u201eSystur skrifa. Br\u00e9f Mar\u00edu og Svanborgar P\u00e9tursd\u00e6tra fr\u00e1 Sk\u00e1leyjum til Einars br\u00f3\u00f0ur s\u00edns \u00e1rin 1883-1885.\u201c <i>\u00c1rb\u00f3k Bar\u00f0astrandars\u00fdslu<\/i> 2013, bls. 89\u2013117.<br \/>\n- \u201eLeikh\u00fasl\u00edf og g\u00f3\u00f0templarar \u00e1 \u00cdsafir\u00f0i \u00e1rin 1883\u20131885: F\u00e1einir textar.\u201c <i>\u00c1rsrit S\u00f6guf\u00e9lags \u00cdsfir\u00f0inga<\/i> 53 (2013), bls. 145\u2013160.<br \/>\n- \u201eArnas Magn\u00e6us Islandus (1663\u20131730). An Early Enlightenment Historian and Collector of Medieval Manuscripts.\u201c <i>The 18th Century and Europe.<\/i> Editor Elizaria Ruskova. Sofia: St. Kliment University 2013, bls. 229\u2013239.<br \/>\n- \u201eSkiptab\u00e6kur og d\u00e1narb\u00fa 1740\u20131900. Lagalegar forsendur og var\u00f0veisla.\u201c <i>Saga<\/i> 50:1 (2012), bls. 78\u2013103.<br \/>\n- \u201eSkrifa\u00f0 \u00far Sk\u00e1leyjum 1882\u20131886. Tuttugu br\u00e9f fr\u00e1 foreldrum til einkasonar.\u201c <i>\u00c1rb\u00f3k Bar\u00f0astrandars\u00fdslu<\/i> 2012, bls. 122\u2013154.<br \/>\n- \u201eManuscript design in Medieval Iceland.\u201c <i>From nature to script. Reykholt, Environment, Centre, and Manuscript Making<\/i>. Editors Helgi \u00deorl\u00e1ksson and \u00de\u00f3ra Bj\u00f6rg Sigur\u00f0ard\u00f3ttir. Reykholt: Snorrastofa 2012, bls. 231\u2013244.<br \/>\n- \u201eUses and Usability of Icelandic Medieval Books of Law.\u201d <i>Liber amicorum Ditlev Tamm. Law, history and culture<\/i>. Ritstj\u00f3ri Per Andersen. Kaupmannah\u00f6fn 2011, bls. 149\u2013157.<br \/>\n- \u201eD\u00f8tres arvelod i perioden 1160\u20131860.\u201c <i>Arverettens handlingsrom. Strategier, relasjoner og historisk utvikling 1100\u20132000<\/i>. Ritstj\u00f3ri Einar Niemi. Rapporter til det 27. nordiske historikerm\u00f8te. Troms\u00f8 2011, bls. 70\u201382.<br \/>\n- \u201eTithe and Tribute in Thirteenth-Century Iceland.\u201c <i>Taxes, tributes and tributary lands in the making of the Scandinavian kingdoms in the Middle Ages<\/i>. Ritstj\u00f3ri Steinar Imsen. Norgesveldet, Occasional Papers No. 2. Trondheim 2011, bls. 151-163 (me\u00f0h\u00f6fundur Patricia Pires Boulhosa).<\/p>\n<p><b>2006\u20132010<\/b><br \/>\n- \u201eManuscript Hunting and the Challenge of Textual Variance in Late Seventeenth-Century Icelandic Studies.\u201c <i>The Making of the Humanities<\/i>. Ritstj\u00f3rar Rens Bod, Jaap Maat og Thijs Weststeijn. Amsterdam: Amsterdam University Press 2010, bls. 309\u2013321.<br \/>\n- \u201eSorgarsaga Reykjarfjar\u00f0arb\u00f3kar.\u201c <i>Sturla\u00f0ar s\u00f6gur sag\u00f0ar \u00dalfari Bragasyni sextugum<\/i>. Reykjav\u00edk 2009, bls. 94\u201396.<br \/>\n- \u201eSkrifarinn \u00c1sgeir J\u00f3nsson fr\u00e1 Gullberast\u00f6\u00f0um \u00ed Lundarreykjadal.\u201c <i>Heimtur. Ritger\u00f0ir til hei\u00f0urs Gunnari Karlssyni sj\u00f6tugum<\/i>. Ritstj\u00f3rar Gu\u00f0mundur J\u00f3nsson, Helgi Sk\u00fali Kjartansson og V\u00e9steinn \u00d3lason. Reykjav\u00edk 2009, bls. 282\u2013297.<br \/>\n- \u201eDenmark-Norway as a Potential World Power in the Early Seventeenth Century.\u201c <i>Itinerario<\/i> 2009\/2, bls. 17\u201327.<br \/>\n- \u201eFr\u00e1sagnir mi\u00f0alda og s\u00f6gu\u00fer\u00e1 samt\u00edmans. \u00c1drepa um \u00e6skilegt \u00fatg\u00e1fu\u00e1tak.\u201c <i>Saga<\/i> 47:2 (2009), bls. 147\u2013157.<br \/>\n- \u201eBarneignir utan hj\u00f3nabands.\u201c Bjarki Bjarnason, <i>\u00cdsland \u00ed aldanna r\u00e1s 1700-1799<\/i>. Reykjav\u00edk 2009, bls. 277.<br \/>\n- \u201e\u00cdslensk handrit fr\u00e1 mi\u00f0\u00f6ldum me\u00f0 s\u00e9rst\u00f6ku tilliti til Austfjar\u00f0a.\u201c <i>Skri\u00f0uklaustur. Evr\u00f3pskt mi\u00f0aldaklaustur \u00ed Flj\u00f3tsdal<\/i>. Ritstj\u00f3rar Hrafnkell L\u00e1russon og Steinunn Kristj\u00e1nsd\u00f3ttir. Fr\u00e6\u00f0irit Gunnarsstofnunar 1. Skri\u00f0uklaustri 2008, bls. 83\u201391.<br \/>\n- \u201e\u00c1kv\u00e6\u00f0i J\u00f3nsb\u00f3kar um galdra. Uppruni og \u00e1hrif.\u201c <i>Galdramenn. Galdrar og samf\u00e9lag \u00e1 mi\u00f0\u00f6ldum.<\/i> Ritstj\u00f3ri Torfi H. Tulinius. Reykjav\u00edk 2008, bls. 85\u201394.<br \/>\n- \u201eElsta hreppsb\u00f3k \u00e1 \u00cdslandi: Reykholtsdalur 1643\u20131785.\u201c <i>Borgfir\u00f0ingab\u00f3k<\/i> 8 (2007), bls. 65\u201376.<br \/>\n- \u201eHva\u00f0 tekur vi\u00f0? A\u00f0dragandi um upplausnarhugtaki\u00f0.\u201c <i>\u00deri\u00f0ja \u00edslenska s\u00f6gu\u00feingi\u00f0. R\u00e1\u00f0stefnurit.<\/i> Ritstj\u00f3rar Benedikt Ey\u00fe\u00f3rsson og Hrafnkell L\u00e1russon. Reykjav\u00edk 2007, bls. 154\u2013157.<br \/>\n- \u201eMenningartengd fer\u00f0a\u00fej\u00f3nusta og sagnfr\u00e6\u00f0iranns\u00f3knir.\u201c <i>\u00deri\u00f0ja \u00edslenska s\u00f6gu\u00feingi\u00f0. R\u00e1\u00f0stefnurit<\/i>, bls. 327\u2013332.<br \/>\n- \u201eEfasemdir um s\u00e1ttm\u00e1la \u00cdslendinga og Noregskonungs \u00e1ri\u00f0 1262.\u201c <i>\u00deri\u00f0ja \u00edslenska s\u00f6gu\u00feingi\u00f0. R\u00e1\u00f0stefnurit<\/i>, bls. 399\u2013406.<br \/>\n- \u201eThe expulsion of the last Muslims from Spain in 1609\u20131614: the destruction of an Islamic periphery.\u201c <i>Journal of Global History<\/i> 2:2 (2007), bls. 195\u2013212.<br \/>\n- \u201e\u00a1Que salgan todos! The dire need for a political history of the expulsion of the moriscos.\u201c <i>Aljam\u00eda<\/i> 19 (2007), bls. 105\u2013110.<br \/>\n- \u201eOr\u00f0afar og afdrif Halld\u00f3rs Finnbogasonar \u00e1rin 1684\u20131685.\u201c <i>\u00cdslenzk menning II. Til hei\u00f0urs Sigur\u00f0i Gylfa Magn\u00fassyni \u00e1 fimmtugsafm\u00e6li hans<\/i>. Ritstj\u00f3ri Magn\u00fas \u00de\u00f3r Sn\u00e6bj\u00f6rnsson. Reykjav\u00edk 2007, bls. 129\u2013136.<br \/>\n- \u201eFj\u00e1rrei\u00f0ur hj\u00f3na \u00e1 17. og 18. \u00f6ld.\u201c <i>Vefnir<\/i> 2006; sj\u00e1 <a href=\"http:\/\/vefnir.bok.hi.is\/\">http:\/\/vefnir.bok.hi.is\/<\/a><br \/>\n- \u201eGamli s\u00e1ttm\u00e1li - er hann ekki til?\u201c <i>Lesb\u00f3k Morgunbla\u00f0sins <\/i>9. september 2006, bls. 10.<br \/>\n- \u201eR\u00e9ttarfar og refsil\u00f6ggj\u00f6f.\u201c Bjarki Bjarnason, <i>\u00cdsland \u00ed aldanna r\u00e1s 1800-1899. Saga lands og \u00fej\u00f3\u00f0ar \u00e1r fr\u00e1 \u00e1ri.<\/i> Reykjav\u00edk 2006, bls. 270-271.<br \/>\n- \u201eGamli s\u00e1ttm\u00e1li 1862.\u201c <i>Var\u00f0i reistur Gu\u00f0var\u00f0i M\u00e1 Gunnlaugssyni fimmtugum. <\/i>Reykjav\u00edk 2006, bls. 87-89.<br \/>\n- \u201eSk\u00fdringar \u00c1rna Magn\u00fassonar vi\u00f0 eigi\u00f0 dr\u00f3ttkv\u00e6\u00f0i fr\u00e1 1689.\u201c <i>Lesi\u00f0 \u00ed hlj\u00f3\u00f0i fyrir Kristj\u00e1n \u00c1rnason sextugan.<\/i> Reykjav\u00edk 2006, bls. 163-165.<br \/>\n- \u201eA\u00f0dragandi og \u00e1st\u00e6\u00f0a Sp\u00e1nverjav\u00edga hausti\u00f0 1615.\u201c <i>\u00c1rsrit S\u00f6guf\u00e9lags \u00cdsfir\u00f0inga<\/i> 46 (2006), bls. 57-96.<\/p>\n<p><b>2001-2005<\/b><br \/>\n- \u201eGrunnav\u00edkur-J\u00f3n sem heimild um \u00c1rna Magn\u00fasson.\u201c <i>Glerhar\u00f0ar hugvekjur \u00fe\u00e9nandi til \u00feess a\u00f0 \u00f6rva og upptendra \u00de\u00f3runni Sigur\u00f0ard\u00f3ttur fimmtuga.<\/i> Reykjav\u00edk 2005, bls. 48-51.<br \/>\n- \u201eLa faible participation des morisques expuls\u00e9s dans la course barbaresque.\u201c <i>Revue d\u2019histoire maghr\u00e9bine<\/i> 32:119 (j\u00fan\u00ed 2005), bls. 7-16.<br \/>\n- \u201eEndurreisn \u00dej\u00f3\u00f0minjasafns = Endurmat \u00e1 s\u00f6gunni?\u201c <i>Saga<\/i> 43:1 (2005), bls. 168-174.<br \/>\n- \u201eForm\u00e1lsor\u00f0.\u201c <i>Saga <\/i>42:1 (2004), bls. 131-32. (Einnig umsj\u00f3n me\u00f0 sex greinum \u00ed m\u00e1lstofu um kosti og \u00f3kosti yfirlitsrita \u00e1 bls. 133-175.)<br \/>\n- \u201eInngangur.\u201c Jean-Jacques Rousseau, <i>Samf\u00e9lagss\u00e1ttm\u00e1linn<\/i>. \u00cdslensk \u00fe\u00fd\u00f0ing eftir Bj\u00f6rn \u00deorsteinsson og M\u00e1 J\u00f3nsson sem einnig ritar inngang. L\u00e6rd\u00f3msrit B\u00f3kmenntaf\u00e9lagsins. Reykjav\u00edk 2004, bls. 9-56 og 255-258.<br \/>\n- \u201eGuds ord og d\u00f6den. Danske teologer og blodskam 1690-1730.\u201c <i>Kirkehistoriske Samlinger<\/i> 2003, bls. 63-80.<br \/>\n- \u201eSigur\u00f3p andskotans e\u00f0a rei\u00f0i gu\u00f0s? Tv\u00e6r b\u00e6kur um galdra \u00e1 17. \u00f6ld.\u201c <i>Sk\u00edrnir<\/i> 177 (vor 2003), bls. 185-206.<br \/>\n- \u201eMegindlegar handritaranns\u00f3knir\u201c [Inngangur]. Ezio Ornato, <i>Lofr\u00e6\u00f0a um handritamerg\u00f0. Huglei\u00f0ingar um b\u00f3ks\u00f6gu mi\u00f0alda<\/i>. Reykjav\u00edk 2003, bls. 7-34.<br \/>\n- \u201eT\u00f6lvuskr\u00e1ning fornbr\u00e9fa og ap\u00f3grafa.\u201c <i>Anna\u00f0 \u00edslenska s\u00f6gu\u00feingi\u00f0. R\u00e1\u00f0stefnurit <\/i>II. Ritstj\u00f3ri Erla Hulda Halld\u00f3rsd\u00f3ttir. Reykjav\u00edk 2002, bls. 33-41.<br \/>\n- \u201eHallgr\u00edmur me\u00f0 linan flibba. Nau\u00f0syn n\u00fat\u00edmastafsetningar.\u201c <i>Anna\u00f0 \u00edslenska s\u00f6gu\u00feingi\u00f0. R\u00e1\u00f0stefnurit <\/i>II. Ritstj\u00f3ri Erla Hulda Halld\u00f3rsd\u00f3ttir. Reykjav\u00edk 2002, bls. 124-133.<br \/>\n- \u201eKynnisfer\u00f0 um kr\u00f3kalei\u00f0ir handrita og skjala.\u201c <i>Sk\u00edrnir <\/i>177 (haust 2002), bls. bls. 423-438.<br \/>\n- \u201eFyrstu l\u00ednur \u00e1 bla\u00f0s\u00ed\u00f0um skinnhandrita: fyrir ofan e\u00f0a ne\u00f0an efsta strik?\u201c <i>Gripla<\/i> 13 (2002), bls. 217-130.<br \/>\n- \u201e\u00cdslensk handrit fr\u00e1 mi\u00f0\u00f6ldum.\u201c <i>Morgunbla\u00f0i\u00f0<\/i>, sunnudagur 13. okt\u00f3ber 2002, bls. 18-19.<br \/>\n- \u201eHandritin heima. Af s\u00fdningu og b\u00f3k.\u201c <i>Saga<\/i> 41, 2 (2002), bls. 187-198.<br \/>\n- \u201eAn Icelandic medieval manuscript in the Firestone Library: Princeton MS. 62.\u201c<i> The Princeton University Library Chronicle<\/i> 64:1 (Autumn 2002), bls. 163-174.<br \/>\n- \u201eGetuleysi \u00fatgefenda?\u201c <i>Sk\u00edrnir <\/i>175 (haust 2001), bls. 510-529.<br \/>\n- \u201eTextatengsl nokkurra elstu handrita J\u00f3nsb\u00f3kar.\u201c <i>L\u00ednd\u00e6la. Sigur\u00f0ur L\u00edndal sj\u00f6tugur<\/i>. Reykjav\u00edk 2001, bls. 373-389.<br \/>\n- \u201eForskeyttar forsetningar \u00ed mi\u00f0aldahandritum.\u201c <i>\u00cdslenskt m\u00e1l <\/i>22 (2001), bls. 167-176.<br \/>\n- \u201eKrist\u00edn H\u00e1konard\u00f3ttir og l\u00f6ggj\u00f6f \u00e1 s\u00ed\u00f0ari hluta 13. aldar.\u201c <i>Jocoseria Arna-Mariniana. Seksogtyve udvalgte dels kortvillige, dels alvorlige Historier, hvorved Mariane Overgaard kan opbygges<\/i>. Kaupmannah\u00f6fn 2001, bls. 49-51.<\/p>\n<p><b>1996-2000<\/b><br \/>\n- \u201eRecent trends (or their lack) in Icelandic manuscript studies.\u201c <i>Gazette du livre m\u00e9di\u00e9val<\/i> 36 (2000), bls. 11-16.<br \/>\n- \u201eSt\u00falkur lifa \u00fatbur\u00f0 barna af fyrir li\u00f0veislu presta: tv\u00e6r s\u00f6gur.\u201c <i>\u00c6gisif reist Berglj\u00f3tu Soff\u00edu Kristj\u00e1nsd\u00f3ttur fimmtugri<\/i>. Reykjav\u00edk 2000, bls. 68-69.<br \/>\n- \u201eUm Eddurit J\u00f3ns Gu\u00f0mundssonar l\u00e6r\u00f0a.\u201c Andm\u00e6lar\u00e6\u00f0a vi\u00f0 doktorsv\u00f6rn Einars Gunnars P\u00e9turssonar 13. j\u00fan\u00ed 1998. <i>Gripla<\/i> 11 (2000), bls. 284-299.<br \/>\n- \u201eLorenzo Valla, \u00c1rni Magn\u00fasson og erlent samhengi \u00edslenskra fr\u00e6\u00f0a.\u201c <i>T\u00edmarit M\u00e1ls og menningar<\/i> 60, 3 (1999), bls. 100-107.<br \/>\n- \u201eFort\u00ed\u00f0in \u00e1 hreyfimynd.\u201c <i>Heimur kvikmyndanna<\/i>. Ritstj\u00f3ri Gu\u00f0ni El\u00edsson. Reykjav\u00edk 1999, bls. 969-972.<br \/>\n- \u201eArnas Magn\u00e6us Islandus. A visiting scholar in Leipzig, 1694-96.\u201c <i>Lias <\/i>26 (1999), bls. 213-232.<br \/>\n- \u00c1rni Magn\u00fasson, \u201eUm s\u00f6gu - De histori\u00e2.\u201c Hanna \u00d3lad\u00f3ttir \u00fe\u00fdddi, M\u00e1r J\u00f3nsson ritar form\u00e1la. <i>T\u00edmarit M\u00e1ls og menningar <\/i>59, 1 (1998), bls. 66-72.<br \/>\n- \u201eMembrana Magnussen e\u00f0a kvenmannsleysi fr\u00e6\u00f0imanns.\u201c <i>\u00cdslenska s\u00f6gu\u00feingi\u00f0 1997. R\u00e1\u00f0stefnurit<\/i> II. Reykjav\u00edk 1998, bls. 15-24.<br \/>\n- \u201e\u00de\u00f3r\u00f0ur biskup \u00deorl\u00e1ksson og s\u00f6fnun \u00edslenskra handrita \u00e1 s\u00ed\u00f0ari hluta 17. aldar.\u201c <i>Frumkv\u00f6\u00f0ull v\u00edsinda og mennta. \u00de\u00f3r\u00f0ur \u00deorl\u00e1ksson biskup \u00ed Sk\u00e1lholti<\/i>. Ritstj\u00f3ri J\u00f3n P\u00e1lsson. Reykjav\u00edk 1998, bls. 179-196.<br \/>\n- \u201eVer\u00f0m\u00e6ti \u00e6ttart\u00f6lurita \u00ed vitund \u00c1rna Magn\u00fassonar.\u201c <i>Gu\u00f0r\u00fanarhv\u00f6t kve\u00f0in Gu\u00f0r\u00fanu \u00c1su Gr\u00edmsd\u00f3ttur fimmtugri<\/i>. Reykjav\u00edk 1998, bls. 70-71.<br \/>\n- \u201eEins hans helsta s\u00f6gub\u00f3k. \u00deorsteinn Bj\u00f6rnssons tabte bind.\u201c <i>Petersillie dyrket til Peter Springborg den 28. januar 1998<\/i>. Amager 1998, bls. 1-3.<br \/>\n- \u201eVinur vina sinna. \u00c1rni Magn\u00fasson leggur \u00e1 r\u00e1\u00f0in og falsar br\u00e9f.\u201c <i>B\u00f3kahn\u00fatur brug\u00f0inn \u00d3l\u00f6fu Benediktsd\u00f3ttur fimmtugri<\/i>. Reykjav\u00edk 1997, bls. 57-60.<br \/>\n- \u201eScribal inexactitude and scholarly misunderstanding: a contribution to the study of Vatnshyrna.\u201c <i>Frejas Psalter. En psalter i 40 afdelinger til brug for Jonna Louis-Jensen<\/i>. Kaupmannah\u00f6fn 1997, bls. 119-127.<br \/>\n- \u201eS\u00ed\u00f0ustu misseri \u00c1rna Magn\u00fassonar.\u201c <i>N\u00fd saga <\/i>9 (1997), bls. 87-94.<br \/>\n- \u201eSagnfr\u00e6\u00f0iranns\u00f3knir og almannaheill.\u201c <i>Sk\u00edrnir <\/i>171 (haust 1997), bls. 487-495.<br \/>\n- \u201eVar \u00fear moka\u00f0 af miklum usla. Fyrsta atrenna a\u00f0 Gullskinnutexta Nj\u00e1lu.\u201c <i>\u00deorl\u00e1kst\u00ed\u00f0ir sungnar \u00c1sd\u00edsi Egilsd\u00f3ttur fimmtugri<\/i>. Reykjav\u00edk 1996, bls. 52-55.<\/p>\n<p><b>1991-1995<\/b><br \/>\n- \u201eStafr\u00e9tt og bandr\u00e9tt a\u00f0 heita m\u00e1: alelstu uppskriftir \u00c1rna Magn\u00fassonar.\u201c <i>V\u00f6ruvo\u00f0 ofin Helga \u00deorl\u00e1kssyni fimmtugum<\/i>. Reykjav\u00edk 1995, bls. 52-56.<br \/>\n- \u201eDefining Incest by the Word of God: Northern Europe 1520-1740.\u201c <i>History of European Ideas <\/i>18 (1994), bls. 853-867.<br \/>\n- \u201eIncest and the Word of God: Early Sixteenth Century Protestant Debates.\u201c <i>Archiv f\u00fcr Reformationsgeschichte <\/i>85 (1994), bls. 96-118.<br \/>\n- \u201eSetningar og s\u00f6gu\u00fer\u00e6\u00f0ir e\u00f0a um sagnfr\u00e6\u00f0i, sk\u00e1ldskap og b\u00f3kmenntafr\u00e6\u00f0i.\u201c <i>Sagnir<\/i> 14 (1993), bls. 63-66.<br \/>\n- \u201eSannleikar sagnfr\u00e6\u00f0i.\u201c <i>Sk\u00edrnir <\/i>167 (1992), bls. 440-450.<br \/>\n- \u201eOfbr\u00e1\u00f0ar barneignir.\u201c <i>Sagnir<\/i> 13 (1992), bls. 64-67.<br \/>\n- \u201eBl\u00f3\u00f0sk\u00f6mm og dulsm\u00e1l \u00ed Su\u00f0ureyjum 1610.\u201c <i>Brei\u00f0fir\u00f0ingur <\/i>50 (1992), bls. 128-141.<br \/>\n- \u201e\u00d3heft kynhv\u00f6t karla \u00e1 fyrri t\u00ed\u00f0.\u201c <i>N\u00fd saga<\/i> 5 (1991), bls. 4-10.<br \/>\n- \u201eDulsm\u00e1l \u00ed Landn\u00e1mi Ing\u00f3lfs 1600-1900.\u201c <i>Landn\u00e1m Ing\u00f3lfs<\/i> 4 (1991), bls. 22-41.<br \/>\n- \u201eSautj\u00e1n konur. Forbo\u00f0nir li\u00f0ir \u00ed kristinr\u00e9tti \u00c1rna \u00deorl\u00e1kssonar 1275.\u201c <i>Yfir \u00cdslands\u00e1la. Afm\u00e6lisrit til hei\u00f0urs Magn\u00fasi Stef\u00e1nssyni<\/i>. Reykjav\u00edk 1991, bls. 147-166.<\/p>\n<p><b>1986-1990<\/b><br \/>\n- \u201eSkagfirskir h\u00f3rkarlar og barnsm\u00e6\u00f0ur \u00feeirra \u00e1 fyrri hluta 19. aldar.\u201c <i>Skagfir\u00f0ingab\u00f3k<\/i> 19 (1990), bls. 103-127.<br \/>\n- \u201e\u00dej\u00f3\u00f0f\u00e9l\u00f6g sem ekki hir\u00f0a um s\u00f6gu s\u00edna eru minnislaus og blind. M\u00e1r J\u00f3nsson r\u00e6\u00f0ir vi\u00f0 franska sagnfr\u00e6\u00f0inginn Jacques Le Goff.\u201c <i>N\u00fd saga<\/i> 3 (1989), bls. 75-81.<br \/>\n- \u201e\u00c9g er a\u00f0 gefa \u00fej\u00f3\u00f0inni s\u00f6gu.\u201c Vi\u00f0tal vi\u00f0 Gunnar Karlsson \u00ed samvinnu vi\u00f0 Ragnhei\u00f0i M\u00f3sesd\u00f3ttur. <i>N\u00fd saga<\/i> 3 (1989), bls. 29-33. Endurprenta\u00f0 \u00ed Gunnar Karlsson, <i>A\u00f0 l\u00e6ra af s\u00f6gu. Greinasafn um s\u00f6gun\u00e1m<\/i>. Ritsafn Sagnfr\u00e6\u00f0istofnunar 30. Reykjav\u00edk 1992, bls. 88-94.<br \/>\n- \u201eBarnsfe\u00f0ranir og ei\u00f0at\u00f6kur \u00e1 17. \u00f6ld.\u201c <i>N\u00fd saga<\/i> 3 (1989), bls. 34-46.<br \/>\n- \u201eKonur fyrirgefa k\u00f6rlum h\u00f3r.\u201c <i>N\u00fd saga<\/i> 1 (1987), bls. 70-78.<\/p>\n","protected":false},"excerpt":{"rendered":"<p>M\u00e1r J\u00f3nsson Sagnfr\u00e6\u00f0istofnun H\u00e1sk\u00f3li \u00cdslands 2016\u20132020 - \u201eAn Icelandic Noctuary of 1794.\u201c Scripta Islandica 71 (2020), bls. 123-153. - \u201eProbate Proceedings and Inheritance in Eighteenth-century Iceland.\u201c Nordic Inheritance Law through the Ages. Spaces of Action and Legal Strategies. Ritstj\u00f3rar Marianne &hellip; <a href=\"https:\/\/uni.hi.is\/marj\/rit\/articles\/\">Halda \u00e1fram a\u00f0 lesa <span class=\"meta-nav\">&rarr;<\/span><\/a><\/p>\n","protected":false},"author":421,"featured_media":0,"parent":105,"menu_order":0,"comment_status":"closed","ping_status":"closed","template":"","meta":{"footnotes":""},"class_list":["post-126","page","type-page","status-publish","hentry"],"_links":{"self":[{"href":"https:\/\/uni.hi.is\/marj\/wp-json\/wp\/v2\/pages\/126","targetHints":{"allow":["GET"]}}],"collection":[{"href":"https:\/\/uni.hi.is\/marj\/wp-json\/wp\/v2\/pages"}],"about":[{"href":"https:\/\/uni.hi.is\/marj\/wp-json\/wp\/v2\/types\/page"}],"author":[{"embeddable":true,"href":"https:\/\/uni.hi.is\/marj\/wp-json\/wp\/v2\/users\/421"}],"replies":[{"embeddable":true,"href":"https:\/\/uni.hi.is\/marj\/wp-json\/wp\/v2\/comments?post=126"}],"version-history":[{"count":39,"href":"https:\/\/uni.hi.is\/marj\/wp-json\/wp\/v2\/pages\/126\/revisions"}],"predecessor-version":[{"id":240,"href":"https:\/\/uni.hi.is\/marj\/wp-json\/wp\/v2\/pages\/126\/revisions\/240"}],"up":[{"embeddable":true,"href":"https:\/\/uni.hi.is\/marj\/wp-json\/wp\/v2\/pages\/105"}],"wp:attachment":[{"href":"https:\/\/uni.hi.is\/marj\/wp-json\/wp\/v2\/media?parent=126"}],"curies":[{"name":"wp","href":"https:\/\/api.w.org\/{rel}","templated":true}]}}