{"id":2,"date":"2010-10-13T15:02:18","date_gmt":"2010-10-13T15:02:18","guid":{"rendered":""},"modified":"2013-11-12T23:27:18","modified_gmt":"2013-11-12T23:27:18","slug":"kennsla","status":"publish","type":"page","link":"https:\/\/uni.hi.is\/marj\/kennsla\/","title":{"rendered":"Kennsla - Teaching"},"content":{"rendered":"<p>N\u00e1mskei\u00f0 me\u00f0 meiru og fleiru.<\/p>\n","protected":false},"excerpt":{"rendered":"<p>N\u00e1mskei\u00f0 me\u00f0 meiru og fleiru.<\/p>\n","protected":false},"author":421,"featured_media":0,"parent":0,"menu_order":2,"comment_status":"closed","ping_status":"open","template":"","meta":{"footnotes":""},"class_list":["post-2","page","type-page","status-publish","hentry"],"_links":{"self":[{"href":"https:\/\/uni.hi.is\/marj\/wp-json\/wp\/v2\/pages\/2","targetHints":{"allow":["GET"]}}],"collection":[{"href":"https:\/\/uni.hi.is\/marj\/wp-json\/wp\/v2\/pages"}],"about":[{"href":"https:\/\/uni.hi.is\/marj\/wp-json\/wp\/v2\/types\/page"}],"author":[{"embeddable":true,"href":"https:\/\/uni.hi.is\/marj\/wp-json\/wp\/v2\/users\/421"}],"replies":[{"embeddable":true,"href":"https:\/\/uni.hi.is\/marj\/wp-json\/wp\/v2\/comments?post=2"}],"version-history":[{"count":6,"href":"https:\/\/uni.hi.is\/marj\/wp-json\/wp\/v2\/pages\/2\/revisions"}],"predecessor-version":[{"id":63,"href":"https:\/\/uni.hi.is\/marj\/wp-json\/wp\/v2\/pages\/2\/revisions\/63"}],"wp:attachment":[{"href":"https:\/\/uni.hi.is\/marj\/wp-json\/wp\/v2\/media?parent=2"}],"curies":[{"name":"wp","href":"https:\/\/api.w.org\/{rel}","templated":true}]}}