{"id":116,"date":"2019-04-27T11:37:06","date_gmt":"2019-04-27T11:37:06","guid":{"rendered":"http:\/\/uni.hi.is\/rafn\/?page_id=116"},"modified":"2024-04-14T12:47:25","modified_gmt":"2024-04-14T12:47:25","slug":"hverereg","status":"publish","type":"page","link":"https:\/\/uni.hi.is\/rafn\/","title":{"rendered":"Hver er \u00e9g?"},"content":{"rendered":"<p><span style=\"font-size: 10pt\">\u00c9g er l\u00e6knir me\u00f0 s\u00e9rfr\u00e6\u00f0ir\u00e9ttindi \u00ed lyfl\u00e6kningum, innkirtla- og efnaskiptal\u00e6kningum. Grunnmenntun m\u00edna \u00ed l\u00e6knisfr\u00e6\u00f0i hlaut \u00e9g vi\u00f0 H\u00e1sk\u00f3la \u00cdslands en framhaldsn\u00e1m stunda\u00f0i \u00e9g \u00ed Edinborg \u00ed Skotlandi. Auk st\u00f6\u00f0u minnar sem pr\u00f3fessor vi\u00f0 l\u00e6knadeild og forst\u00f6\u00f0uma\u00f0ur fr\u00e6\u00f0igreinarinnar innkirtlal\u00e6knisfr\u00e6\u00f0i, gegni \u00e9g samhli\u00f0a starfi \u00e1 Landsp\u00edtala. \u00c9g var yfirl\u00e6knir innkirtlal\u00e6kninga 2012 - 2024 en er n\u00fa forst\u00f6\u00f0ul\u00e6knir br\u00e1\u00f0a-, lyfl\u00e6kninga og endurh\u00e6fingar\u00fej\u00f3nustu Landsp\u00edtalans. <\/span><\/p>\n<p><span style=\"font-size: 10pt\">\u00c9g held \u00fati kennsluvefnum <a href=\"http:\/\/www.innkirtlar.info\" target=\"_blank\" rel=\"noopener noreferrer\">www.innkirtlar.info<\/a> sem er s\u00e9rstaklega beint a\u00f0 l\u00e6knanemum og p\u00f3sta st\u00f6ku sinnum <\/span><span style=\"font-size: 10pt\">\u00e1 <a href=\"https:\/\/www.facebook.com\/innkirtlar\/\" target=\"_blank\" rel=\"noopener noreferrer\">Facebook<\/a> og Twitter\/X sem <a href=\"https:\/\/twitter.com\/rafn_ben\" target=\"_blank\" rel=\"noopener noreferrer\">@rafn_ben<\/a>.<\/span><\/p>\n<p><span style=\"font-size: 10pt\">H\u00e9r eru tenglar \u00e1 <a href=\"http:\/\/scholar.google.is\/citations?user=RApsSikAAAAJ&amp;hl=en\" target=\"_blank\" rel=\"noopener noreferrer\">Google Scholar<\/a> og <a href=\"https:\/\/orcid.org\/0000-0002-2954-9801\" target=\"_blank\" rel=\"noopener noreferrer\">ORCID<\/a> s\u00ed\u00f0ur m\u00ednar. Innkirtladeild Landsp\u00edtalans er einnig me\u00f0 formlega <a href=\"https:\/\/www.landspitali.is\/innkirtladeild\" target=\"_blank\" rel=\"noopener noreferrer\">heimas\u00ed\u00f0u<\/a> og <a href=\"https:\/\/www.facebook.com\/sykursyki\" target=\"_blank\" rel=\"noopener noreferrer\">Facebook<\/a> s\u00ed\u00f0u.<\/span><\/p>\n","protected":false},"excerpt":{"rendered":"<p>\u00c9g er l\u00e6knir me\u00f0 s\u00e9rfr\u00e6\u00f0ir\u00e9ttindi \u00ed lyfl\u00e6kningum, innkirtla- og efnaskiptal\u00e6kningum. Grunnmenntun m\u00edna \u00ed l\u00e6knisfr\u00e6\u00f0i hlaut \u00e9g vi\u00f0 H\u00e1sk\u00f3la \u00cdslands en framhaldsn\u00e1m stunda\u00f0i \u00e9g \u00ed Edinborg \u00ed Skotlandi. Auk st\u00f6\u00f0u minnar sem pr\u00f3fessor vi\u00f0 l\u00e6knadeild og forst\u00f6\u00f0uma\u00f0ur fr\u00e6\u00f0igreinarinnar innkirtlal\u00e6knisfr\u00e6\u00f0i, gegni \u00e9g samhli\u00f0a starfi \u00e1 Landsp\u00edtala. \u00c9g var yfirl\u00e6knir innkirtlal\u00e6kninga 2012 - 2024 en er n\u00fa forst\u00f6\u00f0ul\u00e6knir [&hellip;]<\/p>\n","protected":false},"author":546,"featured_media":0,"parent":0,"menu_order":1,"comment_status":"closed","ping_status":"closed","template":"","meta":{"footnotes":""},"class_list":["post-116","page","type-page","status-publish","hentry"],"_links":{"self":[{"href":"https:\/\/uni.hi.is\/rafn\/wp-json\/wp\/v2\/pages\/116","targetHints":{"allow":["GET"]}}],"collection":[{"href":"https:\/\/uni.hi.is\/rafn\/wp-json\/wp\/v2\/pages"}],"about":[{"href":"https:\/\/uni.hi.is\/rafn\/wp-json\/wp\/v2\/types\/page"}],"author":[{"embeddable":true,"href":"https:\/\/uni.hi.is\/rafn\/wp-json\/wp\/v2\/users\/546"}],"replies":[{"embeddable":true,"href":"https:\/\/uni.hi.is\/rafn\/wp-json\/wp\/v2\/comments?post=116"}],"version-history":[{"count":6,"href":"https:\/\/uni.hi.is\/rafn\/wp-json\/wp\/v2\/pages\/116\/revisions"}],"predecessor-version":[{"id":130,"href":"https:\/\/uni.hi.is\/rafn\/wp-json\/wp\/v2\/pages\/116\/revisions\/130"}],"wp:attachment":[{"href":"https:\/\/uni.hi.is\/rafn\/wp-json\/wp\/v2\/media?parent=116"}],"curies":[{"name":"wp","href":"https:\/\/api.w.org\/{rel}","templated":true}]}}