{"id":53,"date":"2011-07-14T18:33:07","date_gmt":"2011-07-14T18:33:07","guid":{"rendered":"http:\/\/uni.hi.is\/olr1\/?page_id=53"},"modified":"2021-12-13T12:08:55","modified_gmt":"2021-12-13T12:08:55","slug":"publications","status":"publish","type":"page","link":"https:\/\/uni.hi.is\/rastrick\/publications\/","title":{"rendered":"Publications"},"content":{"rendered":"<p>2021: Physical Impairment and the Spatial Dimensions of Everyday Life in Rural Households in Pre-Industrial Iceland. <a href=\"https:\/\/www.routledge.com\/Understanding-Disability-Throughout-History-Interdisciplinary-Perspectives\/Sigurjonsdottir-Rice\/p\/book\/9781032018270\"><em>Understanding Disability Throughout History: Interdisciplinary Perspectives in Iceland from Settlement to 1936<\/em><\/a>, eds. Hanna Bj\u00f6rg Sigurj\u00f3nsd\u00f3ttir and James G. Rice, Routledge, pp. 128-145. DOI: 10.4324\/9781003180180-9. <a href=\"https:\/\/www.taylorfrancis.com\/books\/oa-edit\/10.4324\/9781003180180\/understanding-disability-throughout-history-hanna-bj%C3%B6rg-sigurj%C3%B3nsd%C3%B3ttir-james-rice\">Open access<\/a>.<\/p>\n<p>2021: \"Minnist\u00e6\u00f0ir sta\u00f0ir og sta\u00f0bundnar minningar\" [Memorable places and emplaced memories]. <em>Saga<\/em> LIX:2, pp. 21-27.<\/p>\n<p>2021: \u201c\u2018Not music, but sonic porn\u2019: Identity politics, social reform and the negative reception of jazz,\u201d, <em>Cultural History. Journal of the International Society for Cultural History<\/em> 10:1, pp. 91-110. <a href=\"https:\/\/www.euppublishing.com\/doi\/10.3366\/cult.2021.0232\">Doi:10.3366\/cult.2021.0232<\/a><\/p>\n<p>2020: With Ann-Sofie Gremaud, Kirsten Thisted, Inge Seiding, Elisabeth Oxfeldt et al. <em>Denmark and the New North Atlantic: Narratives and Memories in a Former Empire<\/em>, eds. Kirsten Thisted and Ann-Sofie Gremaud, Aarhus University Press. 2 vol. <a href=\"https:\/\/en.unipress.dk\/udgivelser\/d\/denmark-and-the-new-north-atlantic\/\">https:\/\/en.unipress.dk<\/a><\/p>\n<p>2020: Af erlendu vogreki: \u00cdslensk \u00fej\u00f3\u00f0menning, \u00fatlend \u00f3menning og vi\u00f0taka \u201e\u00f3\u00e6skilegra\u201c menningar\u00e1hrifa.\u00a0<i>\u00cdslenska \u00fej\u00f3\u00f0f\u00e9lagi\u00f0<\/i>,\u00a011(1), 22-40. Retrieved from <a href=\"https:\/\/www.thjodfelagid.is\/index.php\/Th\/article\/view\/186\">https:\/\/www.thjodfelagid.is\/index.php\/Th\/article\/view\/186<\/a><\/p>\n<p>2019: With Benedikt Hjartarson: <a href=\"https:\/\/brill.com\/view\/book\/edcoll\/9789004388291\/BP000060.xml\">Cleansing the Domestic Evil: On the Degenerate Art Display in Reykjav\u00edk 1942<\/a>. <em>A Cultural History of the Avant-Garde in the Nordic Countries 1925-1950<\/em>, eds. Benedikt Hjartarson, Andrea Kollnitz, Per Stounbjerg, Marianne \u00d8lholm &amp; Tania \u00d8rum. Rodopi.<\/p>\n<p>2017: With \u00d6rn D. J\u00f3nsson. <a href=\"https:\/\/geothermal-energy-journal.springeropen.com\/articles\/10.1186\/s40517-017-0060-5\">Enjoying the outdoor pool in a cold climate Appropriate technology, utilisation of geothermal resources and the socialisation of everyday practices in Iceland<\/a>. <em>Geothermal Energy<\/em>\u00a0 5:2 DOI 10.1186\/s40517-017-0060-5\u00a0 - https:\/\/hdl.handle.net\/20.500.11815\/277<\/p>\n<p>2016: \u201cMovable Topographies \u2212 <a href=\"https:\/\/www.taylorfrancis.com\/books\/e\/9781315586670\/chapters\/10.4324\/9781315586670-20\">Negotiating the Built Cultural Heritage of \u2018Old\u2019 Reykjav\u00edk\u201d<\/a>. In <em>Heritage, Democracy and the Public. Nordic Approaches<\/em>, eds. Torgrim Sneve Guttormsen and Grete Swensen, Farnham: Ashgate, pp. 145\u2013158.<\/p>\n<p>2016: With Dav\u00ed\u00f0 \u00d3lafsson, \u201cTendances actuelles dans l\u2019historie culturelle islandaise: Pratiques, R\u00e9sultats et Perspectives\u201d, <em>Revue d\u2018Histoire Nordique<\/em> vol. 20, pp. 156\u2013182.<\/p>\n<p>2016: With Krist\u00edn Loftsd\u00f3ttir, \u201cHeimurinn sem snerti \u00cdslendinga ekki\u201d. Kyn\u00fe\u00e1ttaford\u00f3mar \u00ed lj\u00f3si s\u00f6gunnar\u201d. <em>\u00cdsland \u00ed heiminum. Heimurinn \u00ed \u00cdslandi<\/em>, eds. Krist\u00edn Loftsd\u00f3ttir, Unnur D\u00eds Skaptad\u00f3ttir og Anna L\u00edsa R\u00fanarsd\u00f3ttir. Reykjav\u00edk: National Museum of Iceland, pp. 23\u201337.<\/p>\n<p>2015: \u201c\u00cd h\u00fa\u00f0 og h\u00e1r: Arfurinn, kvenleikinn og \u00f6gun l\u00edkamans\u201d. In <em>Menningararfur \u00e1 \u00cdslandi. Gagnr\u00fdni og greining<\/em>, eds. \u00d3lafur Rastrick and Valdimar Tr. Hafstein, Reykjav\u00edk: University of Iceland Press, pp. 117\u2013141.<\/p>\n<p>2015: With Valdimar Tr. Hafstein. \u201eGagnr\u00fdnin menningararfsfr\u00e6\u00f0i. Ranns\u00f3knarsvi\u00f0 \u00ed m\u00f3tun\u201c. In <em>Menningararfur \u00e1 \u00cdslandi. Gagnr\u00fdni og greining<\/em>, eds. \u00d3lafur Rastrick and Valdimar Tr. Hafstein, Reykjav\u00edk: University of Iceland Press, pp. 9\u201318.<\/p>\n<p>2015: <em>Menningararfur \u00e1 \u00cdslandi: Gagnr\u00fdni og greining<\/em>. [Cultural Heritage in Iceland: Critical Approaches], eds. \u00d3lafur Rastrick and Valdimar Tr. Hafstein. Reykjav\u00edk: University of Iceland Press.<\/p>\n<p>2013: <em>H\u00e1borgin. Menning, fagurfr\u00e6\u00f0i og p\u00f3lit\u00edk \u00ed upphafi tuttugustu aldar<\/em>, Reykjav\u00edk: H\u00e1sk\u00f3la\u00fatg\u00e1fan.<\/p>\n<p>2012: \u201e<a href=\"https:\/\/timarit.is\/page\/6497300#page\/n29\/mode\/2up\">Postul\u00ednshundar og gl\u00f6tu\u00f0 meistaraverk. Um verkefni \u00edslenskrar menningar-sagnfr\u00e6\u00f0i \u00e1 \u00feri\u00f0ja \u00e1ratug tuttugustu aldar<\/a>\u201c, <em>Riti\u00f0<\/em> 12:1, bls. 31\u201347.<\/p>\n<p>2012: \u201eBretar a\u00f0 heiman: \u00d3lafur Rastrick r\u00e6\u00f0ir vi\u00f0 David Cannadine og Lindu Colley, pr\u00f3fessora \u00ed sagnfr\u00e6\u00f0i vi\u00f0 Princeton-h\u00e1sk\u00f3la\u201c, <i>Saga<\/i> 50:1, bls. 23\u201334.<\/p>\n<p>2012: <i>Flug og sj\u00e1lfsmynd. Menningar- og samf\u00e9lagsleg \u00e1hrif grei\u00f0ari flugsamgangna \u00cdslendinga vi\u00f0 umheiminn<\/i>. Sk\u00fdrsla unnin fyrir Icelandair.<\/p>\n<p>2011: <em>\u00cdslensk menning og samf\u00e9lagslegt vald 1910-1930<\/em>, [Icelandic Culture and Social Power 1910-1930], Hugv\u00edsindastofnun. (Doctoral dissertation).<\/p>\n<p>2010: <a href=\"https:\/\/d1wqtxts1xzle7.cloudfront.net\/31365909\/Olafur_Rastrick_%282010%29_Acropolis_of_Icelandic_Culture.pdf?1370762767=&amp;response-content-disposition=inline%3B+filename%3DThe_Acropolis_of_Icelandic_Culture.pdf&amp;Expires=1593786511&amp;Signature=PMNVnu-Wss5XsEVd93d0cU9CcVSfHR6gpRiPMKQFfh9kPJIEVAF7iTaHBjh4CUzEbXJvA-VyDAUDsQg0Z6uO8V9mKoPwn05pTXEKNaTJv88mljEfl84VY32zuoErAov2vDVxjltzmkpTbzLygckpl66xBz4V3inLWKXHyjLE3W1htYIAJ~lPchAuPLfD8D72M9T24QsvMuqT6P7BmC-LGKFqXUOgiHl7EizAUdv42dOilsMSN~3FLRiSw-HTRNduhNixDO4m6zdVUcCes9RuO6upQk22v5lbCjOTXTBuYDCpqV0E~l3JtWalXiyYJkwacpXtgwoHH-Y7YS3Bx8H02w__&amp;Key-Pair-Id=APKAJLOHF5GGSLRBV4ZA\">\u201eThe Acropolis of Icelandic Culture\u201c<\/a>, <em>Citizenships and Identities: Inclusion, Exclusion, Participation<\/em>, ed. Ann Katherine Isaacs, Pisa: Plus-Pisa University Press, 2010, pp. 77\u201380.<\/p>\n<p>2010: [Review] \u201cWhat about cultural policy? Interdisciplinary perspectives on culture and politics\u201c, <em>International Journal of Cultural Policy<\/em>, vol. 16, no. 4, pp. 497\u2013499. <a href=\"http:\/\/www.tandfonline.com\/doi\/pdf\/10.1080\/10286632.2010.493216\">pdf<\/a><\/p>\n<p>2010: [Review] \u201cVirginia Smith, <em>Clean. A History of Personal Hygiene and Purity<\/em>, Oxford 2007\u201c Saga 48,2\/, pp. 35\u201337.<\/p>\n<p>2010: <a href=\"http:\/\/ehlee.humnet.unipi.it\/books5\/2\/06.pdf\">\u201cPhysical Appearance and the Moral Conduct of the Female Subject in Inter-War Iceland\u201d<\/a>, <em>Constructing Cultural Identity, Representing Social Power<\/em>, eds. Cana Bilsel, Kim Esmark, Niyazi Kizilyurek and \u00d3lafur Rastrick, Pisa, pp. 77\u201388.<\/p>\n<p>2010: With Cana Bilsel, Kim Esmark and Niyazi Kizilyurek, \u201cIntroduction\u201d, <em>Constructing Cultural Identity, Representing Social Power<\/em>, eds. Kim Esmark, Cana Bilsel, \u00d3lafur Rastrick and Niyazi Kizilyurek, Pisa, pp. xiii\u2013xvii.<\/p>\n<p>2009: \u201cEmerging Practices of Cultural Governace: The Case of the Friends of the Arts Association of Iceland 1916\u20131932\u201d, <em>Nordisk Kulturpolitisk Tidskrift<\/em> 1\/2009, bls. 8\u201322.<\/p>\n<p>2008: \u201c\u201c\u00cd myrkrinu eru allir kettir gr\u00e1ir\u201d. Hugmyndir Gu\u00f0mundar Finnbogasonar um menntagildi teiknikennslu \u00ed barnask\u00f3lum\u201d, <em>Menntaspor.<\/em> <em>Rit til hei\u00f0urs<\/em><em> Lofti Guttormssyni sj\u00f6tugum 5. apr\u00edl 2008<\/em>, Reykjav\u00edk, pp. 115\u2013129.<\/p>\n<p>2008: \u201cN\u00e1msefni og n\u00e1msgreinar\u201d, \u201cHef\u00f0bundnar kjarnagreinar\u201d og \u201cN\u00fdjar skyldun\u00e1msgreinar\u201d, <em>Almenningsfr\u00e6\u00f0sla \u00e1 \u00cdslandi \u00e1 \u00cdslandi 1880\u20132007<\/em>. 1. b. Ritstj. Loftur Guttormsson. Reykjav\u00edk, pp. 158\u2013204.<\/p>\n<p>2008: [Review] \u201cThe Construction of Cultural Policy. Ed. Pirrkoliisa Ahponen and Anita Kangas. Sophi. Jyv\u00e4skyl\u00e4, 2004\u201d, <em>Nordisk Kulturpolitisk Tidskrift<\/em>, 11,1\/2008, pp. 156\u2013159.<\/p>\n<p>2007: \u201cMenningararfur \u00ed fj\u00f6lmenningarsamf\u00e9lagi: Einsleitni, fj\u00f6lhyggja, tv\u00edbendni\u201d, <em>\u00deri\u00f0ja \u00edslenska s\u00f6gu\u00feingi\u00f0. R\u00e1\u00f0stefnurit<\/em>. Reykjav\u00edk, pp. 261\u2013269.<\/p>\n<p>2006: With Gu\u00f0mundur H\u00e1lfdanarson, <a href=\"https:\/\/d1wqtxts1xzle7.cloudfront.net\/31365886\/06_Halfdanarson.pdf?1370762250=&amp;response-content-disposition=inline%3B+filename%3DCulture_and_the_Constitution_of_the_Icel.pdf&amp;Expires=1593786646&amp;Signature=J-0UMb9l2KecYSqu21dDlNbNZuH4EbWKnIhK~yIyTKWqGlM5z1yZ8xZ13Eesdbe7GXQKZwy~vBSZr6-rWkMYEblTGqJnKgm7zqLVEbzyZzhfniqfzIi7geLb3n846DOq3n5qxH9ztMue0-GAm0VbAb2YPn3uvd25qmeGQBDDd~9anOsYnMUF2xiTA-45Bn5gwu0XIaU3ohZPXMINWJbs7UeX1FK32yeWcqO13eCPxahg1MrDsZiZ-o-vTRrx~r~lWpkVNLDvfj7mVb0AtaDgwTlA6HFrSqv79bhHpu6DM5pDVlZinaw94Q4oWShgjgE2dFMK5EK0e4yGPp-D2ius5Q__&amp;Key-Pair-Id=APKAJLOHF5GGSLRBV4ZA\">\u201cCulture and the Construction of the Icelander in the 20th Century\u201d<\/a>, <em>Power and Culture. Hegemony, Interaction and Dissent<\/em>. Pisa, pp. 101\u2013117.<\/p>\n<p>2006: [Introduction] Edward W. Said, \u201cOrientalism (2003)\u201d, <em>Riti\u00f0. T\u00edmarit Hugv\u00edsindastofnunar<\/em> 6:3, pp. 153\u2013155.<\/p>\n<p>2006: \u201cEin l\u00edtil athugasemd \u00ed tilefni skjalafundar\u201d, <em>Spunav\u00e9l handa G.H. 1. febr\u00faar 2006<\/em>, ed. Ingibj\u00f6rg Einarsd\u00f3ttir. Reykjav\u00edk, pp. 33\u201338.<\/p>\n<p>2006: With Kristinn Schram, \u00d3l\u00f6f Sigf\u00fasd\u00f3ttir and P\u00e1l\u00edna Magn\u00fasd\u00f3ttir. <em>Samstarf \u00ed menningarm\u00e1lum. \u00dattekt \u00e1 menningarstarfsemi og samstarfsm\u00f6guleikum \u00e1 svi\u00f0i menningarm\u00e1la \u00ed Reykjav\u00edk, \u00c1rborg, Hafnarfir\u00f0i, Reykjanesb\u00e6 og \u00e1 Akranesi<\/em>. [Reykjav\u00edk Academy Report]. Reykjav\u00edk. 53 p.<\/p>\n<p>2005: [Introduction] Homi K. Bhabha, \u201cTv\u00edstrun \u00fej\u00f3\u00f0arinnar. T\u00edmi, fr\u00e1s\u00f6gn og ja\u00f0ar n\u00fat\u00edma\u00fej\u00f3\u00f0arinnar\u201d, <em>Riti\u00f0. T\u00edmarit Hugv\u00edsindastofnunar<\/em> 5:2, pp. 177\u2013179.<\/p>\n<p>2004: [Review] \u201c<a href=\"http:\/\/timarit.is\/view_page_init.jsp?gegnirId=000840759\" target=\"_blank\" rel=\"noopener noreferrer\">G\u00edsli P\u00e1lsson, Fr\u00e6g\u00f0 og firnindi. \u00c6vi Vilhj\u00e1lms Stef\u00e1nssonar. M\u00e1l og menning. Reykjav\u00edk 2003\u201d, <em>Saga<\/em> XLII:2 (2004), pp. 197\u2013201<\/a>.<\/p>\n<p>2004: With Sumarli\u00f0i R. \u00cdsleifsson. \u201cYfirlit\u201d, <em>Stj\u00f3rnarr\u00e1\u00f0 \u00cdslands 1964-2004<\/em>. 3. vol. <em>Saga r\u00edkisstj\u00f3rna og helstu framkv\u00e6mdir 1983\u20132004<\/em>, ed. Sumarli\u00f0i R. \u00cdsleifsson. S\u00f6guf\u00e9lag, Reykjav\u00edk, pp. 427\u2013444.<\/p>\n<p>2004: <a href=\"http:\/\/timarit.is\/view_page_init.jsp?gegnirId=000822564\" target=\"_blank\" rel=\"noopener noreferrer\">\u201cAf (\u00f3)p\u00f3lit\u00edskri sagnfr\u00e6\u00f0i\u201d, <em>Saga<\/em> XLII:1 (2004), pp. 171\u2013175.<\/a><\/p>\n<p>2004: \u201cStj\u00f3rnarr\u00e1\u00f0sbyggingar\u201d, <em>Stj\u00f3rnarr\u00e1\u00f0 \u00cdslands 1964\u20132004<\/em>. 1. vol. <em>Skipulag og starfsh\u00e6ttir<\/em>, ed. Sumarli\u00f0i R. \u00cdsleifsson. S\u00f6guf\u00e9lag, Reykjav\u00edk, pp. 490\u2013512.<\/p>\n<p>2004: \u201cVi\u00f0reisnar\u00e1rin.\u201d <em>Stj\u00f3rnarr\u00e1\u00f0 \u00cdslands 1964-2004<\/em>, 2. vol. <em>Saga r\u00edkisstj\u00f3rna og helstu framkv\u00e6mdir til 1983<\/em>, Part 1, ed. Sumarli\u00f0i R. \u00cdsleifsson. S\u00f6guf\u00e9lag, Reykjav\u00edk, pp. 9\u2013218.<\/p>\n<p>2004: \u201cMenningarstefna \u2013 menningararfur\u201d, <em>Lesb\u00f3k Morgunbla\u00f0isins.<\/em> 10. jan\u00faar, p. 16.<\/p>\n<p>2003: \u201cLestrarkennsla og rit\u00fej\u00e1lfun \u00ed barnask\u00f3lum og al\u00fe\u00fd\u00f0legum framhaldssk\u00f3lum 1880\u20131920.\u201d <em>Al\u00fe\u00fd\u00f0umenning \u00e1 \u00cdslandi 1830\u20131930. Rita\u00f0 m\u00e1l, menntun og f\u00e9lagshreyfingar<\/em>, ed. Loftur Guttormsson and Ingi Sigur\u00f0sson. H\u00e1sk\u00f3la\u00fatg\u00e1fan. Reykjav\u00edk, pp. 93\u2013113.<\/p>\n<p>2003: With Gunnar Karlsson. \u201cUppl\u00fdsingin\u201d, <em>Fornir t\u00edmar. Spor mannsins fr\u00e1 Laetoli til Reykjav\u00edkur 4.000.000 f. Kr. til 1800 e. Kr<\/em>., ed. Gunnar Karlsson. M\u00e1l og menning: Reykjav\u00edk, pp. 325\u2013366.<\/p>\n<p>2002: \u201cSk\u00f3lun ritmenningar\u201d, <em>2. \u00edslenska s\u00f6gu\u00feingi\u00f0. R\u00e1\u00f0stefnurit I<\/em>, ed. Erla Hulda Halld\u00f3rsd\u00f3ttir. Sagnfr\u00e6\u00f0istofnun H\u00e1sk\u00f3la \u00cdslands, Reykjav\u00edk, pp. 438\u2013444.<\/p>\n<p>2000: \u201cAuthority and Imagination in Early Nineteenth-Century Iceland: The Conceptualization of Culture Reconsidered.\u201d <em>Aspects of<\/em><em> Arctic and Sub-Arctic History<\/em>. <em>Proceedings of the International Congress on the History of the Arctic and Sub-Artic Region, Reykjav\u00edk, 18-21 June 1998<\/em>, ed. Ingi Sigur\u00f0sson and J\u00f3n Skaptason. University of Iceland Press. Reykjav\u00edk, pp. 204-209.<\/p>\n<p>2000: <a href=\"http:\/\/timarit.is\/view_page_init.jsp?gegnirId=000561203\" target=\"_blank\" rel=\"noopener noreferrer\">\u201cH\u00fas me\u00f0 s\u00e1l \u2013 \u00fej\u00f3\u00f0ars\u00e1l. Lesi\u00f0 \u00ed sk\u00f6pun \u00dej\u00f3\u00f0menningarh\u00fass\u201d, <em>N\u00fd saga<\/em> 12, pp. 82\u201388<\/a>.<!--:--><!--:zh--><!--:--><\/p>\n","protected":false},"excerpt":{"rendered":"<p>2021: Physical Impairment and the Spatial Dimensions of Everyday Life in Rural Households in Pre-Industrial Iceland. Understanding Disability Throughout History: Interdisciplinary Perspectives in Iceland from Settlement to 1936, eds. Hanna Bj\u00f6rg Sigurj\u00f3nsd\u00f3ttir and James G. Rice, Routledge, pp. 128-145. DOI: 10.4324\/9781003180180-9. Open access. 2021: \"Minnist\u00e6\u00f0ir sta\u00f0ir og sta\u00f0bundnar minningar\" [Memorable places and emplaced memories]. Saga [&hellip;]<\/p>\n","protected":false},"author":1198,"featured_media":0,"parent":0,"menu_order":0,"comment_status":"closed","ping_status":"closed","template":"","meta":{"footnotes":""},"class_list":["post-53","page","type-page","status-publish","hentry"],"_links":{"self":[{"href":"https:\/\/uni.hi.is\/rastrick\/wp-json\/wp\/v2\/pages\/53","targetHints":{"allow":["GET"]}}],"collection":[{"href":"https:\/\/uni.hi.is\/rastrick\/wp-json\/wp\/v2\/pages"}],"about":[{"href":"https:\/\/uni.hi.is\/rastrick\/wp-json\/wp\/v2\/types\/page"}],"author":[{"embeddable":true,"href":"https:\/\/uni.hi.is\/rastrick\/wp-json\/wp\/v2\/users\/1198"}],"replies":[{"embeddable":true,"href":"https:\/\/uni.hi.is\/rastrick\/wp-json\/wp\/v2\/comments?post=53"}],"version-history":[{"count":19,"href":"https:\/\/uni.hi.is\/rastrick\/wp-json\/wp\/v2\/pages\/53\/revisions"}],"predecessor-version":[{"id":384,"href":"https:\/\/uni.hi.is\/rastrick\/wp-json\/wp\/v2\/pages\/53\/revisions\/384"}],"wp:attachment":[{"href":"https:\/\/uni.hi.is\/rastrick\/wp-json\/wp\/v2\/media?parent=53"}],"curies":[{"name":"wp","href":"https:\/\/api.w.org\/{rel}","templated":true}]}}