{"id":53,"date":"2017-09-05T18:45:17","date_gmt":"2017-09-05T18:45:17","guid":{"rendered":"http:\/\/uni.hi.is\/rbth\/?page_id=53"},"modified":"2017-10-25T12:47:13","modified_gmt":"2017-10-25T12:47:13","slug":"unglingastig","status":"publish","type":"page","link":"https:\/\/uni.hi.is\/rbth\/unglingastig\/","title":{"rendered":"Unglingastig"},"content":{"rendered":"<p><a href=\"http:\/\/uni.hi.is\/rbth\/files\/2017\/09\/\u00datsk\u00fdringar-kennslua\u00f0fer\u00f0a-\u00ed-leiklist-1-7.pdf\">\u00datsk\u00fdringar kennslua\u00f0fer\u00f0a \u00ed leiklist<\/a><\/p>\n<p><a href=\"http:\/\/uni.hi.is\/rbth\/files\/2017\/09\/Skuggi-af-st\u00falku-1-1.pdf\">Skuggi af st\u00falku<\/a><\/p>\n<p><a href=\"http:\/\/uni.hi.is\/rbth\/files\/2017\/09\/Heimkoman-2.pdf\">Heimkoman<\/a><\/p>\n<p><img loading=\"lazy\" decoding=\"async\" src=\"http:\/\/uni.hi.is\/rbth\/files\/2017\/09\/cropped-Document12-150x150.jpg\" alt=\"\" width=\"150\" height=\"150\" class=\"alignnone size-thumbnail wp-image-17\" \/><\/p>\n<p><a href=\"http:\/\/uni.hi.is\/rbth\/files\/2017\/09\/Heimkoman-framkv\u00e6mdal\u00fdsing-me\u00f0-handriti.pdf\">Heimkoman, framkv\u00e6mdal\u00fdsing me\u00f0 handriti<\/a><\/p>\n","protected":false},"excerpt":{"rendered":"<p>\u00datsk\u00fdringar kennslua\u00f0fer\u00f0a \u00ed leiklist Skuggi af st\u00falku Heimkoman Heimkoman, framkv\u00e6mdal\u00fdsing me\u00f0 handriti<\/p>\n","protected":false},"author":1460,"featured_media":0,"parent":0,"menu_order":0,"comment_status":"closed","ping_status":"closed","template":"","meta":{"footnotes":""},"class_list":["post-53","page","type-page","status-publish","hentry"],"_links":{"self":[{"href":"https:\/\/uni.hi.is\/rbth\/wp-json\/wp\/v2\/pages\/53","targetHints":{"allow":["GET"]}}],"collection":[{"href":"https:\/\/uni.hi.is\/rbth\/wp-json\/wp\/v2\/pages"}],"about":[{"href":"https:\/\/uni.hi.is\/rbth\/wp-json\/wp\/v2\/types\/page"}],"author":[{"embeddable":true,"href":"https:\/\/uni.hi.is\/rbth\/wp-json\/wp\/v2\/users\/1460"}],"replies":[{"embeddable":true,"href":"https:\/\/uni.hi.is\/rbth\/wp-json\/wp\/v2\/comments?post=53"}],"version-history":[{"count":4,"href":"https:\/\/uni.hi.is\/rbth\/wp-json\/wp\/v2\/pages\/53\/revisions"}],"predecessor-version":[{"id":220,"href":"https:\/\/uni.hi.is\/rbth\/wp-json\/wp\/v2\/pages\/53\/revisions\/220"}],"wp:attachment":[{"href":"https:\/\/uni.hi.is\/rbth\/wp-json\/wp\/v2\/media?parent=53"}],"curies":[{"name":"wp","href":"https:\/\/api.w.org\/{rel}","templated":true}]}}