{"id":25,"date":"2014-06-12T16:09:42","date_gmt":"2014-06-12T16:09:42","guid":{"rendered":"http:\/\/uni.hi.is\/rjs\/?page_id=25"},"modified":"2014-06-12T16:20:33","modified_gmt":"2014-06-12T16:20:33","slug":"teaching","status":"publish","type":"page","link":"https:\/\/uni.hi.is\/rjs\/teaching\/","title":{"rendered":"Teaching"},"content":{"rendered":"<h2>Ph.D. Supervision and Evaluation<\/h2>\n<p>Stella Stef\u00e1nsd\u00f3ttir, since 2013. University of Iceland. Member of the thesis committee.<\/p>\n<p>Gunnar \u00d3skarsson, 2011. University of Iceland. Member of the Evaluation Committee (Defence discussant). Title of dissertation: \u201cUtilizing External Information in Continuous Innovation Processes: The impact of managerial IT skills and supportive capabilities on the perceived innovativeness of multinational companies.\u201d<\/p>\n<p>Diego Chantrain, 2010. Turku School of Economics. Pre-defence evaluation. Title of dissertation: \u201cSocial Capital Inheritance and Resource Co-optation in Corporate Spin-off Firms.\u201d<\/p>\n<p>Lucia Naldi, 2008. J\u00f6nk\u00f6ping International Business School. Pre-defence discussant. Title of dissertation \u201cGrowth Through Internationalization: A Knowledge Perspective on SMEs.\u201d<\/p>\n<p>Marina Candi, 2004-2008. Copenhagen Business School. Co-supervisor with Mette M\u00f8nsted. Title of dissertation: \u201c<em>Aesthetic Design as an Element of Service Innovation in New Technology-based Firms.<\/em>\u201d<\/p>\n<p>Alex McKelvie, 2007. J\u00f6nk\u00f6ping International Business School. Member of the Evaluation Committee. Title of dissertation \u201cInnovation in New Firms: Examining the Role of Knowledge and Growth Willingness\u201d.<\/p>\n<h2>Bachelor and Master Level<\/h2>\n<p>University of Iceland, 2014-: Theories of Innovation and Entrepreneurship (MSc), Project Management (BSc).<\/p>\n<p>University of Gothenburg 2014-: Methods of Practical Entrepreneurship, MSc.<\/p>\n<p>MIT Sloan School of Management, Cambridge, MA, 2009: Entrepreneurship and Innovation, undergraduate level (with J. Utterback).<\/p>\n<p>DOME research school, Denmark, 2006-2007: Teaching in research seminars at the PhD level within the field of Entrepreneurship and Innovation.<\/p>\n<p>Reykjavik University, 2005-2007: Teaching of an interdisciplinary graduate course on \u201dAgent-based modeling\u201d (in cooperation with Kristinn Thorisson, associate professor, Department of Computer Science, Reykjavik University).<\/p>\n<p>Reykjavik University, 2004-2010: PhD supervision and teaching of PhD courses within the field of Entrepreneurship and Technology Management.<\/p>\n<p>Reykjavik University, 2002-2010: Teaching MBA and undergraduate courses in Entrepreneurship, Project management, and Innovation Management. Supervisor of numerous B.S. thesis.<\/p>\n<p>Chalmers University of Technology, 1998-2002: Supervisor in group projects and final projects on a MSc level. Some lecturing both on a master level and in doctoral courses.<\/p>\n","protected":false},"excerpt":{"rendered":"<p>Ph.D. Supervision and Evaluation Stella Stef\u00e1nsd\u00f3ttir, since 2013. University of Iceland. Member of the thesis committee. Gunnar \u00d3skarsson, 2011. University of Iceland. Member of the Evaluation Committee (Defence discussant). Title of dissertation: \u201cUtilizing External Information in Continuous Innovation Processes: The impact of managerial IT skills and supportive capabilities on the perceived innovativeness of multinational companies.\u201d [&hellip;]<\/p>\n","protected":false},"author":1304,"featured_media":0,"parent":0,"menu_order":0,"comment_status":"closed","ping_status":"closed","template":"","meta":{"footnotes":""},"class_list":["post-25","page","type-page","status-publish","hentry"],"_links":{"self":[{"href":"https:\/\/uni.hi.is\/rjs\/wp-json\/wp\/v2\/pages\/25","targetHints":{"allow":["GET"]}}],"collection":[{"href":"https:\/\/uni.hi.is\/rjs\/wp-json\/wp\/v2\/pages"}],"about":[{"href":"https:\/\/uni.hi.is\/rjs\/wp-json\/wp\/v2\/types\/page"}],"author":[{"embeddable":true,"href":"https:\/\/uni.hi.is\/rjs\/wp-json\/wp\/v2\/users\/1304"}],"replies":[{"embeddable":true,"href":"https:\/\/uni.hi.is\/rjs\/wp-json\/wp\/v2\/comments?post=25"}],"version-history":[{"count":8,"href":"https:\/\/uni.hi.is\/rjs\/wp-json\/wp\/v2\/pages\/25\/revisions"}],"predecessor-version":[{"id":37,"href":"https:\/\/uni.hi.is\/rjs\/wp-json\/wp\/v2\/pages\/25\/revisions\/37"}],"wp:attachment":[{"href":"https:\/\/uni.hi.is\/rjs\/wp-json\/wp\/v2\/media?parent=25"}],"curies":[{"name":"wp","href":"https:\/\/api.w.org\/{rel}","templated":true}]}}