{"id":119,"date":"2022-09-25T11:25:19","date_gmt":"2022-09-25T11:25:19","guid":{"rendered":"https:\/\/uni.hi.is\/rosas\/?page_id=119"},"modified":"2025-07-24T15:39:29","modified_gmt":"2025-07-24T15:39:29","slug":"in-the-media","status":"publish","type":"page","link":"https:\/\/uni.hi.is\/rosas\/in-the-media\/","title":{"rendered":"Media"},"content":{"rendered":"<p><span style=\"font-size: 20px\">International media<\/span><\/p>\n<ul>\n<li><span style=\"font-size: 16px\">Nature: <em>Have a high-pitched voice? It might be in your genes<\/em>. June 9 2023. <a href=\"https:\/\/www.nature.com\/articles\/d41586-023-01901-5\">https:\/\/www.nature.com\/articles\/d41586-023-01901-5<\/a><\/span><\/li>\n<li><span style=\"font-size: 16px\">Various other media around the world discussed findings on voice pitch in June 2023: <a href=\"https:\/\/scienceadvances.altmetric.com\/details\/149799786\/news\">https:\/\/scienceadvances.altmetric.com\/details\/149799786\/news<\/a><\/span><\/li>\n<li><span style=\"font-size: 16px\">New York Times: <em>People With This Mutation Can\u2019t Smell Stinky Fish<\/em>. October 8 2020. <a href=\"https:\/\/www.nytimes.com\/2020\/10\/08\/science\/smell-fish-genes.html\">https:\/\/www.nytimes.com\/2020\/10\/08\/science\/smell-fish-genes.html<\/a><\/span><\/li>\n<li><span style=\"font-size: 16px\">Nature: <em>Can\u2019t smell stinky fish? It might be in your genes<\/em>. October 8 2020. <a href=\"https:\/\/www.nature.com\/articles\/d41586-020-02832-1\">https:\/\/www.nature.com\/articles\/d41586-020-02832-1<\/a><\/span><\/li>\n<li><span style=\"font-size: 16px\">New Scientist: <em>Rotten fish smell sweeter if you have a specific genetic mutation<\/em>. October 8 2020. <a href=\"https:\/\/www.newscientist.com\/article\/2256439-rotten-fish-smell-sweeter-if-you-have-a-specific-genetic-mutation\/\">https:\/\/www.newscientist.com\/article\/2256439-rotten-fish-smell-sweeter-if-you-have-a-specific-genetic-mutation\/<\/a><\/span><\/li>\n<\/ul>\n<p><span style=\"font-size: 20px\">Icelandic media<\/span><\/p>\n<ul>\n<li><span style=\"font-size: 16px\">Icelandic national television (R\u00daV): Commentator in the Icelandic TV show Klass\u00edkin okkar [Classical music]. August 30, 2024.\u00a0<a href=\"https:\/\/www.ruv.is\/frettir\/menning-og-daegurmal\/2024-08-30-klassikin-okkar-a-valdi-tilfinninganna-420822\">https:\/\/www.ruv.is\/frettir\/menning-og-daegurmal\/2024-08-30-klassikin-okkar-a-valdi-tilfinninganna-420822<\/a><\/span><\/li>\n<li><span style=\"font-size: 16px\">Icelandic national radio (R\u00e1s 1) and R\u00fav.is: <em>Dimm r\u00f6dd e\u00f0a bj\u00f6rt? Genin hafa sitt a\u00f0 segja um \u00fea<\/em>\u00f0. [Deep voice or bright? Genes matter]. <a href=\"https:\/\/nyr.ruv.is\/frettir\/innlent\/2023-06-13-dimm-rodd-eda-bjort-genin-hafa-sitt-ad-segja-um-thad\">https:\/\/nyr.ruv.is\/frettir\/innlent\/2023-06-13-dimm-rodd-eda-bjort-genin-hafa-sitt-ad-segja-um-thad<\/a><\/span><\/li>\n<li><span style=\"font-size: 16px\">Bylgjan radio and Visir.is: News interview on research on voice pitch. June 11 2023. <a href=\"https:\/\/www.visir.is\/g\/20232426526d\/fundu-erfdabreytu-sem-hefur-ahrif-a-tonhaed-raddar\">https:\/\/www.visir.is\/g\/20232426526d\/fundu-erfdabreytu-sem-hefur-ahrif-a-tonhaed-raddar<\/a><\/span><\/li>\n<li><span style=\"font-size: 16px\">Morgunbla\u00f0i\u00f0 newspaper and Mbl.is: <em>Samband t\u00f3nh\u00e6\u00f0ar og l\u00edkamlegrar heilsu<\/em>. [Relationship between voice pitch and health]. June 10 2023. <a href=\"https:\/\/www.mbl.is\/frettir\/innlent\/2023\/06\/10\/samband_tonhaedar_og_likamlegrar_heilsu\/\">https:\/\/www.mbl.is\/frettir\/innlent\/2023\/06\/10\/samband_tonhaedar_og_likamlegrar_heilsu\/<\/a><\/span><\/li>\n<li><span style=\"font-size: 16px\">Icelandic national radio (R\u00e1s 1) and R\u00fav.is: <em>4% \u00cdslendinga finna enga fiskif\u00fdlu<\/em>\u00a0[4% of Icelanders do not smell fish stench]. October 26 2020. <a href=\"https:\/\/www.ruv.is\/frett\/2020\/10\/26\/4-islendinga-finna-enga-fiskifylu\">https:\/\/www.ruv.is\/frett\/2020\/10\/26\/4-islendinga-finna-enga-fiskifylu<\/a><\/span><\/li>\n<li><span style=\"font-size: 16px\">Icelandic national television (R\u00daV): Commentator in the Icelandic documentary Spori\u00f0 [The Step] on beat perception and relation to language and evolution. October 5 2019. <a href=\"https:\/\/www.ruv.is\/sjonvarp\/spila\/sporid\/25820\">https:\/\/www.ruv.is\/sjonvarp\/spila\/sporid\/25820<\/a><\/span><\/li>\n<li><span style=\"font-size: 16px\">Fr\u00e9ttabla\u00f0i\u00f0 newspaper and V\u00edsir.is: <em>Einst\u00f6k ranns\u00f3kn \u00e1 t\u00f3neyra og takv\u00edsi<\/em> [Unique research on tone and beat perception]. March 2 2019. <a href=\"https:\/\/www.visir.is\/g\/2019190309845\">https:\/\/www.visir.is\/g\/2019190309845<\/a><\/span><\/li>\n<li><span style=\"font-size: 16px\">Morgunbla\u00f0i\u00f0 newspaper and Mbl.is: <em>Kanna t\u00f3nn\u00e6mi og taktv\u00edsi<\/em> [Investigate tone and beat sensitivity]. February 26 2019. <a href=\"https:\/\/www.mbl.is\/frettir\/innlent\/2019\/02\/25\/kanna_tonnaemi_og_taktvisi\/\">https:\/\/www.mbl.is\/frettir\/innlent\/2019\/02\/25\/kanna_tonnaemi_og_taktvisi\/<\/a><\/span><\/li>\n<li><span style=\"font-size: 16px\">National radio, R\u00e1s 2 (Morgun\u00fatvarpi\u00f0): Commentator on research on amusia and beat perception. February 25 2019. <a href=\"https:\/\/www.ruv.is\/spila\/ras-2\/morgunutvarpid\/20190225\">https:\/\/www.ruv.is\/spila\/ras-2\/morgunutvarpid\/20190225<\/a><\/span><\/li>\n<\/ul>\n<p>&nbsp;<\/p>\n<p>&nbsp;<\/p>\n","protected":false},"excerpt":{"rendered":"<p>International media Nature: Have a high-pitched voice? It might be in your genes. June 9 2023. https:\/\/www.nature.com\/articles\/d41586-023-01901-5 Various other media around the world&hellip;<\/p>\n","protected":false},"author":1568,"featured_media":0,"parent":0,"menu_order":0,"comment_status":"closed","ping_status":"closed","template":"","meta":{"footnotes":""},"class_list":["post-119","page","type-page","status-publish","hentry"],"_links":{"self":[{"href":"https:\/\/uni.hi.is\/rosas\/wp-json\/wp\/v2\/pages\/119","targetHints":{"allow":["GET"]}}],"collection":[{"href":"https:\/\/uni.hi.is\/rosas\/wp-json\/wp\/v2\/pages"}],"about":[{"href":"https:\/\/uni.hi.is\/rosas\/wp-json\/wp\/v2\/types\/page"}],"author":[{"embeddable":true,"href":"https:\/\/uni.hi.is\/rosas\/wp-json\/wp\/v2\/users\/1568"}],"replies":[{"embeddable":true,"href":"https:\/\/uni.hi.is\/rosas\/wp-json\/wp\/v2\/comments?post=119"}],"version-history":[{"count":7,"href":"https:\/\/uni.hi.is\/rosas\/wp-json\/wp\/v2\/pages\/119\/revisions"}],"predecessor-version":[{"id":199,"href":"https:\/\/uni.hi.is\/rosas\/wp-json\/wp\/v2\/pages\/119\/revisions\/199"}],"wp:attachment":[{"href":"https:\/\/uni.hi.is\/rosas\/wp-json\/wp\/v2\/media?parent=119"}],"curies":[{"name":"wp","href":"https:\/\/api.w.org\/{rel}","templated":true}]}}