{"id":15,"date":"2010-03-19T14:44:05","date_gmt":"2010-03-19T14:44:05","guid":{"rendered":"http:\/\/uni.hi.is\/salvorn\/?page_id=15"},"modified":"2016-04-14T00:02:06","modified_gmt":"2016-04-14T00:02:06","slug":"greinar-og-b%c3%a6kur","status":"publish","type":"page","link":"https:\/\/uni.hi.is\/salvorn\/greinar-og-b%c3%a6kur\/","title":{"rendered":"Greinar og b\u00e6kur \/ Publications"},"content":{"rendered":"<p><strong>Greinar og b\u00f3kakaflar \/ Articles and book chapters<br \/>\n<\/strong><\/p>\n<p>\u201eHuglei\u00f0ing um gildi \u00feagnarinnar\u201c\u201c \u00ed R\u00f3bert H. Haraldsson og Salv\u00f6r Nordal (ritstj.) <em>Hugsa\u00f0 me\u00f0 Vilhj\u00e1lmi<\/em>, Heimspekistofnun og Si\u00f0fr\u00e6\u00f0istofnun 2015.<\/p>\n<p>\u201eForm\u00e1li\u201c \u00ed R\u00f3bert H. Haraldsson og Salv\u00f6r Nordal (ritstj.) <em>Hugsa\u00f0 me\u00f0 Vilhj\u00e1lmi<\/em>, Heimspekistofnun og Si\u00f0fr\u00e6\u00f0istofnun 2015.<\/p>\n<p><a href=\"http:\/\/skemman.is\/en\/stream\/get\/1946\/23173\/52707\/1\/FELMAN_salvor_nordal.pdf\">\u201eMannv\u00e9lar og mi\u00f0lun: Um \u00e1byrgar v\u00edsindaranns\u00f3knir og samtal vi\u00f0 almenning\u201c<\/a>, <em>Ranns\u00f3knir \u00ed f\u00e9lagsv\u00edsindum<\/em> XVI: F\u00e9lags- og mannv\u00edsindadeild, 30.10.2015<\/p>\n<p>\u201e\u00dev\u00e6lum m\u00e1lin\u201c, \u00e1drepa \u00ed <em>T\u00edmariti m\u00e1ls og menningar<\/em>, 2. 2015.<\/p>\n<p>\u201e\u00de\u00e1tttaka borgara \u00ed \u00e1kvar\u00f0anat\u00f6ku og \u00e1byrg\u00f0 stj\u00f3rnvalda. L\u00e6rd\u00f3mar af stj\u00f3rnarskr\u00e1rm\u00e1li\u201c, <em>Sk\u00edrnir<\/em>, 189. \u00e1r (vor 2015).<\/p>\n<p>\u201e\u201dN\u00fdmenni\u201d e\u00f0a m\u00f6rk mennskunnar. Si\u00f0fr\u00e6\u00f0ileg \u00e1litam\u00e1l tengd heila- og taugaeflingu\u201c, Hugur, 26. \u00c1r, 2014, s. 101-111.<\/p>\n<p><a href=\"http:\/\/skemman.is\/stream\/get\/1946\/19974\/45852\/1\/Taugaefling_heilbrig%C3%B0ra_einstaklinga_F%C3%A9lags-_og_mannv%C3%ADsindadeild.pdf\">\u201eTaugaefling heilbrig\u00f0ra einstaklinga. Samtal hagsmunaa\u00f0ila og almennings\u201c<\/a>, <em>\u00dej\u00f3\u00f0arspegillinn XV: Ranns\u00f3knir \u00ed f\u00e9lagsv\u00edsindum. F\u00e9lags- og mannv\u00edsindadeild<\/em>, birting 30.10.2014 birt \u00ed Skemmunni.<\/p>\n<p><a href=\"http:\/\/skemman.is\/en\/stream\/get\/1946\/22392\/51713\/1\/a.2014.10.1.1.pdf\">\u201e\u00c1byrg\u00f0, stofnanir og \u00edslensk stj\u00f3rns\u00fdsla. L\u00e6rd\u00f3mar af bankahruni\u201c<\/a>, <em>Stj\u00f3rnm\u00e1l og stj\u00f3rns\u00fdsla<\/em>, 1. tbl., 10. \u00e1rg. 2014 (1-16) Fr\u00e6\u00f0igreinar<\/p>\n<p><em>Privacy as a social concept<\/em>, \u00f3birt doktorsritger\u00f0<\/p>\n<p>\u201e\u201e\u2026raunveruleg l\u00fd\u00f0r\u00e6\u00f0isleg umr\u00e6\u00f0a hefur aldrei fari\u00f0 fram \u2026\u201c \u00ed T\u00edmariti M\u00e1ls og menningar \u2013 73. \u00c1rgangur, 1. hefti, feb. 2012<\/p>\n<p>\u201eFri\u00f0helgi einkal\u00edfsins og umbur\u00f0arlyndi\u201c \u00ed Salv\u00f6r Nordal og Vilhj\u00e1lmur \u00c1rnason (ritstj.) <em>Si\u00f0fr\u00e6\u00f0i og samf\u00e9lag<\/em>, Si\u00f0fr\u00e6\u00f0istofnun 2011, bls. 231-246.<\/p>\n<p>\u201eUmbo\u00f0 stj\u00f3rnlagar\u00e1\u00f0s\u201c \u00ed Sk\u00edrni, 185. \u00c1r (vor 2011)<\/p>\n<p>\u201eT\u00e6knifrj\u00f3vganir og sta\u00f0g\u00f6ngum\u00e6\u00f0ur \u00fat fr\u00e1 hagsmunum barna\u201c \u00ed <em>Velfer\u00f0 barna, gildismat og \u00e1byrg\u00f0 samf\u00e9lags<\/em>, Si\u00f0fr\u00e6\u00f0istofnun og H\u00e1sk\u00f3la\u00fatg\u00e1fan 2010.<\/p>\n<p><a href=\"http:\/\/skemman.is\/stream\/get\/1946\/6848\/18646\/3\/245-252__SalvorNordal.KristinHardar_LOKA.pdf\">\u201eLagalegt umhverfi v\u00edsindaranns\u00f3kna. Vi\u00f0horf v\u00edsindamanna og eftirlitsa\u00f0ila\u201c<\/a>, me\u00f0h\u00f6fundur Krist\u00edn Erla Har\u00f0ard\u00f3ttir \u00ed <em>\u00dej\u00f3\u00f0arspegillinn<\/em> 2010, Ranns\u00f3knir \u00ed F\u00e9lagsv\u00edsindum XI, mannfr\u00e6\u00f0i.<\/p>\n<p><a href=\"http:\/\/www.rna.is\/media\/skjol\/RNABindi8.pdf\"><em>Si\u00f0fer\u00f0i og starfsh\u00e6ttir \u00ed tengslum vi\u00f0 fall \u00edslensku bankanna 2008<\/em><\/a>. Me\u00f0h\u00f6fundar Vilhj\u00e1lmur \u00c1rnason og Krist\u00edn \u00c1stgeirsd\u00f3ttir. 8. bindi sk\u00fdrslu <em>ranns\u00f3knarnefndar Al\u00feingis um a\u00f0draganda og orsakir falls \u00edslensku bankanna<\/em> 2008 og tengdir atbur\u00f0ir.<\/p>\n<p>\u201eSamf\u00e9lagsleg \u00e1byrg\u00f0 \u00ed vi\u00f0skiptal\u00edfinu\u201c, \u00ed Kolbeinn Stef\u00e1nsson (ristj.) <em>Eil\u00edf\u00f0arv\u00e9lin. Uppgj\u00f6r vi\u00f0 n\u00fdfrj\u00e1lshyggjuna<\/em>, H\u00e1sk\u00f3la\u00fatg\u00e1fan 2010.<\/p>\n<p><a href=\"http:\/\/www.ntnu.no\/ojs\/index.php\/etikk_i_praksis\/article\/view\/1719\/1656\">\u201eSelf-interest, deregulation and trust\u201c<\/a>, \u00ed <em>Etikk i Praksis. Nordic Journal of Applied Ethics<\/em> (2009), 3(2), bls. 53-63.<\/p>\n<p>\u201eA\u00f0 sn\u00ed\u00f0a s\u00e9r stakk eftir vexti\u201c, <em>T\u00edmarit M\u00e1ls og menningar nr. 3<\/em>. 2009.<\/p>\n<p><a href=\"http:\/\/timarit.is\/view_page_init.jsp?pageId=5631675\">\u201e\u00c6ttfr\u00e6\u00f0iuppl\u00fdsingar og pers\u00f3nuvernd\u201c<\/a>, grein \u00ed <em>Fr\u00e9ttabr\u00e9fi \u00c6ttfr\u00e6\u00f0if\u00e9lagsins<\/em>, 4 tbl. 26. \u00c1rg. Desember 2008.<\/p>\n<p>\u201ePers\u00f3nuvernd, sj\u00e1lfr\u00e6\u00f0i og traust\u201c, \u00ed <em>Pers\u00f3nuvernd \u00ed uppl\u00fdsingasamf\u00e9lagi<\/em>, H\u00e1sk\u00f3la\u00fatg\u00e1fan, 2007.<\/p>\n<p>\u201eGagnagrunnar \u00e1 heilbrig\u00f0issvi\u00f0i og v\u00edsindaranns\u00f3knir\u201c, me\u00f0h\u00f6fundur Ingunn \u00d3lafsd\u00f3ttir \u00ed <em>Pers\u00f3nuvernd \u00ed uppl\u00fdsingasamf\u00e9lagi<\/em>, H\u00e1sk\u00f3la\u00fatg\u00e1fan, 2007.<\/p>\n<p>\u201eUm hj\u00f3nabandi\u00f0 og r\u00f3t misr\u00e9ttis\u201c, \u00ed <em>Hugsa\u00f0 me\u00f0 Mill<\/em>, R\u00f3bert H. Haraldsson, Salv\u00f6r Nordal og Vilhj\u00e1lmur \u00c1rnason (ritstj.) H\u00e1sk\u00f3la\u00fatg\u00e1fan, 2007<\/p>\n<p>\u201eHva\u00f0 eru vi\u00f0kv\u00e6mar pers\u00f3nuuppl\u00fdsingar?\u201c \u00ed afm\u00e6lisriti <em>Pers\u00f3nuverndar<\/em>. Reykjav\u00edk 2007.<\/p>\n<p>\u201ePrivacy\u201c \u00ed <em>The Ethics and Governance of Human Genetic Databases<\/em>, ritstj. Vilhj\u00e1lmur \u00c1rnason, Gar\u00f0ar \u00c1rnason, Ruth Chadwick, Matti H\u00e4yry. Cambridge University Press 2007.<\/p>\n<p>\u201eLanguages of Privacy\u201c \u00ed <em>The Ethics and Governance of Human Genetic Databases<\/em>, ritstj. Vilhj\u00e1lmur \u00c1rnason, Gar\u00f0ar \u00c1rnason, Ruth Chadwick, Matti H\u00e4yry, Cambridge University Press 2007.<\/p>\n<p>\u201eIceland\u201c, me\u00f0h\u00f6fundur Margr\u00e9t Lilja Gu\u00f0mundsd\u00f3ttir, \u00ed <em>The Ethics and Governance of Human Genetic Databases<\/em>, ritstj. Vilhj\u00e1lmur \u00c1rnason, Gar\u00f0ar \u00c1rnason, Ruth Chadwick, Matti H\u00e4yry, Cambridge University Press 2007.<\/p>\n<p>\u201eUm tr\u00faaruppeldi og kennslu \u00ed kristnum fr\u00e6\u00f0um\u201c, <em>Hugsa\u00f0 me\u00f0 P\u00e1li<\/em>, ritstj. R\u00f3bert H. Haraldsson, Salv\u00f6r Nordal og Vilhj\u00e1lmur \u00c1rnason, Reykjav\u00edk: H\u00e1sk\u00f3la\u00fatg\u00e1fa, 2005, bls. 75-85.<\/p>\n<p>\u201ePrivacy in Public\u201c, <em>Blood and Data: Ethical, Legal, and Social Aspects of Human Genetic Databases<\/em>, ritstj. Gar\u00f0ar \u00c1rnason, Vilhj\u00e1lmur \u00c1rnason og Salv\u00f6r Nordal, Reykjav\u00edk: H\u00e1sk\u00f3la\u00fatg\u00e1fan, 2004, bls. 249 \u2013 254.<\/p>\n<p>\u201eVar\u00f0veisla pers\u00f3nuuppl\u00fdsinga og traust til erf\u00f0av\u00edsinda - vi\u00f0horf almennings\u201c me\u00f0h\u00f6fundur Margr\u00e9t Lilja Gu\u00f0mundsd\u00f3ttir, <em>Ranns\u00f3knir \u00ed F\u00e9lagsv\u00edsindum<\/em> ritstj. 2004, bls. 233-242.<\/p>\n<p>\u201eFri\u00f0helgi einkal\u00edfsins\u201c \u00ed Heimspekimessa, ritstj. Kristj\u00e1n Kristj\u00e1nsson og Logi Gunnarsson. Reykjav\u00edk: H\u00e1sk\u00f3la\u00fatg\u00e1fan, 2003, bls. 181-196.<\/p>\n<p>\u201eDygg\u00f0ir a\u00f0 fornu og n\u00fdju\u201c, \u00ed <em>T\u00edmariti M\u00e1ls og menningar<\/em>, 2:2000, bls. 28-35.<\/p>\n<p><em>Si\u00f0fer\u00f0ileg \u00e1litam\u00e1l<\/em> \u2013 n\u00e1msefni fyrir framhaldssk\u00f3la, tilrauna\u00fatg\u00e1fa hj\u00e1 I\u00f0n\u00fa 2000.<\/p>\n<p><em>The Right to Silence<\/em> \u2013 \u00f3birt MA ritger\u00f0.<\/p>\n<p><strong>Ritstj\u00f3rn<\/strong><\/p>\n<p><em>Velfer\u00f0 barna, gildismat og \u00e1byrg\u00f0 samf\u00e9lags<\/em>, Si\u00f0fr\u00e6\u00f0istofnun og H\u00e1sk\u00f3la\u00fatg\u00e1fan 2010. Me\u00f0ritstj\u00f3rar: Sigr\u00fan J\u00fal\u00edusd\u00f3ttir og Vilhj\u00e1lmur \u00c1rnason.<\/p>\n<p><em>Pers\u00f3nuvernd \u00ed uppl\u00fdsingasamf\u00e9lagi<\/em>, ritstj\u00f3ri. Si\u00f0fr\u00e6\u00f0istofnun og H\u00e1sk\u00f3la\u00fatg\u00e1fan 2007<\/p>\n<p><em>Hugsa\u00f0 me\u00f0 Mill<\/em>, ritstj\u00f3ri \u00e1samt R\u00f3berti Haraldssyni og Vilhj\u00e1lmi \u00c1rnasyni, Reykjav\u00edk: H\u00e1sk\u00f3la\u00fatg\u00e1fa, 2007<\/p>\n<p><em>Hugsa\u00f0 me\u00f0 P\u00e1li: Ritger\u00f0ir til hei\u00f0urs P\u00e1li Sk\u00falasyni sextugum<\/em>, ritstj\u00f3ri \u00e1samt R\u00f3berti Haraldssyni og Vilhj\u00e1lmi \u00c1rnasyni, Reykjav\u00edk: H\u00e1sk\u00f3la\u00fatg\u00e1fa, 2005.<\/p>\n<p><em>Blood and Data: Ethical, Legal, and Social Aspects of Human Genetic Databases<\/em>, ritstj\u00f3ri \u00e1samt Gar\u00f0ari \u00c1rnasyni og Vilhj\u00e1lmi \u00c1rnasyni, Reykjav\u00edk: H\u00e1sk\u00f3la\u00fatg\u00e1fan, 2004.<\/p>\n<p><em>\u00cdslensk heimspeki<\/em>, ritr\u00f6\u00f0 Hins \u00edslenska b\u00f3kmenntaf\u00e9lags. \u00dat hafa komi\u00f0 ritin: R\u00f3bert H. Haraldsson, <em>Tveggja manna tal<\/em>, Stef\u00e1n Sn\u00e6varr, <em>\u00c1starspekt<\/em><\/p>\n","protected":false},"excerpt":{"rendered":"<p>Greinar og b\u00f3kakaflar \/ Articles and book chapters \u201eHuglei\u00f0ing um gildi \u00feagnarinnar\u201c\u201c \u00ed R\u00f3bert H. Haraldsson og Salv\u00f6r Nordal (ritstj.) Hugsa\u00f0 me\u00f0 Vilhj\u00e1lmi, Heimspekistofnun og Si\u00f0fr\u00e6\u00f0istofnun 2015. \u201eForm\u00e1li\u201c \u00ed R\u00f3bert H. Haraldsson og Salv\u00f6r Nordal (ritstj.) Hugsa\u00f0 me\u00f0 Vilhj\u00e1lmi, Heimspekistofnun og Si\u00f0fr\u00e6\u00f0istofnun 2015. \u201eMannv\u00e9lar og mi\u00f0lun: Um \u00e1byrgar v\u00edsindaranns\u00f3knir og samtal vi\u00f0 almenning\u201c, Ranns\u00f3knir \u00ed [&hellip;]<\/p>\n","protected":false},"author":40,"featured_media":0,"parent":0,"menu_order":2,"comment_status":"closed","ping_status":"closed","template":"","meta":{"footnotes":""},"class_list":["post-15","page","type-page","status-publish","hentry"],"_links":{"self":[{"href":"https:\/\/uni.hi.is\/salvorn\/wp-json\/wp\/v2\/pages\/15","targetHints":{"allow":["GET"]}}],"collection":[{"href":"https:\/\/uni.hi.is\/salvorn\/wp-json\/wp\/v2\/pages"}],"about":[{"href":"https:\/\/uni.hi.is\/salvorn\/wp-json\/wp\/v2\/types\/page"}],"author":[{"embeddable":true,"href":"https:\/\/uni.hi.is\/salvorn\/wp-json\/wp\/v2\/users\/40"}],"replies":[{"embeddable":true,"href":"https:\/\/uni.hi.is\/salvorn\/wp-json\/wp\/v2\/comments?post=15"}],"version-history":[{"count":11,"href":"https:\/\/uni.hi.is\/salvorn\/wp-json\/wp\/v2\/pages\/15\/revisions"}],"predecessor-version":[{"id":99,"href":"https:\/\/uni.hi.is\/salvorn\/wp-json\/wp\/v2\/pages\/15\/revisions\/99"}],"wp:attachment":[{"href":"https:\/\/uni.hi.is\/salvorn\/wp-json\/wp\/v2\/media?parent=15"}],"curies":[{"name":"wp","href":"https:\/\/api.w.org\/{rel}","templated":true}]}}