{"id":29,"date":"2011-04-09T13:16:56","date_gmt":"2011-04-09T13:16:56","guid":{"rendered":"http:\/\/uni.hi.is\/salvorn\/?page_id=29"},"modified":"2021-08-04T09:32:57","modified_gmt":"2021-08-04T09:32:57","slug":"curriculum-vitae","status":"publish","type":"page","link":"https:\/\/uni.hi.is\/salvorn\/","title":{"rendered":"Ferliskr\u00e1 \/ Curriculum Vitae"},"content":{"rendered":"<p>Salv\u00f6r Nordal<br \/>\nF\u00e6dd 21. n\u00f3vember 1962<\/p>\n<p><strong>Menntun<\/strong><\/p>\n<p>Doktor \u00ed heimspeki fr\u00e1 <em>University of Calgary<\/em> \u00ed Kanada 2014.<br \/>\nM.Phil \u00ed Social Justice fr\u00e1 <em>University of Stirling<\/em> \u00ed Skotlandi 1992.<br \/>\nB.A. \u00ed heimspeki fr\u00e1 <em>H\u00e1sk\u00f3la \u00cdslands<\/em> 1989.<\/p>\n<p><strong>Starfsferill<\/strong><\/p>\n<p>Umbo\u00f0sma\u00f0ur barna fr\u00e1 2017<br \/>\nLektor \u00ed hlutastarfi vi\u00f0 H\u00cd fr\u00e1 2019 og pr\u00f3fessor fr\u00e1 2021<br \/>\nLektor vi\u00f0 n\u00e1msbraut \u00ed heimspeki fr\u00e1 2015-2107<br \/>\nForst\u00f6\u00f0uma\u00f0ur <em>Si\u00f0fr\u00e6\u00f0istofnunar<\/em> fr\u00e1 2001-2017<br \/>\nVerkefnastj\u00f3ri hj\u00e1 <em>Si\u00f0fr\u00e6\u00f0istofnun H\u00e1sk\u00f3la \u00cdslands<\/em> 2000-2001.<br \/>\nStundakennari vi\u00f0 <em>H\u00e1sk\u00f3la \u00cdslands<\/em> fr\u00e1 2001.<br \/>\nStundakennari vi\u00f0 <em>Menntask\u00f3lann vi\u00f0 Sund<\/em>. 2000-2001.<br \/>\nFastr\u00e1\u00f0inn stundakennari vi\u00f0 <em>H\u00e1sk\u00f3la \u00cdslands<\/em> 1998-9.<br \/>\nFramkv\u00e6mdastj\u00f3ri <em>\u00cdslenska dansflokksins<\/em>. 1989-1994.<br \/>\n\u00ddmis st\u00f6rf fyrir <em>Si\u00f0fr\u00e6\u00f0istofnun<\/em> s.s. \u00fe\u00e1tttakandi \u00ed skipulagningu m\u00e1l\u00feinga og fleira. 1990-1994.<br \/>\n\u00ddmis fj\u00f6lmi\u00f0last\u00f6rf s.s bla\u00f0ama\u00f0ur \u00e1 <em>Morgunbla\u00f0inu<\/em>, greinaskrif fyrir t\u00edmarit og dagskr\u00e1rger\u00f0 fyrir <em>Bylgjuna<\/em>, <em>St\u00f6\u00f0 2<\/em> og <em>R\u00edkissj\u00f3nvarpi\u00f0<\/em>, \u00e1 \u00e1runum 1984-94.<br \/>\nFramkv\u00e6mdastj\u00f3ri <em>Listah\u00e1t\u00ed\u00f0ar \u00ed Reykjav\u00edk<\/em> og <em>Kvikmyndah\u00e1t\u00ed\u00f0ar \u00ed Reykjav\u00edk<\/em>. 1984-1986.<\/p>\n<p><strong>Tr\u00fana\u00f0arst\u00f6rf fr\u00e1 2007<br \/>\n<\/strong><\/p>\n<p>Research fellow hj\u00e1 Brocher Fondation \u00ed Genf \u00ed apr\u00edl 2015.<br \/>\n\u00cd stj\u00f3rn Haga fr\u00e1 2014-2017<br \/>\n\u00cd fj\u00f6lmi\u00f0lanefnd fr\u00e1 2011-2017<br \/>\nForma\u00f0ur samr\u00e1\u00f0sh\u00f3ps vegna samninga \u00cdslands vi\u00f0 Evr\u00f3pusambandi\u00f0 2011-2013.<br \/>\nForma\u00f0ur stj\u00f3rnlagar\u00e1\u00f0s 2011.<br \/>\nFulltr\u00fai \u00cdslands \u00ed Norr\u00e6nu l\u00edfsi\u00f0fr\u00e6\u00f0inefndinni fr\u00e1 2011. (forma\u00f0ur \u00e1ri\u00f0 2012)<br \/>\n\u00cd si\u00f0anefnd H\u00e1sk\u00f3la \u00cdslands 2010-2011.<br \/>\nKj\u00f6rin \u00e1 stj\u00f3rnlaga\u00feing 2010.<br \/>\nSkipu\u00f0 af Al\u00feingi \u00ed <em>starfsh\u00f3p um si\u00f0fr\u00e6\u00f0i og starfsh\u00e6tti<\/em>, sem starfa\u00f0i me\u00f0 Ranns\u00f3knarnefnd Al\u00feingis um fall \u00edslensku bankanna. Skipunin st\u00f3\u00f0 fr\u00e1 jan\u00faar 2009 til skila sk\u00fdrslunnar \u00ed apr\u00edl 2010.<br \/>\nFulltr\u00fai \u00ed V\u00edsindasi\u00f0anefnd 2008-2013<br \/>\nForma\u00f0ur stj\u00f3rnar Listasafns H\u00e1sk\u00f3la \u00cdslands fr\u00e1 2008.<br \/>\nVarafulltr\u00fai H\u00e1sk\u00f3la \u00cdslands \u00ed <em>Jafnr\u00e9ttisr\u00e1\u00f0i<\/em> 2007.<br \/>\n\u00cd stj\u00f3rn Samtaka fj\u00e1rfesta, fr\u00e1 2007-2008 og aftur fr\u00e1 vori 2010.<\/p>\n<p><strong>\u00de\u00e1tttaka \u00ed ranns\u00f3knarverkefnum<\/strong><\/p>\n<p>CHIP ME <em>Citizen's Health through public-private Initiatives: Public health, Market and Ethical perspectives<\/em> (ISCH COST Action IS1303). Varaforma\u00f0ur WG3<\/p>\n<p><a href=\"http:\/\/sidfraedi.hi.is\/nerri_neuro_enhancement_responsible_research_and_innovation\">NERRI <em>Neuro enhancement: Responsible Research and Innovation<\/em><\/a>. Styrkt af 7. Ramma\u00e1\u00e6tlun EU 2013-2016<\/p>\n<p><a href=\"http:\/\/sidfraedi.hi.is\/hvad_einkennir_islenskt_lydraedi_starfsvenjur_gildi_og_skilningur\"><em>\u00cdslenskt l\u00fd\u00f0r\u00e6\u00f0i:\u00a0Hva\u00f0 einkennir \u00edslenskt l\u00fd\u00f0r\u00e6\u00f0i? Starfsvenjur, gildi og skilningur?<\/em><\/a><em>\u00a0<\/em> Styrkt af Rann\u00eds 2012-2014<\/p>\n<p><a href=\"http:\/\/sidfraedi.hi.is\/norraena_samstarfsnetid_nordic_network_for_philosophy_of_medicine_and_medical_ethics_nnpmme\">Norr\u00e6nt samstarfsnet:<em>\u00a0Nordic Network for Philosophy of Medicine and Medical Ethics<\/em><\/a>\u00a0(2011-2013)<\/p>\n<p>\u00cd r\u00e1\u00f0gjafah\u00f3pi \u00ed ranns\u00f3knaverkefninu HEPADIP (Hepatic and Adipose Tissue and Functions in the Metabolic Syndrome). Verkefni\u00f0 var styrkt er af 6. ramma\u00e1\u00e6tlun Evr\u00f3pusambandsins.<br \/>\n<em>Notkun gagnagrunna \u00e1 heilbrig\u00f0issvi\u00f0i: Si\u00f0fer\u00f0ileg \u00e1litam\u00e1l<\/em>. Styrkt af Rann\u00eds 2005-2007.<\/p>\n<p><a href=\"http:\/\/sidfraedi.hi.is\/gildismat_og_born_i_neyslusamfelagi\"><em>Gildismat og velfer\u00f0 barna \u00ed neyslusamf\u00e9lagi n\u00fat\u00edmans<\/em><\/a><em>.<\/em> Styrkt af Kristnih\u00e1t\u00ed\u00f0arsj\u00f3\u00f0i 2004 \u2013 2007.<\/p>\n<p>\u00de\u00e1tttakandi \u00ed verkefninu PRIVILEGED (Privacy in law, ethics and genetic data). Styrkt af 6. Ramma\u00e1tlun EU 2008-2010.<\/p>\n<p><a href=\"http:\/\/sidfraedi.hi.is\/elsagen_ethical_legal_and_social_aspects_of_human_genetic_databases\">ELSAGEN - Ethical, Legal and Social Aspects of Human Genetic Databases<\/a>. Styrkt af 5. Ramma\u00e1\u00e6tlun EU 2002-2004.<\/p>\n","protected":false},"excerpt":{"rendered":"<p>Salv\u00f6r Nordal F\u00e6dd 21. n\u00f3vember 1962 Menntun Doktor \u00ed heimspeki fr\u00e1 University of Calgary \u00ed Kanada 2014. M.Phil \u00ed Social Justice fr\u00e1 University of Stirling \u00ed Skotlandi 1992. B.A. \u00ed heimspeki fr\u00e1 H\u00e1sk\u00f3la \u00cdslands 1989. Starfsferill Umbo\u00f0sma\u00f0ur barna fr\u00e1 2017 Lektor \u00ed hlutastarfi vi\u00f0 H\u00cd fr\u00e1 2019 og pr\u00f3fessor fr\u00e1 2021 Lektor vi\u00f0 n\u00e1msbraut \u00ed [&hellip;]<\/p>\n","protected":false},"author":630,"featured_media":0,"parent":0,"menu_order":1,"comment_status":"closed","ping_status":"closed","template":"","meta":{"footnotes":""},"class_list":["post-29","page","type-page","status-publish","hentry"],"_links":{"self":[{"href":"https:\/\/uni.hi.is\/salvorn\/wp-json\/wp\/v2\/pages\/29","targetHints":{"allow":["GET"]}}],"collection":[{"href":"https:\/\/uni.hi.is\/salvorn\/wp-json\/wp\/v2\/pages"}],"about":[{"href":"https:\/\/uni.hi.is\/salvorn\/wp-json\/wp\/v2\/types\/page"}],"author":[{"embeddable":true,"href":"https:\/\/uni.hi.is\/salvorn\/wp-json\/wp\/v2\/users\/630"}],"replies":[{"embeddable":true,"href":"https:\/\/uni.hi.is\/salvorn\/wp-json\/wp\/v2\/comments?post=29"}],"version-history":[{"count":16,"href":"https:\/\/uni.hi.is\/salvorn\/wp-json\/wp\/v2\/pages\/29\/revisions"}],"predecessor-version":[{"id":112,"href":"https:\/\/uni.hi.is\/salvorn\/wp-json\/wp\/v2\/pages\/29\/revisions\/112"}],"wp:attachment":[{"href":"https:\/\/uni.hi.is\/salvorn\/wp-json\/wp\/v2\/media?parent=29"}],"curies":[{"name":"wp","href":"https:\/\/api.w.org\/{rel}","templated":true}]}}