{"id":41,"date":"2011-04-09T13:52:06","date_gmt":"2011-04-09T13:52:06","guid":{"rendered":"http:\/\/uni.hi.is\/salvorn\/?page_id=41"},"modified":"2021-05-05T11:29:56","modified_gmt":"2021-05-05T11:29:56","slug":"kennsla-teaching","status":"publish","type":"page","link":"https:\/\/uni.hi.is\/salvorn\/kennsla-teaching\/","title":{"rendered":"Kennsla \/ Teaching"},"content":{"rendered":"<p><strong>Kennsla vi\u00f0 H\u00e1sk\u00f3la \u00cdslands<\/strong>Helstu kennslusvi\u00f0: Si\u00f0fr\u00e6\u00f0i, stj\u00f3rnm\u00e1laheimspeki og feminismi.<\/p>\n<p><em>N\u00e1mskei\u00f0 kennd a\u00f0 hluta e\u00f0a \u00f6llu leyti<\/em><\/p>\n<p><span id=\"messageContent\"><a href=\"https:\/\/ugla.hi.is\/kennsluskra\/index.php?tab=nam&amp;chapter=namskeid&amp;id=70803420156\">Heimspekileg forspjallsv\u00edsindi \/ Si\u00f0fr\u00e6\u00f0i \u00ed Hj\u00fakrunarfr\u00e6\u00f0ideild<\/a><br \/>\n<a href=\"https:\/\/ugla.hi.is\/kennsluskra\/index.php?tab=nam&amp;chapter=namskeid&amp;id=70254120156\">Hagn\u00fdtt Si\u00f0fr\u00e6\u00f0i<\/a><br \/>\n<a href=\"https:\/\/ugla.hi.is\/kennsluskra\/index.php?tab=nam&amp;chapter=namskeid&amp;id=70254220170&amp;merkja=starfstengd+si%C3%B0fr%C3%A6%C3%B0i&amp;kennsluar=2016\">M\u00e1lstofa \u00ed starfstengdri si\u00f0fr\u00e6\u00f0i<\/a><\/span><\/p>\n<p><em>\u00d6nnur kennsla<br \/>\n<\/em><\/p>\n<p>Kenningar \u00ed kynjafr\u00e6\u00f0um<br \/>\nSi\u00f0fer\u00f0ileg \u00e1litam\u00e1l og s\u00e1lg\u00e6sla vi\u00f0 l\u00edfslok \u00e1 vegum Endurmenntunar H.\u00cd.<br \/>\nSi\u00f0fr\u00e6\u00f0i n\u00e1tt\u00farunnar<br \/>\nSi\u00f0fer\u00f0ilega \u00e1litam\u00e1l og s\u00e1lg\u00e6sla vi\u00f0 l\u00edfslok<br \/>\nMi\u00f0lun og menning<br \/>\nHlutverk d\u00f3mara og l\u00f6gmanna vi\u00f0 me\u00f0fer\u00f0 einka- og sakam\u00e1la<br \/>\nErf\u00f0at\u00e6kni, hverfi og samf\u00e9lag<br \/>\nSi\u00f0fr\u00e6\u00f0i og samskiptat\u00e6kni<span id=\"messageContent\"><br \/>\n<\/span><\/p>\n<p>A\u00f0 auki a\u00f0sto\u00f0arkennari \u00e1 \u00e1runum 1994-96 \u00ed inngangsn\u00e1mskei\u00f0um \u00ed si\u00f0fr\u00e6\u00f0i og r\u00f6kfr\u00e6\u00f0i vi\u00f0 H\u00e1sk\u00f3lann \u00ed Calgary, kennt n\u00e1mskei\u00f0 vi\u00f0 H\u00e1sk\u00f3lann \u00e1 Akureyri um starfstengda si\u00f0fr\u00e6\u00f0i, svo og haldi\u00f0 fyrirlestra \u00ed fj\u00f6lm\u00f6rgum n\u00e1mskei\u00f0um \u00ed H\u00cd s.s. \u00ed l\u00f6gfr\u00e6\u00f0i, f\u00e9lagsv\u00edsindum og hj\u00fakrunarfr\u00e6\u00f0um og haldi\u00f0 gestafyrirlestra \u00ed n\u00e1mskei\u00f0um vi\u00f0 Kennarah\u00e1sk\u00f3la \u00cdslands.<\/p>\n<p>Einnig komi\u00f0 a\u00f0 kennslu \u00ed \u00fdmsum n\u00e1mskei\u00f0um \u00ed EH\u00cd, s.s. \u00ed stj\u00f3rnunarn\u00e1mi L\u00f6greglusk\u00f3la \u00cdslands, n\u00e1mskei\u00f0i hj\u00e1 F\u00e9lagi fasteignasala svo d\u00e6mi s\u00e9u nefnd.<\/p>\n<p>Hefur veri\u00f0 lei\u00f0beinandi B.A. nema, M.A. nema \u00ed Hagn\u00fdtri si\u00f0fr\u00e6\u00f0i og Doktorsnema \u00ed Hagn\u00fdtri si\u00f0fr\u00e6\u00f0i vi\u00f0 H\u00e1sk\u00f3la \u00cdslands.<\/p>\n<p>&nbsp;<\/p>\n","protected":false},"excerpt":{"rendered":"<p>Kennsla vi\u00f0 H\u00e1sk\u00f3la \u00cdslandsHelstu kennslusvi\u00f0: Si\u00f0fr\u00e6\u00f0i, stj\u00f3rnm\u00e1laheimspeki og feminismi. N\u00e1mskei\u00f0 kennd a\u00f0 hluta e\u00f0a \u00f6llu leyti Heimspekileg forspjallsv\u00edsindi \/ Si\u00f0fr\u00e6\u00f0i \u00ed Hj\u00fakrunarfr\u00e6\u00f0ideild Hagn\u00fdtt Si\u00f0fr\u00e6\u00f0i M\u00e1lstofa \u00ed starfstengdri si\u00f0fr\u00e6\u00f0i \u00d6nnur kennsla Kenningar \u00ed kynjafr\u00e6\u00f0um Si\u00f0fer\u00f0ileg \u00e1litam\u00e1l og s\u00e1lg\u00e6sla vi\u00f0 l\u00edfslok \u00e1 vegum Endurmenntunar H.\u00cd. Si\u00f0fr\u00e6\u00f0i n\u00e1tt\u00farunnar Si\u00f0fer\u00f0ilega \u00e1litam\u00e1l og s\u00e1lg\u00e6sla vi\u00f0 l\u00edfslok Mi\u00f0lun og menning Hlutverk [&hellip;]<\/p>\n","protected":false},"author":630,"featured_media":0,"parent":0,"menu_order":0,"comment_status":"closed","ping_status":"closed","template":"","meta":{"footnotes":""},"class_list":["post-41","page","type-page","status-publish","hentry"],"_links":{"self":[{"href":"https:\/\/uni.hi.is\/salvorn\/wp-json\/wp\/v2\/pages\/41","targetHints":{"allow":["GET"]}}],"collection":[{"href":"https:\/\/uni.hi.is\/salvorn\/wp-json\/wp\/v2\/pages"}],"about":[{"href":"https:\/\/uni.hi.is\/salvorn\/wp-json\/wp\/v2\/types\/page"}],"author":[{"embeddable":true,"href":"https:\/\/uni.hi.is\/salvorn\/wp-json\/wp\/v2\/users\/630"}],"replies":[{"embeddable":true,"href":"https:\/\/uni.hi.is\/salvorn\/wp-json\/wp\/v2\/comments?post=41"}],"version-history":[{"count":15,"href":"https:\/\/uni.hi.is\/salvorn\/wp-json\/wp\/v2\/pages\/41\/revisions"}],"predecessor-version":[{"id":105,"href":"https:\/\/uni.hi.is\/salvorn\/wp-json\/wp\/v2\/pages\/41\/revisions\/105"}],"wp:attachment":[{"href":"https:\/\/uni.hi.is\/salvorn\/wp-json\/wp\/v2\/media?parent=41"}],"curies":[{"name":"wp","href":"https:\/\/api.w.org\/{rel}","templated":true}]}}