{"id":4,"date":"2013-06-25T13:57:18","date_gmt":"2013-06-25T13:57:18","guid":{"rendered":"http:\/\/uni.hi.is\/svala\/?page_id=4"},"modified":"2022-10-27T09:42:39","modified_gmt":"2022-10-27T09:42:39","slug":"about-svala","status":"publish","type":"page","link":"https:\/\/uni.hi.is\/svala\/","title":{"rendered":"<!--:en-->Um Sv\u00f6lu<!--:-->"},"content":{"rendered":"<p><!--:en-->\u00c9g heiti Svala Gu\u00f0mundsd\u00f3ttir og er pr\u00f3fessor \u00ed vi\u00f0skiptafr\u00e6\u00f0i vi\u00f0 H\u00e1sk\u00f3la \u00cdslands. Me\u00f0al \u00feeirra \u00e1fanga sem \u00e9g hef kennt m\u00e1 nefna mannau\u00f0sstj\u00f3rnun og breytingastj\u00f3rnun \u00ed grunnn\u00e1mi, meistaran\u00e1mi og MBA n\u00e1mi sk\u00f3lans.<\/p>\n<p>\u00c9g hef sj\u00e1lf starfa\u00f0 sem \u00fatsendur starfsma\u00f0ur \u00ed sj\u00f6 \u00e1r og auk \u00feess veri\u00f0 maki \u00fatsends starfsmanns \u00ed \u00f6nnur sj\u00f6 \u00e1r og \u00feekki \u00fev\u00ed af eigin reynslu \u00fe\u00e6r \u00f3l\u00edku kr\u00f6fur sem ger\u00f0ar eru til sl\u00edkra starfsmanna. \u00de\u00e1 hef \u00e9g framkv\u00e6mt fj\u00f6lmargar ranns\u00f3knir, me\u00f0al annars \u00e1 norr\u00e6num \u00fatsendum starfsm\u00f6nnum, \u00edslenskri \u00fej\u00f3\u00f0menningu, menningargreind og m\u00f6kum \u00fatsendra starfsmanna.<\/p>\n<p>\u00de\u00e1 var \u00e9g starfandi stj\u00f3rnarforma\u00f0ur Vi\u00f0skiptafr\u00e6\u00f0istofnunar H\u00e1sk\u00f3la \u00cdslands 2018-2021, varaforseti Vi\u00f0skiptafr\u00e6\u00f0ideildar- 2018-2020 og sat \u00ed stj\u00f3rn Listdanssk\u00f3la \u00cdslands 2017-2019.<\/p>\n<p>Vi\u00f0 kennslu hef \u00e9g haft a\u00f0 lei\u00f0arlj\u00f3si kenningar um j\u00e1kv\u00e6\u00f0a\u00a0hvatningu (<em>positive reinforcement theory<\/em>) \u00e1samt kenningum um vitr\u00e6na\u00a0\u00feekkingu (<em>cognitive theory). \u00a0<\/em>\u00c9g tel a\u00f0 me\u00f0 sam\u00fe\u00e6ttingu \u00feessara kenninga\u00a0aukist l\u00edkurnar \u00e1 \u00fev\u00ed a\u00f0 nemendur finni til innri hvatningar sem muni lei\u00f0a\u00a0til frekari forvitni og eftirgrennslan var\u00f0andi n\u00e1msefni\u00f0. \u00a0\u00c9g tel a\u00f0\u00a0mikilv\u00e6gt s\u00e9 a\u00f0 koma til m\u00f3ts vi\u00f0 mismunandi l\u00e6rd\u00f3msa\u00f0fer\u00f0ir nemenda og legg\u00a0\u00e9g s\u00e9rstaka \u00e1herslu \u00e1 fj\u00f6lbreytta kennsluh\u00e6tti. \u00a0Hef \u00e9g gjarnan haft or\u00f0\u00a0gr\u00edska heimspekingsins Nikos Kazantazakis a\u00f0 lei\u00f0arlj\u00f3si en \u00feau eru \u00e1 \u00feessa\u00a0lei\u00f0:<\/p>\n<p style=\"padding-left: 30px\">\u201eIdeal teachers are those who use themselves as bridges over which they\u00a0invite their students to cross, then having facilitated their crossing,\u00a0joyfully collapse, encouraging them to create bridges of their own\u201c.<\/p>\n<p>&nbsp;<\/p>\n<p><strong>N\u00e1msferill<\/strong><\/p>\n<p>Capella University (2006 - 2011).<\/p>\n<p style=\"padding-left: 30px\">PhD Organization and Management, Human Resource Management.<\/p>\n<p>Harvard University (2008-2009).<\/p>\n<p style=\"padding-left: 30px\">Organization Change Management.<\/p>\n<p>University of Surrey (2003-2004).<\/p>\n<p style=\"padding-left: 30px\">Ms.c. Human Resource Management.<\/p>\n<p>University of Reykjav\u00edk (1999-2002).<\/p>\n<p style=\"padding-left: 30px\">B.s. in Business Administration.<\/p>\n<p><!--:--><\/p>\n","protected":false},"excerpt":{"rendered":"<p>\u00c9g heiti Svala Gu\u00f0mundsd\u00f3ttir og er pr\u00f3fessor \u00ed vi\u00f0skiptafr\u00e6\u00f0i vi\u00f0 H\u00e1sk\u00f3la \u00cdslands. Me\u00f0al \u00feeirra \u00e1fanga sem \u00e9g hef kennt m\u00e1 nefna mannau\u00f0sstj\u00f3rnun og breytingastj\u00f3rnun \u00ed grunnn\u00e1mi, meistaran\u00e1mi og MBA n\u00e1mi sk\u00f3lans. \u00c9g hef sj\u00e1lf starfa\u00f0 sem \u00fatsendur starfsma\u00f0ur \u00ed sj\u00f6 \u00e1r og auk \u00feess veri\u00f0 maki \u00fatsends starfsmanns \u00ed \u00f6nnur sj\u00f6 \u00e1r og \u00feekki \u00fev\u00ed [&hellip;]<\/p>\n","protected":false},"author":128,"featured_media":0,"parent":0,"menu_order":1,"comment_status":"closed","ping_status":"closed","template":"","meta":{"footnotes":""},"class_list":["post-4","page","type-page","status-publish","hentry"],"_links":{"self":[{"href":"https:\/\/uni.hi.is\/svala\/wp-json\/wp\/v2\/pages\/4","targetHints":{"allow":["GET"]}}],"collection":[{"href":"https:\/\/uni.hi.is\/svala\/wp-json\/wp\/v2\/pages"}],"about":[{"href":"https:\/\/uni.hi.is\/svala\/wp-json\/wp\/v2\/types\/page"}],"author":[{"embeddable":true,"href":"https:\/\/uni.hi.is\/svala\/wp-json\/wp\/v2\/users\/128"}],"replies":[{"embeddable":true,"href":"https:\/\/uni.hi.is\/svala\/wp-json\/wp\/v2\/comments?post=4"}],"version-history":[{"count":27,"href":"https:\/\/uni.hi.is\/svala\/wp-json\/wp\/v2\/pages\/4\/revisions"}],"predecessor-version":[{"id":80,"href":"https:\/\/uni.hi.is\/svala\/wp-json\/wp\/v2\/pages\/4\/revisions\/80"}],"wp:attachment":[{"href":"https:\/\/uni.hi.is\/svala\/wp-json\/wp\/v2\/media?parent=4"}],"curies":[{"name":"wp","href":"https:\/\/api.w.org\/{rel}","templated":true}]}}