{"id":112,"date":"2013-03-01T22:30:35","date_gmt":"2013-03-01T22:30:35","guid":{"rendered":"http:\/\/uni.hi.is\/sye\/?page_id=112"},"modified":"2019-03-17T07:56:43","modified_gmt":"2019-03-17T07:56:43","slug":"fyrirlestrar","status":"publish","type":"page","link":"https:\/\/uni.hi.is\/sye\/fyrirlestrar-2\/fyrirlestrar\/","title":{"rendered":"<!--:en-->Veffyrirlestrar<!--:-->"},"content":{"rendered":"<p><!--:en--><\/p>\n<h2>Fyrirlestur um Sigur\u00f0 m\u00e1lara<\/h2>\n<p><a href=\"http:\/\/vimeo.com\/38922858\" target=\"_blank\" rel=\"noopener\">H\u00e9r<\/a> m\u00e1 sj\u00e1 og hlusta \u00e1 fyrirlestur um Sigur\u00f0 m\u00e1lara sem \u00e9g flutti 17. mars 2012.<\/p>\n<p><a href=\"http:\/\/uni.hi.is\/sye\/files\/2013\/03\/Safari1.png\"><img loading=\"lazy\" decoding=\"async\" src=\"http:\/\/uni.hi.is\/sye\/files\/2013\/03\/Safari1.png\" alt=\"\" width=\"565\" height=\"281\" \/><\/a><!--:--><\/p>\n","protected":false},"excerpt":{"rendered":"<p>Fyrirlestur um Sigur\u00f0 m\u00e1lara H\u00e9r m\u00e1 sj\u00e1 og hlusta \u00e1 fyrirlestur um Sigur\u00f0 m\u00e1lara sem \u00e9g flutti 17. mars 2012.<\/p>\n","protected":false},"author":124,"featured_media":0,"parent":161,"menu_order":1,"comment_status":"closed","ping_status":"closed","template":"onecolumn-page.php","meta":{"footnotes":""},"class_list":["post-112","page","type-page","status-publish","hentry"],"_links":{"self":[{"href":"https:\/\/uni.hi.is\/sye\/wp-json\/wp\/v2\/pages\/112","targetHints":{"allow":["GET"]}}],"collection":[{"href":"https:\/\/uni.hi.is\/sye\/wp-json\/wp\/v2\/pages"}],"about":[{"href":"https:\/\/uni.hi.is\/sye\/wp-json\/wp\/v2\/types\/page"}],"author":[{"embeddable":true,"href":"https:\/\/uni.hi.is\/sye\/wp-json\/wp\/v2\/users\/124"}],"replies":[{"embeddable":true,"href":"https:\/\/uni.hi.is\/sye\/wp-json\/wp\/v2\/comments?post=112"}],"version-history":[{"count":13,"href":"https:\/\/uni.hi.is\/sye\/wp-json\/wp\/v2\/pages\/112\/revisions"}],"predecessor-version":[{"id":925,"href":"https:\/\/uni.hi.is\/sye\/wp-json\/wp\/v2\/pages\/112\/revisions\/925"}],"up":[{"embeddable":true,"href":"https:\/\/uni.hi.is\/sye\/wp-json\/wp\/v2\/pages\/161"}],"wp:attachment":[{"href":"https:\/\/uni.hi.is\/sye\/wp-json\/wp\/v2\/media?parent=112"}],"curies":[{"name":"wp","href":"https:\/\/api.w.org\/{rel}","templated":true}]}}