{"id":19,"date":"2018-05-31T13:27:29","date_gmt":"2018-05-31T13:27:29","guid":{"rendered":"http:\/\/uni.hi.is\/thorstur\/?page_id=19"},"modified":"2018-05-31T13:35:44","modified_gmt":"2018-05-31T13:35:44","slug":"upplysingar-information","status":"publish","type":"page","link":"https:\/\/uni.hi.is\/thorstur\/","title":{"rendered":"Uppl\u00fdsingar \/ Information"},"content":{"rendered":"<p>Fr\u00e9ttir af ranns\u00f3knum og \u00e1hugaver\u00f0u efni tengdu umhverfis-v\u00edsindum:<br \/>\n<a title=\"Ranns\u00f3knir \u00derastar\" href=\"http:\/\/ThrosturTh.wordpress.com\" target=\"_blank\" rel=\"noopener\">http:\/\/<strong>ThrosturTh.wordpress.com<\/strong><\/a><\/p>\n<p>N\u00fdjustu fr\u00e9ttir birtast h\u00e9r til hli\u00f0ar (sem RSS straumar).<\/p>\n<p>Einnig nota \u00e9g stundum\u00a0<a href=\"http:\/\/twitter.com\/TThorsteins\" target=\"_blank\" rel=\"noopener\">http:\/\/<strong>twitter.com\/TThorsteins<\/strong><\/a><\/p>\n<p>Uppl\u00fdsingar um verkefni og ranns\u00f3knir m\u00ednar eru \u00e1 s\u00ed\u00f0unni:<br \/>\n<a title=\"Research.turdus.net\" href=\"http:\/\/research.turdus.net\" target=\"_blank\" rel=\"noopener\">http:\/\/Research.turdus.net<\/a><\/p>\n<p><em>(English below)<\/em><\/p>\n<hr \/>\n<p>&nbsp;<\/p>\n<p>News about my research and information related to Environment and Natural Resources I post at:<br \/>\n<a title=\"EnvNatRes.wordpress.com\" href=\"http:\/\/EnvNatRes.wordpress.com\" target=\"_blank\" rel=\"noopener\">http:\/\/<strong>EnvNatRes.wordpress.com<\/strong><\/a><\/p>\n<p>Examples appear to the right as RSS-feed.<\/p>\n<p>Also on <a href=\"http:\/\/twitter.com\/throstho\" target=\"_blank\" rel=\"noopener\"><strong>twitter.com\/throstho<\/strong><\/a><\/p>\n<p>Information about my research can be found at:<br \/>\n<a title=\"Research.turdus.net\" href=\"http:\/\/research.turdus.net\" target=\"_blank\" rel=\"noopener\">http:\/\/Research.turdus.net<\/a><\/p>\n","protected":false},"excerpt":{"rendered":"<p>Fr\u00e9ttir af ranns\u00f3knum og \u00e1hugaver\u00f0u efni tengdu umhverfis-v\u00edsindum: http:\/\/ThrosturTh.wordpress.com N\u00fdjustu fr\u00e9ttir birtast h\u00e9r til hli\u00f0ar (sem RSS straumar). Einnig nota \u00e9g stundum\u00a0http:\/\/twitter.com\/TThorsteins Uppl\u00fdsingar um verkefni og ranns\u00f3knir m\u00ednar eru \u00e1 s\u00ed\u00f0unni: http:\/\/Research.turdus.net (English below) &nbsp; News about my research and information related to Environment and Natural Resources I post at: http:\/\/EnvNatRes.wordpress.com Examples appear to the [&hellip;]<\/p>\n","protected":false},"author":295,"featured_media":0,"parent":0,"menu_order":0,"comment_status":"closed","ping_status":"closed","template":"","meta":{"footnotes":""},"class_list":["post-19","page","type-page","status-publish","hentry"],"_links":{"self":[{"href":"https:\/\/uni.hi.is\/thorstur\/wp-json\/wp\/v2\/pages\/19","targetHints":{"allow":["GET"]}}],"collection":[{"href":"https:\/\/uni.hi.is\/thorstur\/wp-json\/wp\/v2\/pages"}],"about":[{"href":"https:\/\/uni.hi.is\/thorstur\/wp-json\/wp\/v2\/types\/page"}],"author":[{"embeddable":true,"href":"https:\/\/uni.hi.is\/thorstur\/wp-json\/wp\/v2\/users\/295"}],"replies":[{"embeddable":true,"href":"https:\/\/uni.hi.is\/thorstur\/wp-json\/wp\/v2\/comments?post=19"}],"version-history":[{"count":4,"href":"https:\/\/uni.hi.is\/thorstur\/wp-json\/wp\/v2\/pages\/19\/revisions"}],"predecessor-version":[{"id":25,"href":"https:\/\/uni.hi.is\/thorstur\/wp-json\/wp\/v2\/pages\/19\/revisions\/25"}],"wp:attachment":[{"href":"https:\/\/uni.hi.is\/thorstur\/wp-json\/wp\/v2\/media?parent=19"}],"curies":[{"name":"wp","href":"https:\/\/api.w.org\/{rel}","templated":true}]}}