{"id":47,"date":"2020-02-19T12:31:51","date_gmt":"2020-02-19T12:31:51","guid":{"rendered":"http:\/\/uni.hi.is\/unnurk\/?page_id=47"},"modified":"2020-03-25T23:43:52","modified_gmt":"2020-03-25T23:43:52","slug":"fyrirlestrar","status":"publish","type":"page","link":"https:\/\/uni.hi.is\/unnurk\/fyrirlestrar\/","title":{"rendered":"Fyrirlestrar"},"content":{"rendered":"<p data-adtags-visited=\"true\"><span style=\"font-family: georgia, palatino, serif;font-size: 12pt\">\u201eUmhverfissagnfr\u00e6\u00f0i sem a\u00f0fer\u00f0 \u00ed ranns\u00f3knum \u00e1 samb\u00fa\u00f0 manns og villtra d\u00fdra \u00e1 \u00cdslandi.\u201c Fyrirlestur haldinn \u00e1 m\u00e1l\u00feingi \u00e1 Skagastr\u00f6nd hj\u00e1 Ranns\u00f3knasetri H\u00e1sk\u00f3la \u00cdslands \u00e1 Nor\u00f0urlandi vestra \u00feann 13. apr\u00edl 2019 undir yfirskriftinni: Selir og samf\u00e9lag vi\u00f0 H\u00fanafl\u00f3a \u00ed fort\u00ed\u00f0, samt\u00ed\u00f0 og framt\u00ed\u00f0.<\/span><\/p>\n<p data-adtags-visited=\"true\"><span style=\"font-family: georgia, palatino, serif;font-size: 12pt\">\u201eHafa villt d\u00fdr r\u00e9ttindi? Spjall um umhverfiss\u00f6gulega ranns\u00f3kn \u00e1 samb\u00fa\u00f0 manns og villtra d\u00fdra \u00e1 \u00cdslandi..\u201c Fyrirlestur haldinn \u00e1 \u00e1rsfundi Stofnunar ranns\u00f3knasetra H\u00e1sk\u00f3la \u00cdslands, \u00e1 Laugarvatni 28. mars 2019.<\/span><\/p>\n<p><span style=\"font-family: georgia, palatino, serif;font-size: 12pt\">\u201eAfkynjanir og vananir\" - L\u00f6g um \u00f3frj\u00f3semisa\u00f0ger\u00f0ir; \u00ed hugmynd og framkv\u00e6md \u00e1rin 1938-1975.\u201c Fyrirlestur haldinn \u00ed \u00dej\u00f3\u00f0menningarh\u00fasinu vi\u00f0 Hverfisg\u00f6tu 6. okt. 2018 \u00e1 vegum F\u00e9lags \u00e1hugamanna um s\u00f6gu l\u00e6knisfr\u00e6\u00f0innar.<\/span><\/p>\n<p><span style=\"font-family: georgia, palatino, serif;font-size: 12pt\">\u201eHreppsvei\u00f0ar og sportvei\u00f0ar \u00e1 hreind\u00fdrum 1954-1972.\u201c Fyrirlestur haldinn 24. ma\u00ed 2018 \u00e1 r\u00e1\u00f0stefnu undir yfirskriftinni \u201eMe\u00f0 \u00f6r\u00e6fin \u00ed bakgar\u00f0inum\u201c sem haldin var \u00e1 H\u00f3tel H\u00e9ra\u00f0i \u00e1 Egilsst\u00f6\u00f0um \u00e1 vegum Ranns\u00f3knaseturs H\u00e1sk\u00f3la \u00cdslands \u00e1 Austurlandi.<\/span><\/p>\n<p><span style=\"font-family: georgia, palatino, serif;font-size: 12pt\">\u201eTeaching culture in times of multicultural tourism in Iceland and the question; how to avoid common generalizations and cliches without killing all the fun.\u201c Fyrirlestur haldinn \u00e1 m\u00e1l\u00feinginu \u201eCommunicating Cultures and Languages: Chinese-Icelandic Perspectives and Experiences\u201c sem haldi\u00f0 var 4. j\u00fan\u00ed 2018 \u00ed Beijing Foreign Studies University \u00e1 vegum \u00feess h\u00e1sk\u00f3la \u00ed samstarfi vi\u00f0 H\u00e1sk\u00f3la \u00cdslands.<\/span><\/p>\n<p><span style=\"font-family: georgia, palatino, serif;font-size: 12pt\">\u201e\u00d6r\u00e6fab\u00f6rn. Vi\u00f0horf til hreind\u00fdra \u00e1 \u00cdslandi \u00e1 18. og 19. \u00f6ld.\u201c Fyrirlestur haldinn 4. apr\u00edl 2017 \u00ed h\u00e1degisfyrirlestrar\u00f6\u00f0 Sagnfr\u00e6\u00f0ingaf\u00e9lags \u00cdslands \u00ed fyrirlestrarsal \u00dej\u00f3\u00f0minjasafnsins.<\/span><\/p>\n<p><span style=\"font-family: georgia, palatino, serif;font-size: 12pt\">\u201eThe rural East: Identity and Reputation.\u201c Fyrirlestur fluttur 24. ma\u00ed \u00e1 \u201eNordic Ruralities. Crisis and recilience\u201c, \u00e1 fj\u00f3r\u00f0u r\u00e1\u00f0stefnunni um bygg\u00f0aranns\u00f3knir, 4th Nordic Conference for Rural Research, sem haldin var \u00e1 Akureyri 22.-24. ma\u00ed 2016.<\/span><\/p>\n<p><span style=\"font-family: georgia, palatino, serif;font-size: 12pt\">\u201eHreind\u00fdr og menn. Ranns\u00f3kn \u00e1 s\u00f6gu hreind\u00fdra \u00e1 \u00cdslandi.\u201c Fyrirlestur fluttur \u00e1 \u00e1rsfundi Stofnunar ranns\u00f3knasetra H\u00e1sk\u00f3la \u00cdslands \u00ed Stykkish\u00f3lmi 15. apr\u00edl 2016.<\/span><\/p>\n<p><span style=\"font-family: georgia, palatino, serif;font-size: 12pt\">\u201eFa\u00f0mv\u00ed\u00f0 og fjallabl\u00e1. Um lei\u00f0angur \u00e1 hreind\u00fdrasl\u00f3\u00f0ir \u00ed Kringils\u00e1rrana 1939-1944.\u201c Fyrirlestur fluttur 12. mars 2016 \u00e1 Hugv\u00edsinda\u00feingi \u00ed H\u00e1sk\u00f3la \u00cdslands \u00e1 m\u00e1lstofunni <em>V\u00ed\u00f0\u00e1ttur og villid\u00fdr<\/em>.<\/span><\/p>\n<p data-adtags-visited=\"true\"><span style=\"font-family: georgia, palatino, serif;font-size: 12pt\">\u201e\u201eM\u00e1lsvari n\u00e1tt\u00farunnar\u201c. Um n\u00e1tt\u00faruverndarhugmyndir Gu\u00f0mundar P\u00e1ls \u00d3lafssonar.\u201c Flutt \u00e1 m\u00e1lstofu \u00ed minningu Gu\u00f0mundar P\u00e1ls \u00d3lafssonar \u00e1 Hugv\u00edsinda\u00feingi, sem haldin var \u00ed H\u00e1sk\u00f3la \u00cdslands 14. mars 2014.<\/span><\/p>\n<p data-adtags-visited=\"true\"><span style=\"font-family: georgia, palatino, serif;font-size: 12pt\">\u201eN\u00e1tt\u00fara minninganna. Um n\u00e1tt\u00farus\u00fdn \u00ed fer\u00f0as\u00f6gum 19. aldar fer\u00f0alanga \u00e1 \u00cdslandi.\u201c Fyrirlestur fluttur 8. j\u00fan\u00ed 2012 \u00e1 S\u00f6gu\u00feingi \u00e1 m\u00e1lstofunni \u201cSagnfr\u00e6\u00f0i, n\u00e1tt\u00fara, umhverfism\u00e1l\u201d, sem haldi\u00f0 var \u00ed H\u00e1sk\u00f3la \u00cdslands 2012.<\/span><\/p>\n<p data-adtags-visited=\"true\"><span style=\"font-family: georgia, palatino, serif;font-size: 12pt\">\u201eNature and memory: The importance of taking the impact of culture seriously in environmental policy making, as a factor in human relation and interaction with nature.\u201c Fyrirlestur haldin 16. ma\u00ed 2012 \u00e1 r\u00e1\u00f0stefnunni Environmental policy-making in a dynamic world sem haldin var dagana 16.-18. ma\u00ed \u00e1 H\u00f6fn \u00ed Hornafir\u00f0i og 19. ma\u00ed \u00ed Reykjav\u00edk.<\/span><\/p>\n<p data-adtags-visited=\"true\"><span style=\"font-family: georgia, palatino, serif;font-size: 12pt\">\u201e\u00c1 sl\u00f3\u00f0um Sigr\u00ed\u00f0ar \u00ed Brattholti. Um fossm\u00e1li\u00f0 og t\u00e1knr\u00e6nt gildi Gullfoss \u00ed \u00edslenskri n\u00e1tt\u00farus\u00fdn.\u201c Fyrirlestur haldinn \u00e1 H\u00f3tel Gullfossi, \u00ed Brattholti \u00ed Biskupstungum, 29. ma\u00ed 2011.<\/span><\/p>\n<p data-adtags-visited=\"true\"><span style=\"font-family: georgia, palatino, serif;font-size: 12pt\">\u201eN\u00e1tt\u00fara sem vettvangur \u00fativistar. Safn \u2013 heimasv\u00e6\u00f0i \u2013 leikvangur.\u201d Fyrirlestur haldinn \u00ed Landsvirkjun 10. ma\u00ed 2011.<\/span><\/p>\n<p data-adtags-visited=\"true\"><span style=\"font-family: georgia, palatino, serif;font-size: 12pt\">\u201eHuglei\u00f0ingar um \u00edslenska n\u00e1tt\u00faru sem heimildir n\u00e1tt\u00faruv\u00edsindanna og um \u00fe\u00fd\u00f0ingu \u00feess a\u00f0 skilja a\u00f0 n\u00e1tt\u00farufr\u00e6\u00f0i skiptir m\u00e1li.\u201d Flutt \u00e1 \u00e1rsfundi N\u00e1tt\u00farufr\u00e6\u00f0istofnunar \u00cdslands 1. apr\u00edl 2011.<\/span><\/p>\n<p data-adtags-visited=\"true\"><span style=\"font-family: georgia, palatino, serif;font-size: 12pt\">\u201eVisthverfing hugarfarsins. Um umr\u00e6\u00f0u um n\u00e1tt\u00faruvernd og umhverfism\u00e1l \u00e1 \u00cdslandi.\u201d Fyrirlestur fluttur \u00e1 m\u00e1lstofunni Umhverfism\u00e1l \u00e1 n\u00fdrri \u00f6ld sem haldin var \u00e1 Hugv\u00edsinda\u00feingi H\u00e1sk\u00f3la \u00cdslands 25. mars 2011.<\/span><\/p>\n<p data-adtags-visited=\"true\"><span style=\"font-family: georgia, palatino, serif;font-size: 12pt\">\u201eUm hina \u00edslensku n\u00e1tt\u00faruvernd, \u00e1litam\u00e1l og \u00fdmislegt athyglisvert \u00ed s\u00f6gu \u00edslenskrar virkjunarstefnu.\u201d Erindi flutt \u00e1 b\u00f3kakv\u00f6ldi Framt\u00ed\u00f0arlandsins \u00ed B\u00ed\u00f3 Parad\u00eds 1. mars 2011.<\/span><\/p>\n<p data-adtags-visited=\"true\"><span style=\"font-family: georgia, palatino, serif;font-size: 12pt\">\u201eG\u00f3\u00f0kynja \u00cdslendingar. Hugmyndir \u00e1 fyrri hluta 20. aldar um mannkynb\u00f3tastefnu \u00ed framkv\u00e6md.\u201d Fyrirlestur haldinn \u00e1 Safnan\u00f3tt \u00e1 \u00dej\u00f3\u00f0skjalasafni \u00cdslands 11. febr. 2011.<\/span><\/p>\n<p data-adtags-visited=\"true\"><span style=\"font-family: georgia, palatino, serif;font-size: 12pt\">\u201eNature worth seeing. The tourist-gaze as a factor in shaping ideas of nature in Iceland 1900-2010.\u201c Flutt \u00e1 r\u00e1\u00f0stefnunni Practicing Nature-Based Tourism \u00ed Listasafni Reykjav\u00edkur 5. febr. 2011.<\/span><\/p>\n<p data-adtags-visited=\"true\"><span style=\"font-family: georgia, palatino, serif;font-size: 12pt\">\u201eFari\u00f0 \u00ed gegnum minningar um sj\u00f6 m\u00e1na\u00f0a fer\u00f0alag \u00ed \u00cdsrael fyrir tuttugu og \u00ferem \u00e1rum \u00e1 sj\u00f6 bla\u00f0s\u00ed\u00f0um.\u201c Fyrirlestur haldinn \u00e1 \u00dej\u00f3\u00f0skjalasafni \u00cdslands 10. des. 2010.<\/span><\/p>\n<p data-adtags-visited=\"true\"><span style=\"font-family: georgia, palatino, serif;font-size: 12pt\">\u201eN\u00e1tt\u00farus\u00fdn og n\u00fdting fallvatna.\u201c Fyrirlestur haldinn \u00e1 \u00e1rsfundi S\u00f6guf\u00e9lags \u00ed Reykjav\u00edk 23. okt. 2010.<\/span><\/p>\n<p data-adtags-visited=\"true\"><span style=\"font-family: georgia, palatino, serif;font-size: 12pt\">\u201eIceland and the \u2018North\u2019 \u2013 an Idea of belonging and being apart.\u201c Flutt og lagt fram \u00e1 m\u00e1l\u00feingi samvinnuh\u00f3ps norr\u00e6nna umhverfissagnfr\u00e6\u00f0inga (the Nordic Environmental History Network (NEHN) \u00ed Stokkh\u00f3lmi 14. okt. 2010.<\/span><\/p>\n<p data-adtags-visited=\"true\"><span style=\"font-family: georgia, palatino, serif;font-size: 12pt\">\u201eThe Importance of Nature in Icelandic National Identity.\u201c Fyrirlestur haldinn hj\u00e1 H\u00e1sk\u00f3lasetri Vestfjar\u00f0a \u00e1 \u00cdsafir\u00f0i, 4. okt. 2010.<\/span><\/p>\n<p data-adtags-visited=\"true\"><span style=\"font-family: georgia, palatino, serif;font-size: 12pt\">\u201eA\u00f0 n\u00fdta og nj\u00f3ta \u2013 tv\u00edstefnan \u00ed \u00edslenskri n\u00e1tt\u00farus\u00fdn.\u201c Fyrirlestur haldinn \u00e1 \u00e1rsfundi fr\u00e6\u00f0asetra H\u00e1sk\u00f3la \u00cdslands \u00e1 H\u00f6fn \u00ed Hornafir\u00f0i, 27. sept. 2010.<\/span><\/p>\n<p data-adtags-visited=\"true\"><span style=\"font-family: georgia, palatino, serif;font-size: 12pt\">\u201eA\u00f0 rannsaka vi\u00f0horf \u00fej\u00f3\u00f0ar til n\u00e1tt\u00faru. Fr\u00e6\u00f0ileg \u00e1litam\u00e1l, efnisval og a\u00f0fer\u00f0afr\u00e6\u00f0i.\u201d Flutt til varnar doktorsranns\u00f3knar minnar um n\u00e1tt\u00farus\u00fdn og virkjanir, \u00ed H\u00e1sk\u00f3la \u00cdslands 11. j\u00fan\u00ed 2010.<\/span><\/p>\n<p data-adtags-visited=\"true\"><span style=\"font-family: georgia, palatino, serif;font-size: 12pt\">\u201e\u00cdsland \u2013 n\u00e1tt\u00faran \u2013 umheimurinn.\u201c Fyrirlestur haldinn \u00e1 opnu m\u00e1l\u00feingi Fr\u00e6\u00f0aseturs H\u00e1sk\u00f3la \u00cdslands \u00e1 Skagastr\u00f6nd, 24. apr\u00edl 2010.<\/span><\/p>\n<p data-adtags-visited=\"true\"><span style=\"font-family: georgia, palatino, serif;font-size: 12pt\">\u201e\u00dear sem fossarnir falla. Um n\u00e1tt\u00farus\u00fdn og n\u00fdtingu fallvatna.\u201c Fyrirlestur haldinn \u00ed Akureyrarakadem\u00edunni \u00e1 Akureyri 13. des. 2007.<\/span><\/p>\n<p data-adtags-visited=\"true\"><span style=\"font-family: georgia, palatino, serif;font-size: 12pt\">\u201eN\u00e1tt\u00faruvernd \u00e1 \u00cdslandi \u00ed s\u00f6gulegu lj\u00f3si.\u201c Fyrirlestur haldinn 12. okt\u00f3ber \u00e1 Umhverfis\u00feingi, haldi\u00f0 12-13 okt. 2007 \u00e1 H\u00f3tel Nordica \u00ed Reykjav\u00edk.<\/span><\/p>\n<p data-adtags-visited=\"true\"><span style=\"font-family: georgia, palatino, serif;font-size: 12pt\">\u201eHydropower Projects and Nature Conservation in Iceland. Conflicts and Controversies.\u201c Fyrirlestur haldinn 11. \u00e1g\u00fast \u00e1 \u00feingi norr\u00e6nna sagnfr\u00e6\u00f0inga (the Nordic History Congress) \u00ed Reykjav\u00edk, 8.-12. \u00e1g\u00fast 2007.<\/span><\/p>\n<p data-adtags-visited=\"true\"><span style=\"font-family: georgia, palatino, serif;font-size: 12pt\">\u201eMan, Nature and Environmental history.\u201c Fyrirlestur haldinn 12. \u00e1g\u00fast \u00e1 \u00feingi norr\u00e6nna sagnfr\u00e6\u00f0inga (the Nordic History Congress) \u00ed Reykjav\u00edk, 8.-12. \u00e1g\u00fast 2007.<\/span><\/p>\n<p data-adtags-visited=\"true\"><span style=\"font-family: georgia, palatino, serif;font-size: 12pt\">\u201eLandn\u00e1m i\u00f0nv\u00e6\u00f0ingar \u2013 \u00f6r\u00e6fi og virkjanir. Um vi\u00f0horf til h\u00e1lendisins \u00ed umr\u00e6\u00f0u um virkjanir \u00e1 20. \u00f6ld.\u201c Fyrirlestur haldinn 3. j\u00fan\u00ed \u00e1 landsbygg\u00f0ar\u00e1\u00f0stefnu Sagnfr\u00e6\u00f0ingaf\u00e9lags \u00cdslands og F\u00e9lags \u00fej\u00f3\u00f0fr\u00e6\u00f0inga \u00e1 \u00cdslandi \u00e1 Heklusetri, Leirubakka \u00ed Landsveit 1.-3. j\u00fan\u00ed 2007.<\/span><\/p>\n<p data-adtags-visited=\"true\"><span style=\"font-family: georgia, palatino, serif;font-size: 12pt\">\u201eGl\u00edmt vi\u00f0 landi\u00f0 \u00ed samkeppnisheimi \u2013 deilan um \u00dej\u00f3rs\u00e1rver 1959-1981.\u201c Fyrirlestur haldinn \u00ed A\u00f0albyggingu H\u00e1sk\u00f3la \u00cdslands \u00e1 Hugv\u00edsinda\u00feingi 4. n\u00f3v. 2006 (seinni hluti fyrirlestrar um virkjanastefnu og n\u00e1tt\u00faruvernd kringum 1970. Fyrri hluti fluttur af Gu\u00f0mundi H\u00e1lfdanarsyni pr\u00f3fessor \u00ed sagnfr\u00e6\u00f0i vi\u00f0 H\u00e1sk\u00f3la \u00cdslands.)<\/span><\/p>\n<p data-adtags-visited=\"true\"><span style=\"font-family: georgia, palatino, serif;font-size: 12pt\">\u201eMan and Nature in Iceland; Coexistence and Controversy.\u201c Fyrirlestur haldinn \u00e1 r\u00e1\u00f0stefnunni \u201cThinking through the Environment\u201d. Nordic Environmental History Conference 15-17. sept. 2005. Turku\/\u00c5bo, Finnlandi.<\/span><\/p>\n<p data-adtags-visited=\"true\"><span style=\"font-family: georgia, palatino, serif;font-size: 12pt\">\u201eAf hamrinum fram. Vi\u00f0horf til n\u00e1tt\u00faruverndar og vatnsaflsn\u00fdtingar \u00e1 \u00cdslandi fr\u00e1 aldam\u00f3tum 1900 til loka sj\u00f6unda \u00e1ratugarins.\u201c Fyrirlestur haldinn \u00ed h\u00e1t\u00ed\u00f0asal H\u00e1sk\u00f3la \u00cdslands 25. sept. 2004 \u00e1 m\u00e1l\u00feingi um ranns\u00f3knina Forsendur sj\u00e1lfb\u00e6rrar \u00fer\u00f3unar \u00ed \u00edslensku samf\u00e9lagi.<\/span><\/p>\n<p data-adtags-visited=\"true\"><span style=\"font-family: georgia, palatino, serif;font-size: 12pt\">\u201eThe Women\u2019s List in North Iceland 1982-1986.\u201c Fyrirlestur fluttur \u00ed A\u00f0albyggingu H.\u00cd., \u00e1 r\u00e1\u00f0stefnunni: Kvinnor\u00f6relser \u2013 inspiration, intervention och irritation, \u00ed Reykjav\u00edk 10.-12. j\u00fan\u00ed 2004.<\/span><\/p>\n<p data-adtags-visited=\"true\"><span style=\"font-family: georgia, palatino, serif;font-size: 12pt\">\u201eA\u00f0 heimila \u00ed vi\u00f0eigandi tilfellum a\u00f0 koma \u00ed veg fyrir a\u00f0 f\u00f3lk auki kyn sitt.\u201c Fyrirlestur fluttur \u00ed r\u00e1\u00f0stefnusal Barnasp\u00edtala Hringsins 11. feb. 2004, \u00e1 vegum F\u00e9lags \u00e1hugamanna um s\u00f6gu l\u00e6knisfr\u00e6\u00f0innar.<\/span><\/p>\n<p data-adtags-visited=\"true\"><span style=\"font-family: georgia, palatino, serif;font-size: 12pt\">\u201eMa\u00f0ur \u00edslenskur. Hugmyndir um samband \u00edslensks \u00fej\u00f3\u00f0ernis og kyn\u00fe\u00e1ttar.\u201c Fyrirlestur fluttur \u00ed Norr\u00e6na h\u00fasinu 19. feb. 2002 \u00ed fyrirlestrarr\u00f6\u00f0 Sagnfr\u00e6\u00f0ingaf\u00e9lags \u00cdslands.<\/span><\/p>\n<p data-adtags-visited=\"true\"><span style=\"font-family: georgia, palatino, serif;font-size: 12pt\">\u201eRasismi \u00ed nor\u00f0ur\u00e1lfu. Um nokkur birtingarform rasisma \u00ed samt\u00edmanum og \u00f3vild \u00ed gar\u00f0 \u00fatlendinga.\u201c Fyrirlestur haldinn \u00e1 \u00dej\u00f3\u00f0h\u00e1t\u00ed\u00f0arm\u00e1l\u00feingi Reykjav\u00edkur-Akadem\u00edunnar 16. j\u00fan\u00ed 2001.<\/span><\/p>\n<p data-adtags-visited=\"true\"><span style=\"font-family: georgia, palatino, serif;font-size: 12pt\">\u201eArfger\u00f0 vor.\u201c Fyrirlestur fluttur \u00ed Odda 11. ma\u00ed 2000, \u00e1 n\u00e1mskei\u00f0i \u00e1 vegum Endurmenntunarstofnunar H\u00e1sk\u00f3la \u00cdslands.<\/span><br \/>\n<span style=\"font-family: georgia, palatino, serif;font-size: 12pt\">\u201eVi\u00f0horf arfb\u00f3tasinna til mannsins og hugmyndir \u00feeirra um hlutverk erf\u00f0afr\u00e6\u00f0innar.\u201c Fyrirlestur fluttur \u00e1 Hugv\u00edsinda\u00feingi \u00ed H\u00e1sk\u00f3la \u00cdslands \u00ed okt\u00f3ber 1999.<\/span><\/p>\n<p data-adtags-visited=\"true\"><span style=\"font-family: georgia, palatino, serif;font-size: 12pt\">\u201eMannkynb\u00f3tastefna: Af hverju kemur h\u00fan okkur vi\u00f0?\u201c Flutt \u00e1 S\u00f6gu\u00feingi \u00ed H\u00e1sk\u00f3la \u00cdslands 28.-31 ma\u00ed 1997.<\/span><\/p>\n<p data-adtags-visited=\"true\"><span style=\"font-family: georgia, palatino, serif;font-size: 12pt\">\u201eKvennaframbo\u00f0i\u00f0 \u00e1 Akureyri. T\u00edmabundin a\u00f0ger\u00f0 e\u00f0a uppgj\u00f6f?\u201c Flutt \u00e1 r\u00e1\u00f0stefnu um konur og sveitarstj\u00f3rnarm\u00e1l \u00e1 Akureyri \u00ed \u00e1g\u00fast 1997.<\/span><\/p>\n<p data-adtags-visited=\"true\"><span style=\"font-family: georgia, palatino, serif;font-size: 12pt\">\u201eSau\u00f0a\u00fej\u00f3fna\u00f0ur. Vitnisbur\u00f0ur um l\u00edfsbar\u00e1ttu og vi\u00f0horf li\u00f0ins t\u00edma.\u201c Fyrirlestur fluttur \u00e1 a\u00f0alfundi S\u00f6guf\u00e9lags Eyjafjar\u00f0ar \u00ed desember 1996.<\/span><\/p>\n<p data-adtags-visited=\"true\"><span style=\"font-family: georgia, palatino, serif;font-size: 12pt\">\u201eF\u00f3sturey\u00f0ingal\u00f6ggj\u00f6f og \u00e1hrif kvennabar\u00e1ttu \u00e1 hana?\u201c Erindi flutt hj\u00e1 Sagnfr\u00e6\u00f0ingaf\u00e9lagi \u00cdslands \u00ed mars 1994.<\/span><\/p>\n","protected":false},"excerpt":{"rendered":"<p>\u201eUmhverfissagnfr\u00e6\u00f0i sem a\u00f0fer\u00f0 \u00ed ranns\u00f3knum \u00e1 samb\u00fa\u00f0 manns og villtra d\u00fdra \u00e1 \u00cdslandi.\u201c Fyrirlestur haldinn \u00e1 m\u00e1l\u00feingi \u00e1 Skagastr\u00f6nd hj\u00e1 Ranns\u00f3knasetri H\u00e1sk\u00f3la \u00cdslands \u00e1 Nor\u00f0urlandi vestra \u00feann 13. apr\u00edl 2019 undir yfirskriftinni: Selir og samf\u00e9lag vi\u00f0 H\u00fanafl\u00f3a \u00ed fort\u00ed\u00f0, samt\u00ed\u00f0 &hellip; <a href=\"https:\/\/uni.hi.is\/unnurk\/fyrirlestrar\/\">Halda \u00e1fram a\u00f0 lesa <span class=\"meta-nav\">&rarr;<\/span><\/a><\/p>\n","protected":false},"author":1539,"featured_media":0,"parent":0,"menu_order":4,"comment_status":"closed","ping_status":"closed","template":"","meta":{"footnotes":""},"class_list":["post-47","page","type-page","status-publish","hentry"],"_links":{"self":[{"href":"https:\/\/uni.hi.is\/unnurk\/wp-json\/wp\/v2\/pages\/47","targetHints":{"allow":["GET"]}}],"collection":[{"href":"https:\/\/uni.hi.is\/unnurk\/wp-json\/wp\/v2\/pages"}],"about":[{"href":"https:\/\/uni.hi.is\/unnurk\/wp-json\/wp\/v2\/types\/page"}],"author":[{"embeddable":true,"href":"https:\/\/uni.hi.is\/unnurk\/wp-json\/wp\/v2\/users\/1539"}],"replies":[{"embeddable":true,"href":"https:\/\/uni.hi.is\/unnurk\/wp-json\/wp\/v2\/comments?post=47"}],"version-history":[{"count":2,"href":"https:\/\/uni.hi.is\/unnurk\/wp-json\/wp\/v2\/pages\/47\/revisions"}],"predecessor-version":[{"id":244,"href":"https:\/\/uni.hi.is\/unnurk\/wp-json\/wp\/v2\/pages\/47\/revisions\/244"}],"wp:attachment":[{"href":"https:\/\/uni.hi.is\/unnurk\/wp-json\/wp\/v2\/media?parent=47"}],"curies":[{"name":"wp","href":"https:\/\/api.w.org\/{rel}","templated":true}]}}