{"id":59,"date":"2020-02-19T12:58:16","date_gmt":"2020-02-19T12:58:16","guid":{"rendered":"http:\/\/uni.hi.is\/unnurk\/?page_id=59"},"modified":"2020-02-19T13:06:22","modified_gmt":"2020-02-19T13:06:22","slug":"ast-a-oraefum","status":"publish","type":"page","link":"https:\/\/uni.hi.is\/unnurk\/rannsoknir\/ast-a-oraefum\/","title":{"rendered":"Vi\u00f0horf til \u00f6r\u00e6fa \u00cdslands"},"content":{"rendered":"<h2>Um \u00e1st \u00e1 \u00f6r\u00e6fum<\/h2>\n<p>Vi\u00f0fangsefni ranns\u00f3knar sem \u00e9g vann \u00e1 \u00e1rinu 2016 til 2019 er \u00e1st \u00e1 \u00f6r\u00e6fum \u00ed merkingunni hrifning af n\u00e1tt\u00faru mi\u00f0h\u00e1lendis \u00cdslands. R\u00fdnt er \u00ed skrif tveggja n\u00e1tt\u00faruunnenda \u00e1 \u00feeim n\u00f3tum sem birtust me\u00f0 um h\u00e1lfrar aldar millibili, n\u00e1nar tilteki\u00f0 \u00feeirra Helga Valt\u00fdssonar og Gu\u00f0mundar P\u00e1ls \u00d3lafssonar. \u00deeir f\u00f3ru b\u00e1\u00f0ir \u00ed lei\u00f0angra inn \u00e1 \u00f6r\u00e6fi \u00cdslands og l\u00f6g\u00f0u sig \u00ed framhaldinu fram um a\u00f0 l\u00fdsa \u00e1hrifum \u00feeirra \u00e1 hugann og \u00fe\u00fd\u00f0ingu \u00f6r\u00e6fanna \u00ed \u00fev\u00ed sambandi. Skrif \u00feeirra beggja einkennast af pers\u00f3nulegu sj\u00f3narhorni en vitna um lei\u00f0 um \u00e1hrif fr\u00e1 \u00fer\u00e1\u00f0um \u00ed vestr\u00e6nni n\u00e1tt\u00farus\u00fdn \u00fear sem l\u00f6g\u00f0 er \u00e1hersla \u00e1 gildi villtrar n\u00e1tt\u00faru og mikilv\u00e6gi \u00feess a\u00f0 var\u00f0veita hana gegn breytingum af mannav\u00f6ldum, ekki a\u00f0eins n\u00e1tt\u00farunnar vegna heldur einnig mannsins. \u00cd seinni hluta greinarinnar er \u00feetta vi\u00f0fangsefni, \u00e1st \u00e1 \u00f6r\u00e6fum \u00cdslands, tengt samt\u00edmanum me\u00f0 \u00fev\u00ed a\u00f0 l\u00edta til \u00feess hvernig s\u00fdn \u00e1 h\u00e1lendi \u00e1 bor\u00f0 vi\u00f0 \u00fe\u00e1 sem \u00feeir Helgi og Gu\u00f0mundur P\u00e1ll settu fram \u00e1 s\u00ednum t\u00edma hefur \u00f6\u00f0last sess n\u00fa \u00e1 d\u00f6gum \u00ed umr\u00e6\u00f0u um n\u00e1tt\u00faruvernd \u00e1 h\u00e1lendinu, og \u00fe\u00e1 ekki hva\u00f0 s\u00edst \u00ed yfirstandandi umr\u00e6\u00f0u um stofnun mi\u00f0h\u00e1lendis\u00fej\u00f3\u00f0gar\u00f0s. Ni\u00f0urst\u00f6\u00f0ur birtust \u00ed grein \u00ed 3. tbl. <em>Ritsins. T\u00edmarits Hugv\u00edsindastofnunar<\/em> 2019 en \u00ed \u00fev\u00ed t\u00f6lubla\u00f0i var \u00feema\u00f0 umhverfishugv\u00edsindi og samt\u00edmi. Greinin sem getur um h\u00e9r a\u00f0 ofan er a\u00f0gengileg \u00e1 sl\u00f3\u00f0inni: https:\/\/ritid.hi.is\/index.php\/ritid\/article\/view\/77<\/p>\n","protected":false},"excerpt":{"rendered":"<p>Um \u00e1st \u00e1 \u00f6r\u00e6fum Vi\u00f0fangsefni ranns\u00f3knar sem \u00e9g vann \u00e1 \u00e1rinu 2016 til 2019 er \u00e1st \u00e1 \u00f6r\u00e6fum \u00ed merkingunni hrifning af n\u00e1tt\u00faru mi\u00f0h\u00e1lendis \u00cdslands. R\u00fdnt er \u00ed skrif tveggja n\u00e1tt\u00faruunnenda \u00e1 \u00feeim n\u00f3tum sem birtust me\u00f0 um h\u00e1lfrar aldar &hellip; <a href=\"https:\/\/uni.hi.is\/unnurk\/rannsoknir\/ast-a-oraefum\/\">Halda \u00e1fram a\u00f0 lesa <span class=\"meta-nav\">&rarr;<\/span><\/a><\/p>\n","protected":false},"author":1539,"featured_media":0,"parent":16,"menu_order":0,"comment_status":"closed","ping_status":"closed","template":"","meta":{"footnotes":""},"class_list":["post-59","page","type-page","status-publish","hentry"],"_links":{"self":[{"href":"https:\/\/uni.hi.is\/unnurk\/wp-json\/wp\/v2\/pages\/59","targetHints":{"allow":["GET"]}}],"collection":[{"href":"https:\/\/uni.hi.is\/unnurk\/wp-json\/wp\/v2\/pages"}],"about":[{"href":"https:\/\/uni.hi.is\/unnurk\/wp-json\/wp\/v2\/types\/page"}],"author":[{"embeddable":true,"href":"https:\/\/uni.hi.is\/unnurk\/wp-json\/wp\/v2\/users\/1539"}],"replies":[{"embeddable":true,"href":"https:\/\/uni.hi.is\/unnurk\/wp-json\/wp\/v2\/comments?post=59"}],"version-history":[{"count":3,"href":"https:\/\/uni.hi.is\/unnurk\/wp-json\/wp\/v2\/pages\/59\/revisions"}],"predecessor-version":[{"id":63,"href":"https:\/\/uni.hi.is\/unnurk\/wp-json\/wp\/v2\/pages\/59\/revisions\/63"}],"up":[{"embeddable":true,"href":"https:\/\/uni.hi.is\/unnurk\/wp-json\/wp\/v2\/pages\/16"}],"wp:attachment":[{"href":"https:\/\/uni.hi.is\/unnurk\/wp-json\/wp\/v2\/media?parent=59"}],"curies":[{"name":"wp","href":"https:\/\/api.w.org\/{rel}","templated":true}]}}